{"id":693997,"date":"2025-08-27T14:17:57","date_gmt":"2025-08-27T11:17:57","guid":{"rendered":"https:\/\/roveyayinevi.com.tr\/index.php\/urun\/bana-duslerini-anlat\/"},"modified":"2026-04-08T02:04:56","modified_gmt":"2026-04-07T23:04:56","slug":"bana-duslerini-anlat","status":"publish","type":"product","link":"https:\/\/roveyayinevi.com.tr\/index.php\/urun\/bana-duslerini-anlat\/","title":{"rendered":"Bana D\u00fc\u015flerini Anlat"},"content":{"rendered":"<p>O g\u00f6\u00e7ebe ku\u015flar\u0131 da merak edersin sen, y\u0131l\u0131n hangi ay\u0131nda geldiklerini, gelirken hangi enlemlerden ge\u00e7tiklerini, yuvalar\u0131n\u0131 nerelerde yapt\u0131klar\u0131n\u0131&#8230; &#8230; D\u00f6n\u00fc\u015flerini anlamatmam\u0131 istemezdin hi\u00e7. Hep kals\u0131nlar, derdin, o g\u00f6l\u00fcn k\u0131y\u0131s\u0131nda ya da yuvalar\u0131n\u0131 yapt\u0131klar\u0131 sa\u00e7ak altlar\u0131nda. K\u0131\u015fa do\u011fru, geceler uzar, koyula\u015f\u0131rd\u0131 karanl\u0131k. Sen b\u00fcy\u00fcrd\u00fcn, b\u00fcy\u00fcrd\u00fc g\u00f6\u00e7ebe ku\u015flar\u0131n giderken aram\u0131za b\u0131rakt\u0131klar\u0131 sessizlik. K\u00f6kleri T\u00fcrk hayat\u0131 ve edebiyat\u0131nda olmas\u0131na kar\u015f\u0131n, ayn\u0131 zamanda Avrupal\u0131d\u0131r da. Hemn ki\u015fiseldir hem de eski \u00f6yk\u00fc ve masallara \u00f6zg\u00fc ki\u015fisellikten-ar\u0131nm\u0131\u015fl\u0131k niteli\u011fini ta\u015f\u0131r diyor A. S. Byatt, Cevat \u00c7apan\u2019\u0131n \u015fiiri i\u00e7in. Ac\u0131lar\u0131, s\u0131k\u0131nt\u0131lar\u0131 karamsar bir sahiplenmeyle b\u00fcy\u00fctmek yerine, y\u00fcz\u00fcn\u00fc iyiye, sevince ve umuda d\u00f6nen, hayat\u0131n olumsuzluklar\u0131n\u0131 g\u00f6rmezden gelmeden haz ve \u00e7o\u015fkular\u0131n\u0131 bilen ve y\u00fccelten bir \u015fiiri vard\u0131r Cevat \u00c7apan\u2019\u0131n. Dostlu\u011fu, insan\u0131, ya\u015fant\u0131n\u0131n belle\u011fiyle kucaklayan, g\u00fclery\u00fczl\u00fc, tenhadan seslenen, tenhay\u0131 sesleyen bir r\u00fczg\u00e2r eser \u015fiirlerinde. Cevat \u00c7apan d\u00fcnya \u015fiirini \u00c7in\u2019den Peru\u2019ya katetmi\u015f, kendi sesi ve solu\u011fuyla canl\u0131 bir \u015fiir denizi yaratm\u0131\u015ft\u0131r. <\/p>\n","protected":false},"excerpt":{"rendered":"<p>O g\u00f6\u00e7ebe ku\u015flar\u0131 da merak edersin sen, y\u0131l\u0131n hangi ay\u0131nda geldiklerini, gelirken hangi enlemlerden ge\u00e7tiklerini, yuvalar\u0131n\u0131 nerelerde yapt\u0131klar\u0131n\u0131&#8230; &#8230; D\u00f6n\u00fc\u015flerini anlamatmam\u0131 istemezdin hi\u00e7. Hep kals\u0131nlar, derdin,<span class=\"excerpt-hellip\"> [\u2026]<\/span><\/p>\n","protected":false},"featured_media":0,"template":"","meta":{"_monsterinsights_skip_tracking":false,"_monsterinsights_sitenote_active":false,"_monsterinsights_sitenote_note":"","_monsterinsights_sitenote_category":0},"product_brand":[],"product_cat":[12291,12509],"product_tag":[],"class_list":{"0":"post-693997","1":"product","2":"type-product","3":"status-publish","5":"product_cat-edebiyat","6":"product_cat-siir","7":"pa_cilt-ciltsiz","8":"pa_tur-kitap","9":"pa_yayinevi-yapi-kredi-yayinlari","10":"pa_yazar-cevat-capan","12":"first","13":"instock","14":"sale","15":"shipping-taxable","16":"purchasable","17":"product-type-simple"},"_links":{"self":[{"href":"https:\/\/roveyayinevi.com.tr\/index.php\/wp-json\/wp\/v2\/product\/693997","targetHints":{"allow":["GET"]}}],"collection":[{"href":"https:\/\/roveyayinevi.com.tr\/index.php\/wp-json\/wp\/v2\/product"}],"about":[{"href":"https:\/\/roveyayinevi.com.tr\/index.php\/wp-json\/wp\/v2\/types\/product"}],"wp:attachment":[{"href":"https:\/\/roveyayinevi.com.tr\/index.php\/wp-json\/wp\/v2\/media?parent=693997"}],"wp:term":[{"taxonomy":"product_brand","embeddable":true,"href":"https:\/\/roveyayinevi.com.tr\/index.php\/wp-json\/wp\/v2\/product_brand?post=693997"},{"taxonomy":"product_cat","embeddable":true,"href":"https:\/\/roveyayinevi.com.tr\/index.php\/wp-json\/wp\/v2\/product_cat?post=693997"},{"taxonomy":"product_tag","embeddable":true,"href":"https:\/\/roveyayinevi.com.tr\/index.php\/wp-json\/wp\/v2\/product_tag?post=693997"}],"curies":[{"name":"wp","href":"https:\/\/api.w.org\/{rel}","templated":true}]}}