{"id":693977,"date":"2025-08-27T14:17:52","date_gmt":"2025-08-27T11:17:52","guid":{"rendered":"https:\/\/roveyayinevi.com.tr\/index.php\/urun\/835-satir\/"},"modified":"2026-04-16T02:03:51","modified_gmt":"2026-04-15T23:03:51","slug":"835-satir","status":"publish","type":"product","link":"https:\/\/roveyayinevi.com.tr\/index.php\/urun\/835-satir\/","title":{"rendered":"835 Sat\u0131r"},"content":{"rendered":"<p>T\u00fcrk \u015fiirinin \u00e7izgisini de\u011fi\u015ftirmi\u015f, \u00e7ok y\u00f6nl\u00fc, evrensel boyutlu bir \u015fair ve yazar\u0131n bu bas\u0131m i\u00e7in yeniden g\u00f6zden ge\u00e7irilmi\u015f, kaynak metinler esas al\u0131narak d\u00fczeltilmi\u015f k\u00fclliyat\u0131 &#8230; \ufffcTan\u0131t\u0131m Metni<\/p>\n","protected":false},"excerpt":{"rendered":"<p>T\u00fcrk \u015fiirinin \u00e7izgisini de\u011fi\u015ftirmi\u015f, \u00e7ok y\u00f6nl\u00fc, evrensel boyutlu bir \u015fair ve yazar\u0131n bu bas\u0131m i\u00e7in yeniden g\u00f6zden ge\u00e7irilmi\u015f, kaynak metinler esas al\u0131narak d\u00fczeltilmi\u015f k\u00fclliyat\u0131 &#8230; \ufffcTan\u0131t\u0131m<span class=\"excerpt-hellip\"> [\u2026]<\/span><\/p>\n","protected":false},"featured_media":0,"template":"","meta":{"_monsterinsights_skip_tracking":false,"_monsterinsights_sitenote_active":false,"_monsterinsights_sitenote_note":"","_monsterinsights_sitenote_category":0},"product_brand":[],"product_cat":[12291,12292],"product_tag":[],"class_list":{"0":"post-693977","1":"product","2":"type-product","3":"status-publish","5":"product_cat-edebiyat","6":"product_cat-turk-edebiyati","7":"pa_cilt-ciltsiz","8":"pa_tur-kitap","9":"pa_yayinevi-yapi-kredi-yayinlari","10":"pa_yazar-nazim-hikmet-ran","12":"first","13":"instock","14":"sale","15":"shipping-taxable","16":"purchasable","17":"product-type-simple"},"_links":{"self":[{"href":"https:\/\/roveyayinevi.com.tr\/index.php\/wp-json\/wp\/v2\/product\/693977","targetHints":{"allow":["GET"]}}],"collection":[{"href":"https:\/\/roveyayinevi.com.tr\/index.php\/wp-json\/wp\/v2\/product"}],"about":[{"href":"https:\/\/roveyayinevi.com.tr\/index.php\/wp-json\/wp\/v2\/types\/product"}],"wp:attachment":[{"href":"https:\/\/roveyayinevi.com.tr\/index.php\/wp-json\/wp\/v2\/media?parent=693977"}],"wp:term":[{"taxonomy":"product_brand","embeddable":true,"href":"https:\/\/roveyayinevi.com.tr\/index.php\/wp-json\/wp\/v2\/product_brand?post=693977"},{"taxonomy":"product_cat","embeddable":true,"href":"https:\/\/roveyayinevi.com.tr\/index.php\/wp-json\/wp\/v2\/product_cat?post=693977"},{"taxonomy":"product_tag","embeddable":true,"href":"https:\/\/roveyayinevi.com.tr\/index.php\/wp-json\/wp\/v2\/product_tag?post=693977"}],"curies":[{"name":"wp","href":"https:\/\/api.w.org\/{rel}","templated":true}]}}