{"id":693971,"date":"2025-08-27T14:17:51","date_gmt":"2025-08-27T11:17:51","guid":{"rendered":"https:\/\/roveyayinevi.com.tr\/index.php\/urun\/anadolu-efsaneleri\/"},"modified":"2026-04-16T02:03:51","modified_gmt":"2026-04-15T23:03:51","slug":"anadolu-efsaneleri","status":"publish","type":"product","link":"https:\/\/roveyayinevi.com.tr\/index.php\/urun\/anadolu-efsaneleri\/","title":{"rendered":"Anadolu Efsaneleri"},"content":{"rendered":"<p>Anadolu Efsaneleri, Yalva\u00e7 Ural&#8217;\u0131n \u00e7ocuklar ve yeti\u015fkinler taraf\u0131ndan \u00e7ok sevilen kitaplar\u0131ndan biridir. Kitap, gerek dili, gerekse kolay okunurlu\u011fu ve anla\u015f\u0131l\u0131r kurgusuyla da, mitolojik s\u00f6ylenceleri \u00e7ocuklar\u0131n g\u00f6z\u00fcnde sevimli ve ilgi \u00e7ekici k\u0131lm\u0131\u015ft\u0131r. Ural, bu kitab\u0131nda Anadolu&#8217;ya ait efsanelerin, Bat\u0131l\u0131larca Yunan k\u00fclt\u00fcr\u00fcn\u00fcn bir par\u00e7as\u0131 gibi g\u00f6sterilmesine bir yazar olarak y\u00fcre\u011fi elvermemi\u015f ve Anadolu&#8217;ya ait oldu\u011funu d\u00fc\u015f\u00fcnd\u00fc\u011f\u00fc efsaneleri bir araya toplayarak bunu okurlar\u0131na anlatmaya \u00e7al\u0131\u015fm\u0131\u015ft\u0131r. Ona g\u00f6re Amazonlar Yunan de\u011fildir. \u0130zmir, Efes gibi pek \u00e7ok kenti onlar kurmu\u015f ve adlar\u0131n\u0131 vermi\u015flerdir. Midas bir Frig kral\u0131d\u0131r. Yunanl\u0131larla en k\u00fc\u00e7\u00fck bir akrabal\u0131\u011f\u0131, bir k\u00fclt\u00fcr ba\u011f\u0131 yoktu. Tarih\u00e7i Heredotos&#8217;un Yunancay\u0131 sonradan Atina&#8217;da \u00f6\u011frendi\u011fi s\u00f6ylenir. Troyal\u0131larla sava\u015fan Akhalar kimlerdir? \u00dcnl\u00fc d\u00fc\u015f\u00fcn\u00fcr ve matematik\u00e7i Thales bir \u0130ondur. Bug\u00fcn kullan\u0131lan Yunan Alfabesine \u0130on alfabesinin kaynakl\u0131k etti\u011fi bilinir. Anadolu Efsaneleri bu topraklarda ya\u015fam\u0131\u015f insanlar\u0131n ve onlar\u0131n k\u00fclt\u00fcrlerinin efsaneleridir.<\/p>\n","protected":false},"excerpt":{"rendered":"<p>Anadolu Efsaneleri, Yalva\u00e7 Ural&#8217;\u0131n \u00e7ocuklar ve yeti\u015fkinler taraf\u0131ndan \u00e7ok sevilen kitaplar\u0131ndan biridir. Kitap, gerek dili, gerekse kolay okunurlu\u011fu ve anla\u015f\u0131l\u0131r kurgusuyla da, mitolojik s\u00f6ylenceleri \u00e7ocuklar\u0131n g\u00f6z\u00fcnde<span class=\"excerpt-hellip\"> [\u2026]<\/span><\/p>\n","protected":false},"featured_media":0,"template":"","meta":{"_monsterinsights_skip_tracking":false,"_monsterinsights_sitenote_active":false,"_monsterinsights_sitenote_note":"","_monsterinsights_sitenote_category":0},"product_brand":[],"product_cat":[12274,12284],"product_tag":[],"class_list":{"0":"post-693971","1":"product","2":"type-product","3":"status-publish","5":"product_cat-cocuk-ve-genclik-kitaplari","6":"product_cat-hikayeler","7":"pa_cilt-ciltsiz","8":"pa_tur-kitap","9":"pa_yayinevi-yapi-kredi-yayinlari","10":"pa_yazar-yalvac-ural","12":"first","13":"instock","14":"sale","15":"shipping-taxable","16":"purchasable","17":"product-type-simple"},"_links":{"self":[{"href":"https:\/\/roveyayinevi.com.tr\/index.php\/wp-json\/wp\/v2\/product\/693971","targetHints":{"allow":["GET"]}}],"collection":[{"href":"https:\/\/roveyayinevi.com.tr\/index.php\/wp-json\/wp\/v2\/product"}],"about":[{"href":"https:\/\/roveyayinevi.com.tr\/index.php\/wp-json\/wp\/v2\/types\/product"}],"wp:attachment":[{"href":"https:\/\/roveyayinevi.com.tr\/index.php\/wp-json\/wp\/v2\/media?parent=693971"}],"wp:term":[{"taxonomy":"product_brand","embeddable":true,"href":"https:\/\/roveyayinevi.com.tr\/index.php\/wp-json\/wp\/v2\/product_brand?post=693971"},{"taxonomy":"product_cat","embeddable":true,"href":"https:\/\/roveyayinevi.com.tr\/index.php\/wp-json\/wp\/v2\/product_cat?post=693971"},{"taxonomy":"product_tag","embeddable":true,"href":"https:\/\/roveyayinevi.com.tr\/index.php\/wp-json\/wp\/v2\/product_tag?post=693971"}],"curies":[{"name":"wp","href":"https:\/\/api.w.org\/{rel}","templated":true}]}}