{"id":693966,"date":"2025-08-27T14:17:50","date_gmt":"2025-08-27T11:17:50","guid":{"rendered":"https:\/\/roveyayinevi.com.tr\/index.php\/urun\/aciklik\/"},"modified":"2026-04-16T02:03:51","modified_gmt":"2026-04-15T23:03:51","slug":"aciklik","status":"publish","type":"product","link":"https:\/\/roveyayinevi.com.tr\/index.php\/urun\/aciklik\/","title":{"rendered":"A\u00e7\u0131kl\u0131k"},"content":{"rendered":"<p>Giorgio Agamber, 20. y\u00fczy\u0131l d\u00fc\u015f\u00fcnce d\u00fcnyas\u0131nda a\u00e7\u0131kl\u0131\u011f\u0131n s\u0131rma ve insani d\u00fcnya ile hayvanan d\u00fcnya yoksunlu\u0131u aras\u0131ndaki ayr\u0131ma en \u00e7ok \u0131\u015f\u0131k tutan filozof Heidegger&#8217;in e\u015fliginde, ba\u015fka bir bak\u0131\u015f a\u00e7\u0131s\u0131ndan bakarak, ya\u015fam kavram\u0131na e\u011filen kitaplardaki tutum \u00fczerine d\u00fc\u015f\u00fcnmeyi s\u00fcrd\u00fcr\u00fcyor. A\u00e7\u0131kl\u0131k:\u0130nsan ve Hayvan&#8217;da her defas\u0131nda ve her bireyde insani ve hayvani olan\u0131, do\u011fay\u0131 ve tarihi, hayat\u0131 ve \u00f6l\u00fcm\u00fc etkileyip insani olan\u0131 \u00fcreten, insan\u0131n insanl\u0131\u011f\u0131yla hayvanl\u0131\u011f\u0131n\u0131 hem birbirinden ay\u0131ran hem de birbirine yak\u0131nla\u015ft\u0131ran kritik e\u015fik sorgulan\u0131yor. \ufffc<\/p>\n","protected":false},"excerpt":{"rendered":"<p>Giorgio Agamber, 20. y\u00fczy\u0131l d\u00fc\u015f\u00fcnce d\u00fcnyas\u0131nda a\u00e7\u0131kl\u0131\u011f\u0131n s\u0131rma ve insani d\u00fcnya ile hayvanan d\u00fcnya yoksunlu\u0131u aras\u0131ndaki ayr\u0131ma en \u00e7ok \u0131\u015f\u0131k tutan filozof Heidegger&#8217;in e\u015fliginde, ba\u015fka bir<span class=\"excerpt-hellip\"> [\u2026]<\/span><\/p>\n","protected":false},"featured_media":0,"template":"","meta":{"_monsterinsights_skip_tracking":false,"_monsterinsights_sitenote_active":false,"_monsterinsights_sitenote_note":"","_monsterinsights_sitenote_category":0},"product_brand":[],"product_cat":[12388,15309],"product_tag":[],"class_list":{"0":"post-693966","1":"product","2":"type-product","3":"status-publish","5":"product_cat-felsefe","6":"product_cat-felsefi-akimlar","7":"pa_cilt-ciltsiz","8":"pa_tur-kitap","9":"pa_yayinevi-yapi-kredi-yayinlari","10":"pa_yazar-giorgio-agamben","12":"first","13":"instock","14":"sale","15":"shipping-taxable","16":"purchasable","17":"product-type-simple"},"_links":{"self":[{"href":"https:\/\/roveyayinevi.com.tr\/index.php\/wp-json\/wp\/v2\/product\/693966","targetHints":{"allow":["GET"]}}],"collection":[{"href":"https:\/\/roveyayinevi.com.tr\/index.php\/wp-json\/wp\/v2\/product"}],"about":[{"href":"https:\/\/roveyayinevi.com.tr\/index.php\/wp-json\/wp\/v2\/types\/product"}],"wp:attachment":[{"href":"https:\/\/roveyayinevi.com.tr\/index.php\/wp-json\/wp\/v2\/media?parent=693966"}],"wp:term":[{"taxonomy":"product_brand","embeddable":true,"href":"https:\/\/roveyayinevi.com.tr\/index.php\/wp-json\/wp\/v2\/product_brand?post=693966"},{"taxonomy":"product_cat","embeddable":true,"href":"https:\/\/roveyayinevi.com.tr\/index.php\/wp-json\/wp\/v2\/product_cat?post=693966"},{"taxonomy":"product_tag","embeddable":true,"href":"https:\/\/roveyayinevi.com.tr\/index.php\/wp-json\/wp\/v2\/product_tag?post=693966"}],"curies":[{"name":"wp","href":"https:\/\/api.w.org\/{rel}","templated":true}]}}