{"id":693946,"date":"2025-08-27T14:17:45","date_gmt":"2025-08-27T11:17:45","guid":{"rendered":"https:\/\/roveyayinevi.com.tr\/index.php\/urun\/felsefe-el-kitabi\/"},"modified":"2026-04-16T02:03:50","modified_gmt":"2026-04-15T23:03:50","slug":"felsefe-el-kitabi","status":"publish","type":"product","link":"https:\/\/roveyayinevi.com.tr\/index.php\/urun\/felsefe-el-kitabi\/","title":{"rendered":"Felsefe El Kitab\u0131"},"content":{"rendered":"<p>Felsefe, yeni ger\u00e7eklere a\u00e7\u0131k olan, onlar\u0131 irdeleyen ve ele\u015ftiren; her konuyu k\u00f6k\u00fcnden ele alarak ayd\u0131nl\u0131\u011fa kavu\u015fturmak isteyen derinlemesine d\u00fc\u015f\u00fcncenin \u00e7abas\u0131d\u0131r. Ba\u015fka bir deyi\u015fle, varl\u0131\u011f\u0131n t\u00fcm\u00fc gibi, felsefenin bulgular\u0131 ve a\u00e7\u0131klamalar\u0131 da s\u00fcrekli olarak ortaya \u00e7\u0131kan, de\u011fi\u015fikli\u011fe u\u011frayan, bir b\u00f6l\u00fcm\u00fc ortadan kalkan ve bir b\u00f6l\u00fcm\u00fc bir ba\u015fka bi\u00e7imde varl\u0131\u011f\u0131n\u0131 s\u00fcrd\u00fcren \u015feylerdir. Ama b\u00fct\u00fcn bu de\u011fi\u015fmenin alt\u0131nda, s\u00fcregelen ve kalan bir \u015fey de vard\u0131r. Bu kalan \u015fey, son s\u00f6z\u00fc s\u00f6ylediklerini ileri s\u00fcren \u00e7e\u015fitli felsefe sistemlerini yaratarak ilerleyen ve s\u00fcrekli bir ele\u015ftiriyle, kendi kendini daha fazla a\u00e7\u0131kl\u0131\u011fa ve bilince kavu\u015fturan insan d\u00fc\u015f\u00fcncesidir; bilgileri, yarat\u0131lar\u0131, umutlar\u0131, \u00f6zlemleri \u00fczerinde s\u00fcrekli olarak derinle\u015fen insano\u011flunun d\u00fc\u015f\u00fcnsel \u00e7abas\u0131d\u0131r.<\/p>\n","protected":false},"excerpt":{"rendered":"<p>Felsefe, yeni ger\u00e7eklere a\u00e7\u0131k olan, onlar\u0131 irdeleyen ve ele\u015ftiren; her konuyu k\u00f6k\u00fcnden ele alarak ayd\u0131nl\u0131\u011fa kavu\u015fturmak isteyen derinlemesine d\u00fc\u015f\u00fcncenin \u00e7abas\u0131d\u0131r. Ba\u015fka bir deyi\u015fle, varl\u0131\u011f\u0131n t\u00fcm\u00fc gibi,<span class=\"excerpt-hellip\"> [\u2026]<\/span><\/p>\n","protected":false},"featured_media":0,"template":"","meta":{"_monsterinsights_skip_tracking":false,"_monsterinsights_sitenote_active":false,"_monsterinsights_sitenote_note":"","_monsterinsights_sitenote_category":0},"product_brand":[],"product_cat":[12388,13555],"product_tag":[],"class_list":{"0":"post-693946","1":"product","2":"type-product","3":"status-publish","5":"product_cat-felsefe","6":"product_cat-genel-felsefe","7":"pa_cilt-ciltsiz","8":"pa_tur-kitap","9":"pa_yayinevi-yapi-kredi-yayinlari","10":"pa_yazar-selahattin-hilav","12":"first","13":"instock","14":"sale","15":"shipping-taxable","16":"purchasable","17":"product-type-simple"},"_links":{"self":[{"href":"https:\/\/roveyayinevi.com.tr\/index.php\/wp-json\/wp\/v2\/product\/693946","targetHints":{"allow":["GET"]}}],"collection":[{"href":"https:\/\/roveyayinevi.com.tr\/index.php\/wp-json\/wp\/v2\/product"}],"about":[{"href":"https:\/\/roveyayinevi.com.tr\/index.php\/wp-json\/wp\/v2\/types\/product"}],"wp:attachment":[{"href":"https:\/\/roveyayinevi.com.tr\/index.php\/wp-json\/wp\/v2\/media?parent=693946"}],"wp:term":[{"taxonomy":"product_brand","embeddable":true,"href":"https:\/\/roveyayinevi.com.tr\/index.php\/wp-json\/wp\/v2\/product_brand?post=693946"},{"taxonomy":"product_cat","embeddable":true,"href":"https:\/\/roveyayinevi.com.tr\/index.php\/wp-json\/wp\/v2\/product_cat?post=693946"},{"taxonomy":"product_tag","embeddable":true,"href":"https:\/\/roveyayinevi.com.tr\/index.php\/wp-json\/wp\/v2\/product_tag?post=693946"}],"curies":[{"name":"wp","href":"https:\/\/api.w.org\/{rel}","templated":true}]}}