{"id":693928,"date":"2025-08-27T14:17:41","date_gmt":"2025-08-27T11:17:41","guid":{"rendered":"https:\/\/roveyayinevi.com.tr\/index.php\/urun\/anne-baba-ve-diger-olumcul-seyler\/"},"modified":"2026-04-16T02:03:50","modified_gmt":"2026-04-15T23:03:50","slug":"anne-baba-ve-diger-olumcul-seyler","status":"publish","type":"product","link":"https:\/\/roveyayinevi.com.tr\/index.php\/urun\/anne-baba-ve-diger-olumcul-seyler\/","title":{"rendered":"Anne, Baba ve Di\u011fer \u00d6l\u00fcmc\u00fcl \u015eeyler"},"content":{"rendered":"<p>Anne, Baba ve Di\u011fer \u00d6l\u00fcmc\u00fcl \u015eeyler bir ilk kitap&#8230; Olgun bir dille, dipdiri \u00f6yk\u00fcler kotar\u0131yor Yal\u00e7\u0131n Tosun. \u0130nsana, d\u00fcnyaya, \u00e7evresine, dahas\u0131 kendi i\u00e7ine e\u011filip bakma g\u00f6z\u00fcpekli\u011fini g\u00f6sterirken dostlu\u011fu, sevgiyi, mutluluk aray\u0131\u015f\u0131n\u0131 da h\u00fcz\u00fcnle dillendiriyor. Dile gelmeyen, onun kaleminde incelikli bir kurguyla, alttan alta duyuruluyor. Notre Dame de Sion Edebiyat \u00d6d\u00fcl\u00fc alan bu kitab\u0131, yeni \u00f6yk\u00fcc\u00fcl\u00fc\u011f\u00fcm\u00fcze hat\u0131r\u0131 say\u0131l\u0131r bir katk\u0131 olarak da g\u00f6r\u00fcp okumal\u0131. Kamyonetin b\u0131rakt\u0131\u011f\u0131 toz duman\u0131 \u00e7\u00f6k\u00fcp her \u015fey eski haline b\u00fcr\u00fcnd\u00fc\u011f\u00fcnde, hala yolun ba\u015f\u0131nda duran iki k\u00fc\u00e7\u00fck \u00e7ocu\u011fun ceplerinden, unutmabeni \u00e7i\u00e7eklerinden \u00f6r\u00fclm\u00fc\u015f birbirinden habersiz iki kolye sahibini bulamaman\u0131n verdi\u011fi h\u00fcz\u00fcnle \u00f6ylece sark\u0131yor. \ufffcTan\u0131t\u0131m Metni<\/p>\n","protected":false},"excerpt":{"rendered":"<p>Anne, Baba ve Di\u011fer \u00d6l\u00fcmc\u00fcl \u015eeyler bir ilk kitap&#8230; Olgun bir dille, dipdiri \u00f6yk\u00fcler kotar\u0131yor Yal\u00e7\u0131n Tosun. \u0130nsana, d\u00fcnyaya, \u00e7evresine, dahas\u0131 kendi i\u00e7ine e\u011filip bakma g\u00f6z\u00fcpekli\u011fini<span class=\"excerpt-hellip\"> [\u2026]<\/span><\/p>\n","protected":false},"featured_media":0,"template":"","meta":{"_monsterinsights_skip_tracking":false,"_monsterinsights_sitenote_active":false,"_monsterinsights_sitenote_note":"","_monsterinsights_sitenote_category":0},"product_brand":[],"product_cat":[12291,12292],"product_tag":[],"class_list":{"0":"post-693928","1":"product","2":"type-product","3":"status-publish","5":"product_cat-edebiyat","6":"product_cat-turk-edebiyati","7":"pa_cilt-ciltsiz","8":"pa_tur-kitap","9":"pa_yayinevi-yapi-kredi-yayinlari","10":"pa_yazar-yalcin-tosun","12":"first","13":"instock","14":"sale","15":"shipping-taxable","16":"purchasable","17":"product-type-simple"},"_links":{"self":[{"href":"https:\/\/roveyayinevi.com.tr\/index.php\/wp-json\/wp\/v2\/product\/693928","targetHints":{"allow":["GET"]}}],"collection":[{"href":"https:\/\/roveyayinevi.com.tr\/index.php\/wp-json\/wp\/v2\/product"}],"about":[{"href":"https:\/\/roveyayinevi.com.tr\/index.php\/wp-json\/wp\/v2\/types\/product"}],"wp:attachment":[{"href":"https:\/\/roveyayinevi.com.tr\/index.php\/wp-json\/wp\/v2\/media?parent=693928"}],"wp:term":[{"taxonomy":"product_brand","embeddable":true,"href":"https:\/\/roveyayinevi.com.tr\/index.php\/wp-json\/wp\/v2\/product_brand?post=693928"},{"taxonomy":"product_cat","embeddable":true,"href":"https:\/\/roveyayinevi.com.tr\/index.php\/wp-json\/wp\/v2\/product_cat?post=693928"},{"taxonomy":"product_tag","embeddable":true,"href":"https:\/\/roveyayinevi.com.tr\/index.php\/wp-json\/wp\/v2\/product_tag?post=693928"}],"curies":[{"name":"wp","href":"https:\/\/api.w.org\/{rel}","templated":true}]}}