{"id":693902,"date":"2025-08-27T14:17:35","date_gmt":"2025-08-27T11:17:35","guid":{"rendered":"https:\/\/roveyayinevi.com.tr\/index.php\/urun\/caglar-boyunca-turkiye-sanatinin-anahatlari\/"},"modified":"2026-04-16T02:03:49","modified_gmt":"2026-04-15T23:03:49","slug":"caglar-boyunca-turkiye-sanatinin-anahatlari","status":"publish","type":"product","link":"https:\/\/roveyayinevi.com.tr\/index.php\/urun\/caglar-boyunca-turkiye-sanatinin-anahatlari\/","title":{"rendered":"\u00c7a\u011flar Boyunca T\u00fcrkiye Sanat\u0131n\u0131n Anahatlar\u0131"},"content":{"rendered":"<p>\u00c7a\u011flar Boyunca T\u00fcrkiye Sanat\u0131n\u0131n Anahatlar\u0131 adl\u0131 bu kitap 100 Soruda T\u00fcrkiye Sanat\u0131 adl\u0131 kitab\u0131m\u0131n bi\u00e7imsel yap\u0131s\u0131 ve ad\u0131 de\u011fi\u015fen yeni bir bask\u0131s\u0131d\u0131r. 32 y\u0131l \u00f6nce \u00f6\u011frencilere ve uzman olmayan okuyucu kitlesine T\u00fcrkiye sanat tarihine genel bir giri\u015f olarak yaz\u0131lan k\u00fc\u00e7\u00fck el kitab\u0131 bug\u00fcne kadar bir\u00e7ok bask\u0131 yaparak bir ders kitab\u0131 g\u00f6revi g\u00f6rd\u00fc.Bu kadar uzun bir s\u00fcre ilgi g\u00f6rmesinin nedeni, san\u0131yorum, t\u00fcrkiye sanat\u0131n\u0131n b\u00fct\u00fcn d\u00f6nemlerine ili\u015fkin genel bilgileri k\u0131sa, kolay anla\u015f\u0131l\u0131r ve \u00f6ze inen bir \u00fcslupla anlatmas\u0131 olmu\u015ftu. O zamanki ko\u015fullarda sadece elle \u00e7izdi\u011fim s\u0131n\u0131rl\u0131 \u015fekillerin bir b\u00f6l\u00fcm\u00fc bu bask\u0131d\u0131 foto\u011fraflarla yer de\u011fi\u015ftirdi Do\u011fan Kuban \ufffcTan\u0131t\u0131m Metni<\/p>\n","protected":false},"excerpt":{"rendered":"<p>\u00c7a\u011flar Boyunca T\u00fcrkiye Sanat\u0131n\u0131n Anahatlar\u0131 adl\u0131 bu kitap 100 Soruda T\u00fcrkiye Sanat\u0131 adl\u0131 kitab\u0131m\u0131n bi\u00e7imsel yap\u0131s\u0131 ve ad\u0131 de\u011fi\u015fen yeni bir bask\u0131s\u0131d\u0131r. 32 y\u0131l \u00f6nce \u00f6\u011frencilere<span class=\"excerpt-hellip\"> [\u2026]<\/span><\/p>\n","protected":false},"featured_media":0,"template":"","meta":{"_monsterinsights_skip_tracking":false,"_monsterinsights_sitenote_active":false,"_monsterinsights_sitenote_note":"","_monsterinsights_sitenote_category":0},"product_brand":[],"product_cat":[12408,14197],"product_tag":[],"class_list":{"0":"post-693902","1":"product","2":"type-product","3":"status-publish","5":"product_cat-sanat","6":"product_cat-sanat-tarihi","7":"pa_cilt-ciltsiz","8":"pa_tur-kitap","9":"pa_yayinevi-yapi-kredi-yayinlari","10":"pa_yazar-dogan-kuban","12":"first","13":"instock","14":"sale","15":"shipping-taxable","16":"purchasable","17":"product-type-simple"},"_links":{"self":[{"href":"https:\/\/roveyayinevi.com.tr\/index.php\/wp-json\/wp\/v2\/product\/693902","targetHints":{"allow":["GET"]}}],"collection":[{"href":"https:\/\/roveyayinevi.com.tr\/index.php\/wp-json\/wp\/v2\/product"}],"about":[{"href":"https:\/\/roveyayinevi.com.tr\/index.php\/wp-json\/wp\/v2\/types\/product"}],"wp:attachment":[{"href":"https:\/\/roveyayinevi.com.tr\/index.php\/wp-json\/wp\/v2\/media?parent=693902"}],"wp:term":[{"taxonomy":"product_brand","embeddable":true,"href":"https:\/\/roveyayinevi.com.tr\/index.php\/wp-json\/wp\/v2\/product_brand?post=693902"},{"taxonomy":"product_cat","embeddable":true,"href":"https:\/\/roveyayinevi.com.tr\/index.php\/wp-json\/wp\/v2\/product_cat?post=693902"},{"taxonomy":"product_tag","embeddable":true,"href":"https:\/\/roveyayinevi.com.tr\/index.php\/wp-json\/wp\/v2\/product_tag?post=693902"}],"curies":[{"name":"wp","href":"https:\/\/api.w.org\/{rel}","templated":true}]}}