{"id":693900,"date":"2025-08-27T14:17:35","date_gmt":"2025-08-27T11:17:35","guid":{"rendered":"https:\/\/roveyayinevi.com.tr\/index.php\/urun\/agaclar-ulkesine-yolculuk\/"},"modified":"2026-04-16T02:03:49","modified_gmt":"2026-04-15T23:03:49","slug":"agaclar-ulkesine-yolculuk","status":"publish","type":"product","link":"https:\/\/roveyayinevi.com.tr\/index.php\/urun\/agaclar-ulkesine-yolculuk\/","title":{"rendered":"A\u011fa\u00e7lar \u00dclkesine Yolculuk"},"content":{"rendered":"<p>A\u011fa\u00e7lar\u0131n k\u00f6r, dilsiz, sa\u011f\u0131r oldu\u011funu san\u0131rsan\u0131z, aldan\u0131rs\u0131n\u0131z. Asl\u0131nda onlar \u00e7ok konu\u015fkan ve her \u015feyden haberdard\u0131r. Tabii bunu anlamak i\u00e7in a\u011fa\u00e7lar\u0131n \u00e7ekingenli\u011fini k\u0131rmay\u0131, onlarla dostluk ba\u011f\u0131 kurmay\u0131 \u00f6\u011frenmek gerekir. Orman\u0131n derinliklerine do\u011fru yolculu\u011fa \u00e7\u0131kan bir \u00e7ocu\u011fun a\u011fa\u00e7larla tan\u0131\u015f\u0131p dost olmas\u0131n\u0131n hikayesi&#8230; 2008 Nobel Edebiyat \u00d6d\u00fcl\u00fc sahibi Le Clezio&#8217;nun b\u00fcy\u00fcleyici ve \u015fiirsel hikayesi A\u011fa\u00e7lar \u00dclkesine Yolculuk, Or\u00e7un T\u00fcrkay&#8217;\u0131n \u00e7evirisiyle&#8230; \ufffc<\/p>\n","protected":false},"excerpt":{"rendered":"<p>A\u011fa\u00e7lar\u0131n k\u00f6r, dilsiz, sa\u011f\u0131r oldu\u011funu san\u0131rsan\u0131z, aldan\u0131rs\u0131n\u0131z. Asl\u0131nda onlar \u00e7ok konu\u015fkan ve her \u015feyden haberdard\u0131r. Tabii bunu anlamak i\u00e7in a\u011fa\u00e7lar\u0131n \u00e7ekingenli\u011fini k\u0131rmay\u0131, onlarla dostluk ba\u011f\u0131 kurmay\u0131<span class=\"excerpt-hellip\"> [\u2026]<\/span><\/p>\n","protected":false},"featured_media":0,"template":"","meta":{"_monsterinsights_skip_tracking":false,"_monsterinsights_sitenote_active":false,"_monsterinsights_sitenote_note":"","_monsterinsights_sitenote_category":0},"product_brand":[],"product_cat":[12274,12284],"product_tag":[],"class_list":{"0":"post-693900","1":"product","2":"type-product","3":"status-publish","5":"product_cat-cocuk-ve-genclik-kitaplari","6":"product_cat-hikayeler","7":"pa_cilt-ciltsiz","8":"pa_tur-kitap","9":"pa_yayinevi-yapi-kredi-yayinlari","10":"pa_yazar-jean-marie-gustave-le-clezio","12":"first","13":"instock","14":"sale","15":"shipping-taxable","16":"purchasable","17":"product-type-simple"},"_links":{"self":[{"href":"https:\/\/roveyayinevi.com.tr\/index.php\/wp-json\/wp\/v2\/product\/693900","targetHints":{"allow":["GET"]}}],"collection":[{"href":"https:\/\/roveyayinevi.com.tr\/index.php\/wp-json\/wp\/v2\/product"}],"about":[{"href":"https:\/\/roveyayinevi.com.tr\/index.php\/wp-json\/wp\/v2\/types\/product"}],"wp:attachment":[{"href":"https:\/\/roveyayinevi.com.tr\/index.php\/wp-json\/wp\/v2\/media?parent=693900"}],"wp:term":[{"taxonomy":"product_brand","embeddable":true,"href":"https:\/\/roveyayinevi.com.tr\/index.php\/wp-json\/wp\/v2\/product_brand?post=693900"},{"taxonomy":"product_cat","embeddable":true,"href":"https:\/\/roveyayinevi.com.tr\/index.php\/wp-json\/wp\/v2\/product_cat?post=693900"},{"taxonomy":"product_tag","embeddable":true,"href":"https:\/\/roveyayinevi.com.tr\/index.php\/wp-json\/wp\/v2\/product_tag?post=693900"}],"curies":[{"name":"wp","href":"https:\/\/api.w.org\/{rel}","templated":true}]}}