{"id":693893,"date":"2025-08-27T14:17:33","date_gmt":"2025-08-27T11:17:33","guid":{"rendered":"https:\/\/roveyayinevi.com.tr\/index.php\/urun\/diri-gomulen\/"},"modified":"2026-04-16T02:03:49","modified_gmt":"2026-04-15T23:03:49","slug":"diri-gomulen","status":"publish","type":"product","link":"https:\/\/roveyayinevi.com.tr\/index.php\/urun\/diri-gomulen\/","title":{"rendered":"Diri G\u00f6m\u00fclen"},"content":{"rendered":"<p>S\u00e2d\u0131k Hid\u00e2yet\u2019in \u00f6yk\u00fcleri, hem onun kendi yap\u0131t\u0131na hem de modern \u0130ran edebiyat\u0131na giri\u015f i\u00e7in m\u00fckemmel birer anahtar niteli\u011fi ta\u015f\u0131r. \u0130lk \u00f6yk\u00fc kitab\u0131 Diri G\u00f6m\u00fclen, bu b\u00fcy\u00fck yazar\u0131n sonraki metinlerinde geli\u015ftirece\u011fi temel izlekleri haber veren ve Kafka, Poe, Rilke gibi modernlerle bulu\u015fma noktalar\u0131n\u0131 g\u00f6z \u00f6n\u00fcne seren bunalt\u0131l\u0131 atmosferiyle ve tak\u0131nt\u0131lar\u0131n t\u00fcketti\u011fi tuhaf kahramanlar\u0131yla \u00f6ne \u00e7\u0131kar: \u00d6l\u00fcm\u00fc akl\u0131ndan \u00e7\u0131karamayan bir adam, hayat\u0131n\u0131n en mutlu g\u00fcnlerini esir kamp\u0131nda ge\u00e7irdi\u011fine inanan bir ba\u015fkas\u0131, i\u00e7indeki inanca hi\u00e7 ummad\u0131\u011f\u0131 bir yerde rastlayan bir tanr\u0131tan\u0131maz ve di\u011ferleri&#8230;       D\u00fcnyas\u0131n\u0131n merkezine toplumun uyumsuzlar\u0131yla d\u0131\u015flanm\u0131\u015flar\u0131n\u0131 yerle\u015ftiren Hid\u00e2yet, farkl\u0131 anlat\u0131m bi\u00e7imlerinden yararlanarak \u00f6l\u00fcme, a\u015fka ve yaln\u0131zl\u0131\u011fa dair \u00f6yk\u00fcler anlat\u0131yor.       \u201cSolu\u011fum kesiliyor, g\u00f6zlerimden ya\u015f ak\u0131yor, a\u011fz\u0131m ac\u0131 m\u0131 ac\u0131, ba\u015f\u0131m d\u00f6n\u00fcyor, y\u00fcre\u011fim s\u0131k\u0131\u015f\u0131k, bedenim yorgun, ezik ve gev\u015fek. Bilin\u00e7sizce yata\u011fa d\u00fc\u015fm\u00fc\u015f\u00fcm. (&#8230;) Bilmiyorum nedense, hangi yana d\u00f6necek olsam, g\u00f6z\u00fcm\u00fcn \u00f6n\u00fcnde odadaki masan\u0131n \u00fczeri \u015fi\u015fe, fitil ve ila\u00e7 kutusuyla dolu. Yan\u0131k alkol kokusu, sevimsiz odan\u0131n kokusu, havaya da\u011f\u0131lm\u0131\u015f. Kalk\u0131p pencereyi a\u00e7mak istiyorum. Fakat a\u015f\u0131r\u0131 bir tembellik beni yata\u011fa \u00e7ivilemi\u015f. Sigara i\u00e7mek istiyorum; can\u0131m \u00e7ekmiyor. On dakika ge\u00e7medi, uzayan sakal\u0131m\u0131 t\u0131ra\u015f ettim. Gelip yata\u011fa d\u00fc\u015ft\u00fcm. Bakt\u0131\u011f\u0131m aynada hayli s\u00fcz\u00fcl\u00fcp zay\u0131flad\u0131\u011f\u0131m\u0131 g\u00f6rd\u00fcm. G\u00fc\u00e7bela y\u00fcr\u00fcyordum. Oda karmakar\u0131\u015f\u0131k, bense yaln\u0131zd\u0131m.\u201d (\u201cDiri G\u00f6m\u00fclen\u201d adl\u0131 \u00f6yk\u00fcden) <\/p>\n","protected":false},"excerpt":{"rendered":"<p>S\u00e2d\u0131k Hid\u00e2yet\u2019in \u00f6yk\u00fcleri, hem onun kendi yap\u0131t\u0131na hem de modern \u0130ran edebiyat\u0131na giri\u015f i\u00e7in m\u00fckemmel birer anahtar niteli\u011fi ta\u015f\u0131r. \u0130lk \u00f6yk\u00fc kitab\u0131 Diri G\u00f6m\u00fclen, bu b\u00fcy\u00fck<span class=\"excerpt-hellip\"> [\u2026]<\/span><\/p>\n","protected":false},"featured_media":0,"template":"","meta":{"_monsterinsights_skip_tracking":false,"_monsterinsights_sitenote_active":false,"_monsterinsights_sitenote_note":"","_monsterinsights_sitenote_category":0},"product_brand":[],"product_cat":[13661,12291],"product_tag":[],"class_list":{"0":"post-693893","1":"product","2":"type-product","3":"status-publish","5":"product_cat-diger-ulke-edebiyatlari","6":"product_cat-edebiyat","7":"pa_cilt-ciltsiz","8":"pa_tur-kitap","9":"pa_yayinevi-yapi-kredi-yayinlari","10":"pa_yazar-sadik-hidayet","12":"first","13":"instock","14":"sale","15":"shipping-taxable","16":"purchasable","17":"product-type-simple"},"_links":{"self":[{"href":"https:\/\/roveyayinevi.com.tr\/index.php\/wp-json\/wp\/v2\/product\/693893","targetHints":{"allow":["GET"]}}],"collection":[{"href":"https:\/\/roveyayinevi.com.tr\/index.php\/wp-json\/wp\/v2\/product"}],"about":[{"href":"https:\/\/roveyayinevi.com.tr\/index.php\/wp-json\/wp\/v2\/types\/product"}],"wp:attachment":[{"href":"https:\/\/roveyayinevi.com.tr\/index.php\/wp-json\/wp\/v2\/media?parent=693893"}],"wp:term":[{"taxonomy":"product_brand","embeddable":true,"href":"https:\/\/roveyayinevi.com.tr\/index.php\/wp-json\/wp\/v2\/product_brand?post=693893"},{"taxonomy":"product_cat","embeddable":true,"href":"https:\/\/roveyayinevi.com.tr\/index.php\/wp-json\/wp\/v2\/product_cat?post=693893"},{"taxonomy":"product_tag","embeddable":true,"href":"https:\/\/roveyayinevi.com.tr\/index.php\/wp-json\/wp\/v2\/product_tag?post=693893"}],"curies":[{"name":"wp","href":"https:\/\/api.w.org\/{rel}","templated":true}]}}