{"id":693864,"date":"2025-08-27T14:17:27","date_gmt":"2025-08-27T11:17:27","guid":{"rendered":"https:\/\/roveyayinevi.com.tr\/index.php\/urun\/dede-korkut-2\/"},"modified":"2026-04-16T02:03:48","modified_gmt":"2026-04-15T23:03:48","slug":"dede-korkut-2","status":"publish","type":"product","link":"https:\/\/roveyayinevi.com.tr\/index.php\/urun\/dede-korkut-2\/","title":{"rendered":"Dede Korkut"},"content":{"rendered":"<p>\u00c7ocuklu\u011funda Dede Korkut ad\u0131n\u0131 duymam\u0131\u015f olan yoktur. O ya\u015flarda hakk\u0131nda fazla bir \u015fey bilmedi\u011fimiz ya da \u00f6\u011frenmedii\u011fimiz Dede Korkut, T\u00fcrklerin gelenek ve g\u00f6reneklerini, ya\u015fama bi\u00e7imlerini, de\u011fer yarg\u0131lar\u0131n\u0131 yans\u0131tan hikayelerin anlat\u0131c\u0131s\u0131, derleyip toparlay\u0131c\u0131s\u0131 olan bir T\u00fcrk ata s\u0131d\u0131r.14. ve 15. y\u00fczy\u0131llarda yaz\u0131ya ge\u00e7irilen, ama \u00f6nceinin \u00e7ok \u00f6telerde oldu\u011fu bilinen bu hikayelere destan da denilmektedir. Dildeki yal\u0131nl\u0131k ve a\u00e7\u0131kl\u0131k, anlat\u0131m\u0131ndaki ak\u0131c\u0131l\u0131k, bu yap\u0131t\u0131n bug\u00fcnlere ula\u015fmas\u0131n\u0131 sa\u011flam\u0131\u015ft\u0131r. Do\u011fa sevgisi, insanca olan her \u015feye verilen de\u011fer gibi evrensel temalar\u0131n yan\u0131nda,hikayelerin her sat\u0131r\u0131na ozanca bir duyarl\u0131k da sinmi\u015ftir. <\/p>\n","protected":false},"excerpt":{"rendered":"<p>\u00c7ocuklu\u011funda Dede Korkut ad\u0131n\u0131 duymam\u0131\u015f olan yoktur. O ya\u015flarda hakk\u0131nda fazla bir \u015fey bilmedi\u011fimiz ya da \u00f6\u011frenmedii\u011fimiz Dede Korkut, T\u00fcrklerin gelenek ve g\u00f6reneklerini, ya\u015fama bi\u00e7imlerini, de\u011fer<span class=\"excerpt-hellip\"> [\u2026]<\/span><\/p>\n","protected":false},"featured_media":0,"template":"","meta":{"_monsterinsights_skip_tracking":false,"_monsterinsights_sitenote_active":false,"_monsterinsights_sitenote_note":"","_monsterinsights_sitenote_category":0},"product_brand":[],"product_cat":[12291,13706],"product_tag":[],"class_list":{"0":"post-693864","1":"product","2":"type-product","3":"status-publish","5":"product_cat-edebiyat","6":"product_cat-efsane-destan-masal","7":"pa_cilt-ciltsiz","8":"pa_tur-kitap","9":"pa_yayinevi-yapi-kredi-yayinlari","10":"pa_yazar-adnan-binyazar","12":"first","13":"instock","14":"sale","15":"shipping-taxable","16":"purchasable","17":"product-type-simple"},"_links":{"self":[{"href":"https:\/\/roveyayinevi.com.tr\/index.php\/wp-json\/wp\/v2\/product\/693864","targetHints":{"allow":["GET"]}}],"collection":[{"href":"https:\/\/roveyayinevi.com.tr\/index.php\/wp-json\/wp\/v2\/product"}],"about":[{"href":"https:\/\/roveyayinevi.com.tr\/index.php\/wp-json\/wp\/v2\/types\/product"}],"wp:attachment":[{"href":"https:\/\/roveyayinevi.com.tr\/index.php\/wp-json\/wp\/v2\/media?parent=693864"}],"wp:term":[{"taxonomy":"product_brand","embeddable":true,"href":"https:\/\/roveyayinevi.com.tr\/index.php\/wp-json\/wp\/v2\/product_brand?post=693864"},{"taxonomy":"product_cat","embeddable":true,"href":"https:\/\/roveyayinevi.com.tr\/index.php\/wp-json\/wp\/v2\/product_cat?post=693864"},{"taxonomy":"product_tag","embeddable":true,"href":"https:\/\/roveyayinevi.com.tr\/index.php\/wp-json\/wp\/v2\/product_tag?post=693864"}],"curies":[{"name":"wp","href":"https:\/\/api.w.org\/{rel}","templated":true}]}}