{"id":693860,"date":"2025-08-27T14:17:26","date_gmt":"2025-08-27T11:17:26","guid":{"rendered":"https:\/\/roveyayinevi.com.tr\/index.php\/urun\/danaburnu\/"},"modified":"2026-04-16T02:03:48","modified_gmt":"2026-04-15T23:03:48","slug":"danaburnu","status":"publish","type":"product","link":"https:\/\/roveyayinevi.com.tr\/index.php\/urun\/danaburnu\/","title":{"rendered":"Danaburnu"},"content":{"rendered":"<p>Oktay Rifat, 1980 y\u0131l\u0131nda yay\u0131mlanan kitab\u0131 Danaburnu&#8217;yla 1981&#8217;de Madaral\u0131 Roman \u00d6d\u00fcl\u00fc&#8217;n\u00fc ald\u0131. \u00d6zellikle kahramanlar\u0131n\u0131n i\u00e7 d\u00fcnyalar\u0131n\u0131 anlat\u0131rken tuuturdu\u011fu etkileyici diliyle bir ozanan elinden \u00e7\u0131kt\u0131\u011f\u0131 belli olan Danaburnu, \u00e7e\u015fitli kesimlerden insan hayatlar\u0131na ayna tutarken bir d\u00f6neme de tan\u0131kl\u0131k eder. Gidenin bo\u015flu\u011funda bir \u00f6\u00e7 alma duygusunun h\u0131zla boy att\u0131\u011f\u0131 g\u00f6r\u00fcyordu. Hay\u0131r tutulmam\u0131\u015ft\u0131. \u00d6\u00e7 almak istiyordu sadece. Bunun ac\u0131s\u0131n\u0131 fitil fitil getirecekti burnundan. Emine&#8217;nin y\u00fcz\u00fc. Emine&#8217;nin ayd\u0131nl\u0131\u011f\u0131. Emine&#8217;nin elleri. \/&#8230;\/ Uyuyordu, derin bir uykuya dal\u0131yordu, uykunun denizine ya da topra\u011f\u0131na. Denizse denizanalar\u0131, topraksa solucanlarla v\u0131cak v\u0131cak ve yap\u0131\u015fkan. Erin\u00e7 bir t\u00fcrl\u00fc oturmuyordu yuvas\u0131na, tekir kedi ya da Kay\u0131\u015fda\u011f&#8217;dan esen r\u00fczgar gibi yalan\u0131yor, pireleniyordu az \u00f6tede. Recep, Emine&#8217;nin \u00f6l\u00fcs\u00fcne tak\u0131l\u0131yordu uykunun en derin yerinde, t\u0131pk\u0131 y\u00fczen bir yosunun a\u011flar\u0131na tak\u0131l\u0131r gibi. Dip sular\u0131nda \u00f6l\u00fcyle birlikte sallan\u0131yorlard\u0131. \u00d6l\u00fc, bir yakamozun f\u0131r\u0131lda\u011f\u0131nda \u00e7eviriyordu g\u00f6zlerini, biri k\u00fc\u00e7\u00fcld\u00fck\u00e7e \u00f6b\u00fcr\u00fc b\u00fcy\u00fcyordu. Mordu denizin alt\u0131 ya da topra\u011f\u0131n i\u00e7i, yap\u0131\u015fkan ve v\u0131c\u0131k v\u0131c\u0131k. B\u00fct\u00fcn \u00f6l\u00fclerin sessizli\u011fiydi bu.<\/p>\n","protected":false},"excerpt":{"rendered":"<p>Oktay Rifat, 1980 y\u0131l\u0131nda yay\u0131mlanan kitab\u0131 Danaburnu&#8217;yla 1981&#8217;de Madaral\u0131 Roman \u00d6d\u00fcl\u00fc&#8217;n\u00fc ald\u0131. \u00d6zellikle kahramanlar\u0131n\u0131n i\u00e7 d\u00fcnyalar\u0131n\u0131 anlat\u0131rken tuuturdu\u011fu etkileyici diliyle bir ozanan elinden \u00e7\u0131kt\u0131\u011f\u0131 belli olan<span class=\"excerpt-hellip\"> [\u2026]<\/span><\/p>\n","protected":false},"featured_media":0,"template":"","meta":{"_monsterinsights_skip_tracking":false,"_monsterinsights_sitenote_active":false,"_monsterinsights_sitenote_note":"","_monsterinsights_sitenote_category":0},"product_brand":[],"product_cat":[12291,12292],"product_tag":[],"class_list":{"0":"post-693860","1":"product","2":"type-product","3":"status-publish","5":"product_cat-edebiyat","6":"product_cat-turk-edebiyati","7":"pa_cilt-ciltsiz","8":"pa_tur-kitap","9":"pa_yayinevi-yapi-kredi-yayinlari","10":"pa_yazar-oktay-rifat","12":"first","13":"instock","14":"sale","15":"shipping-taxable","16":"purchasable","17":"product-type-simple"},"_links":{"self":[{"href":"https:\/\/roveyayinevi.com.tr\/index.php\/wp-json\/wp\/v2\/product\/693860","targetHints":{"allow":["GET"]}}],"collection":[{"href":"https:\/\/roveyayinevi.com.tr\/index.php\/wp-json\/wp\/v2\/product"}],"about":[{"href":"https:\/\/roveyayinevi.com.tr\/index.php\/wp-json\/wp\/v2\/types\/product"}],"wp:attachment":[{"href":"https:\/\/roveyayinevi.com.tr\/index.php\/wp-json\/wp\/v2\/media?parent=693860"}],"wp:term":[{"taxonomy":"product_brand","embeddable":true,"href":"https:\/\/roveyayinevi.com.tr\/index.php\/wp-json\/wp\/v2\/product_brand?post=693860"},{"taxonomy":"product_cat","embeddable":true,"href":"https:\/\/roveyayinevi.com.tr\/index.php\/wp-json\/wp\/v2\/product_cat?post=693860"},{"taxonomy":"product_tag","embeddable":true,"href":"https:\/\/roveyayinevi.com.tr\/index.php\/wp-json\/wp\/v2\/product_tag?post=693860"}],"curies":[{"name":"wp","href":"https:\/\/api.w.org\/{rel}","templated":true}]}}