{"id":693855,"date":"2025-08-27T14:17:25","date_gmt":"2025-08-27T11:17:25","guid":{"rendered":"https:\/\/roveyayinevi.com.tr\/index.php\/urun\/borgesin-evinde\/"},"modified":"2026-03-01T02:07:30","modified_gmt":"2026-02-28T23:07:30","slug":"borgesin-evinde","status":"publish","type":"product","link":"https:\/\/roveyayinevi.com.tr\/index.php\/urun\/borgesin-evinde\/","title":{"rendered":"Borges\u2019in Evinde"},"content":{"rendered":"<p>\u201c\u00d6l\u00fcm\u00fcnden birka\u00e7 ay \u00f6nce, Arjantinli zengin bir toprak sahibi Borges\u2019i estancia\u2019s\u0131na davet etti ve bir s\u00fcrpriz s\u00f6z\u00fc verdi. Ya\u015fl\u0131 adam\u0131 bah\u00e7edeki bir banka oturttu ve yaln\u0131z b\u0131rakt\u0131; birden Borges yan\u0131ba\u015f\u0131nda iri ve s\u0131cak bir beden hissetti, ard\u0131ndan da omuzlar\u0131na dayanm\u0131\u015f iri patiler. Estanciero\u2019nun evcil kaplan\u0131, onu d\u00fc\u015fleyen adama sayg\u0131lar\u0131n\u0131 sunuyordu. Hi\u00e7 korkmad\u0131 Borges. Yaln\u0131zca \u00e7i\u011f et kokan s\u0131cak nefesinden rahats\u0131z oldu. \u2019Kaplanlar\u0131n etobur oldu\u011funu unutmu\u015fum.\u2019 \u201c \ufffcTan\u0131t\u0131m Metni<\/p>\n","protected":false},"excerpt":{"rendered":"<p>\u201c\u00d6l\u00fcm\u00fcnden birka\u00e7 ay \u00f6nce, Arjantinli zengin bir toprak sahibi Borges\u2019i estancia\u2019s\u0131na davet etti ve bir s\u00fcrpriz s\u00f6z\u00fc verdi. Ya\u015fl\u0131 adam\u0131 bah\u00e7edeki bir banka oturttu ve yaln\u0131z<span class=\"excerpt-hellip\"> [\u2026]<\/span><\/p>\n","protected":false},"featured_media":0,"template":"","meta":{"_monsterinsights_skip_tracking":false,"_monsterinsights_sitenote_active":false,"_monsterinsights_sitenote_note":"","_monsterinsights_sitenote_category":0},"product_brand":[],"product_cat":[13701,12291],"product_tag":[],"class_list":{"0":"post-693855","1":"product","2":"type-product","3":"status-publish","5":"product_cat-ani-mektup-gunluk","6":"product_cat-edebiyat","7":"pa_cilt-ciltsiz","8":"pa_tur-kitap","9":"pa_yayinevi-yapi-kredi-yayinlari","10":"pa_yazar-alberto-manguel","12":"first","13":"instock","14":"sale","15":"shipping-taxable","16":"purchasable","17":"product-type-simple"},"_links":{"self":[{"href":"https:\/\/roveyayinevi.com.tr\/index.php\/wp-json\/wp\/v2\/product\/693855","targetHints":{"allow":["GET"]}}],"collection":[{"href":"https:\/\/roveyayinevi.com.tr\/index.php\/wp-json\/wp\/v2\/product"}],"about":[{"href":"https:\/\/roveyayinevi.com.tr\/index.php\/wp-json\/wp\/v2\/types\/product"}],"wp:attachment":[{"href":"https:\/\/roveyayinevi.com.tr\/index.php\/wp-json\/wp\/v2\/media?parent=693855"}],"wp:term":[{"taxonomy":"product_brand","embeddable":true,"href":"https:\/\/roveyayinevi.com.tr\/index.php\/wp-json\/wp\/v2\/product_brand?post=693855"},{"taxonomy":"product_cat","embeddable":true,"href":"https:\/\/roveyayinevi.com.tr\/index.php\/wp-json\/wp\/v2\/product_cat?post=693855"},{"taxonomy":"product_tag","embeddable":true,"href":"https:\/\/roveyayinevi.com.tr\/index.php\/wp-json\/wp\/v2\/product_tag?post=693855"}],"curies":[{"name":"wp","href":"https:\/\/api.w.org\/{rel}","templated":true}]}}