{"id":693851,"date":"2025-08-27T14:17:24","date_gmt":"2025-08-27T11:17:24","guid":{"rendered":"https:\/\/roveyayinevi.com.tr\/index.php\/urun\/cisenti\/"},"modified":"2026-04-16T02:03:48","modified_gmt":"2026-04-15T23:03:48","slug":"cisenti","status":"publish","type":"product","link":"https:\/\/roveyayinevi.com.tr\/index.php\/urun\/cisenti\/","title":{"rendered":"\u00c7isenti"},"content":{"rendered":"<p>&#8216;&#8230;A\u011flama sak\u0131n. Vakitli bir \u00f6l\u00fcmd\u00fcr. Ruhun i\u00e7in dua edersin. Sak\u0131n korkma. Ne mutlu bana, tekba\u015f\u0131ma, yapayaln\u0131z de\u011filim. \u00d6lenle \u00f6l\u00fcnmez. Ya\u015famak g\u00fczeldir. Ne olursa olsun, ya\u015faman\u0131n ipini s\u0131k\u0131 tutacaks\u0131n. Ama zor, ama kolay. Bak, d\u00fcnya insanlarla dolu. Hepsi bir yolunu bulmu\u015f ya\u015famaktad\u0131r. Ya\u015fayacaks\u0131n. (&#8230;) \u0130nsanlara verilen en b\u00fcy\u00fck nimet budur. Ak\u0131ld\u0131r hep akl\u0131n\u0131 kullanacaks\u0131n. &#8216; \ufffcTan\u0131t\u0131m Metni<\/p>\n","protected":false},"excerpt":{"rendered":"<p>&#8216;&#8230;A\u011flama sak\u0131n. Vakitli bir \u00f6l\u00fcmd\u00fcr. Ruhun i\u00e7in dua edersin. Sak\u0131n korkma. Ne mutlu bana, tekba\u015f\u0131ma, yapayaln\u0131z de\u011filim. \u00d6lenle \u00f6l\u00fcnmez. Ya\u015famak g\u00fczeldir. Ne olursa olsun, ya\u015faman\u0131n ipini<span class=\"excerpt-hellip\"> [\u2026]<\/span><\/p>\n","protected":false},"featured_media":0,"template":"","meta":{"_monsterinsights_skip_tracking":false,"_monsterinsights_sitenote_active":false,"_monsterinsights_sitenote_note":"","_monsterinsights_sitenote_category":0},"product_brand":[],"product_cat":[12291,12292],"product_tag":[],"class_list":{"0":"post-693851","1":"product","2":"type-product","3":"status-publish","5":"product_cat-edebiyat","6":"product_cat-turk-edebiyati","7":"pa_cilt-ciltsiz","8":"pa_tur-kitap","9":"pa_yayinevi-yapi-kredi-yayinlari","10":"pa_yazar-nezihe-meric","12":"first","13":"instock","14":"sale","15":"shipping-taxable","16":"purchasable","17":"product-type-simple"},"_links":{"self":[{"href":"https:\/\/roveyayinevi.com.tr\/index.php\/wp-json\/wp\/v2\/product\/693851","targetHints":{"allow":["GET"]}}],"collection":[{"href":"https:\/\/roveyayinevi.com.tr\/index.php\/wp-json\/wp\/v2\/product"}],"about":[{"href":"https:\/\/roveyayinevi.com.tr\/index.php\/wp-json\/wp\/v2\/types\/product"}],"wp:attachment":[{"href":"https:\/\/roveyayinevi.com.tr\/index.php\/wp-json\/wp\/v2\/media?parent=693851"}],"wp:term":[{"taxonomy":"product_brand","embeddable":true,"href":"https:\/\/roveyayinevi.com.tr\/index.php\/wp-json\/wp\/v2\/product_brand?post=693851"},{"taxonomy":"product_cat","embeddable":true,"href":"https:\/\/roveyayinevi.com.tr\/index.php\/wp-json\/wp\/v2\/product_cat?post=693851"},{"taxonomy":"product_tag","embeddable":true,"href":"https:\/\/roveyayinevi.com.tr\/index.php\/wp-json\/wp\/v2\/product_tag?post=693851"}],"curies":[{"name":"wp","href":"https:\/\/api.w.org\/{rel}","templated":true}]}}