{"id":693849,"date":"2025-08-27T14:17:24","date_gmt":"2025-08-27T11:17:24","guid":{"rendered":"https:\/\/roveyayinevi.com.tr\/index.php\/urun\/cakicinin-ilk-kursunu\/"},"modified":"2026-04-16T02:03:48","modified_gmt":"2026-04-15T23:03:48","slug":"cakicinin-ilk-kursunu","status":"publish","type":"product","link":"https:\/\/roveyayinevi.com.tr\/index.php\/urun\/cakicinin-ilk-kursunu\/","title":{"rendered":"\u00c7ak\u0131c\u0131&#8217;n\u0131n \u0130lk Kur\u015funu"},"content":{"rendered":"<p>Ben hayatta herkese kar\u015f\u0131 lakayd\u0131md\u0131r&#8230;Bu bende sevmek hissinin mefkudiyetinden de\u011fil \u00e7ok fazla olu\u015fundand\u0131r. Ben sevdiklerimi k\u00f6pek gibi severim yavrum&#8230;Zelil\u00e2ne severim. \u015eiir, hik\u00e2ye ve romanlar\u0131nda, tan\u0131mlamakta g\u00fc\u00e7l\u00fck \u00e7ekti\u011fimiz kimi duygular\u0131 ustal\u0131kla anlatan; insan\u0131n, g\u00fcc\u00fc, zay\u0131fl\u0131\u011f\u0131 ve zaaflar\u0131yla bir b\u00fct\u00fcn olarak kavray\u0131p \u00f6d\u00fcn vermez bir ger\u00e7eklilikle yans\u0131tan Sabahattin Ali, sand\u0131\u011f\u0131ndaki belgeler aras\u0131ndan derlenen hik\u00e2ye, \u015fiir ve yaz\u0131lar\u0131yla ilk kez okur \u00f6n\u00fcnde!<\/p>\n","protected":false},"excerpt":{"rendered":"<p>Ben hayatta herkese kar\u015f\u0131 lakayd\u0131md\u0131r&#8230;Bu bende sevmek hissinin mefkudiyetinden de\u011fil \u00e7ok fazla olu\u015fundand\u0131r. Ben sevdiklerimi k\u00f6pek gibi severim yavrum&#8230;Zelil\u00e2ne severim. \u015eiir, hik\u00e2ye ve romanlar\u0131nda, tan\u0131mlamakta g\u00fc\u00e7l\u00fck<span class=\"excerpt-hellip\"> [\u2026]<\/span><\/p>\n","protected":false},"featured_media":0,"template":"","meta":{"_monsterinsights_skip_tracking":false,"_monsterinsights_sitenote_active":false,"_monsterinsights_sitenote_note":"","_monsterinsights_sitenote_category":0},"product_brand":[],"product_cat":[12291,12292],"product_tag":[],"class_list":{"0":"post-693849","1":"product","2":"type-product","3":"status-publish","5":"product_cat-edebiyat","6":"product_cat-turk-edebiyati","7":"pa_cilt-ciltsiz","8":"pa_tur-kitap","9":"pa_yayinevi-yapi-kredi-yayinlari","10":"pa_yazar-sabahattin-ali","12":"first","13":"instock","14":"sale","15":"shipping-taxable","16":"purchasable","17":"product-type-simple"},"_links":{"self":[{"href":"https:\/\/roveyayinevi.com.tr\/index.php\/wp-json\/wp\/v2\/product\/693849","targetHints":{"allow":["GET"]}}],"collection":[{"href":"https:\/\/roveyayinevi.com.tr\/index.php\/wp-json\/wp\/v2\/product"}],"about":[{"href":"https:\/\/roveyayinevi.com.tr\/index.php\/wp-json\/wp\/v2\/types\/product"}],"wp:attachment":[{"href":"https:\/\/roveyayinevi.com.tr\/index.php\/wp-json\/wp\/v2\/media?parent=693849"}],"wp:term":[{"taxonomy":"product_brand","embeddable":true,"href":"https:\/\/roveyayinevi.com.tr\/index.php\/wp-json\/wp\/v2\/product_brand?post=693849"},{"taxonomy":"product_cat","embeddable":true,"href":"https:\/\/roveyayinevi.com.tr\/index.php\/wp-json\/wp\/v2\/product_cat?post=693849"},{"taxonomy":"product_tag","embeddable":true,"href":"https:\/\/roveyayinevi.com.tr\/index.php\/wp-json\/wp\/v2\/product_tag?post=693849"}],"curies":[{"name":"wp","href":"https:\/\/api.w.org\/{rel}","templated":true}]}}