{"id":693844,"date":"2025-08-27T14:17:22","date_gmt":"2025-08-27T11:17:22","guid":{"rendered":"https:\/\/roveyayinevi.com.tr\/index.php\/urun\/cavlanin-icinde-sessizce\/"},"modified":"2026-04-16T02:03:48","modified_gmt":"2026-04-15T23:03:48","slug":"cavlanin-icinde-sessizce","status":"publish","type":"product","link":"https:\/\/roveyayinevi.com.tr\/index.php\/urun\/cavlanin-icinde-sessizce\/","title":{"rendered":"\u00c7avlan\u0131n \u0130\u00e7inde Sessizce"},"content":{"rendered":"<p>&#8230; Son bir iki y\u0131ld\u0131r, \u00e7ok ana yay\u0131mland\u0131. Bu kervana m\u0131 kat\u0131lmal\u0131, benim de tuzum olsun diye, yoksa ba\u015fka -ne gibi?- bir zaman\u0131 m\u0131 beklemeli. Bilemedim. Hele bir dursun bakal\u0131m. Bazan ku\u015fkuya d\u00fc\u015f\u00fcyorum. Diyorum ki, an\u0131 b\u00f6lye yaz\u0131lmamal\u0131\/m\u0131. Ben ya\u015fad\u0131klar\u0131m\u0131 yaz\u0131yorum. Ben b\u00f6yle biriyim. \u015eimdi olduk\u00e7a duruldum, Sevin\u00e7li -ne\u015feli ba\u015fka bir \u015fey- \u00e7ok dobra dobra, \u00e7ok d\u0131\u015fa d\u00f6n\u00fck g\u00f6r\u00fcnen bir i\u00e7e d\u00f6n\u00fck -bunu hep s\u00f6ylerim- biriyim. Elli iki y\u0131ld\u0131r yazarl\u0131k yap\u0131yorum. Nas\u0131l\/ \u0130\u015fte bunu yazmak istiyorum ben de. Nas\u0131l biriyim. Neler ya\u015fad\u0131m, neler g\u00f6rd\u00fcm, neler \u00f6\u011frendim\/\u00f6\u011frenemedim, toplumun bana ne verdi, ne kadar\u0131n\u0131 eksi\u011fiyle fazlas\u0131yla, ne kadar anlad\u0131m \ufffcTan\u0131t\u0131m Metni<\/p>\n","protected":false},"excerpt":{"rendered":"<p>&#8230; Son bir iki y\u0131ld\u0131r, \u00e7ok ana yay\u0131mland\u0131. Bu kervana m\u0131 kat\u0131lmal\u0131, benim de tuzum olsun diye, yoksa ba\u015fka -ne gibi?- bir zaman\u0131 m\u0131 beklemeli. Bilemedim.<span class=\"excerpt-hellip\"> [\u2026]<\/span><\/p>\n","protected":false},"featured_media":0,"template":"","meta":{"_monsterinsights_skip_tracking":false,"_monsterinsights_sitenote_active":false,"_monsterinsights_sitenote_note":"","_monsterinsights_sitenote_category":0},"product_brand":[],"product_cat":[13701,12291],"product_tag":[],"class_list":{"0":"post-693844","1":"product","2":"type-product","3":"status-publish","5":"product_cat-ani-mektup-gunluk","6":"product_cat-edebiyat","7":"pa_cilt-ciltsiz","8":"pa_tur-kitap","9":"pa_yayinevi-yapi-kredi-yayinlari","10":"pa_yazar-nezihe-meric","12":"first","13":"instock","14":"sale","15":"shipping-taxable","16":"purchasable","17":"product-type-simple"},"_links":{"self":[{"href":"https:\/\/roveyayinevi.com.tr\/index.php\/wp-json\/wp\/v2\/product\/693844","targetHints":{"allow":["GET"]}}],"collection":[{"href":"https:\/\/roveyayinevi.com.tr\/index.php\/wp-json\/wp\/v2\/product"}],"about":[{"href":"https:\/\/roveyayinevi.com.tr\/index.php\/wp-json\/wp\/v2\/types\/product"}],"wp:attachment":[{"href":"https:\/\/roveyayinevi.com.tr\/index.php\/wp-json\/wp\/v2\/media?parent=693844"}],"wp:term":[{"taxonomy":"product_brand","embeddable":true,"href":"https:\/\/roveyayinevi.com.tr\/index.php\/wp-json\/wp\/v2\/product_brand?post=693844"},{"taxonomy":"product_cat","embeddable":true,"href":"https:\/\/roveyayinevi.com.tr\/index.php\/wp-json\/wp\/v2\/product_cat?post=693844"},{"taxonomy":"product_tag","embeddable":true,"href":"https:\/\/roveyayinevi.com.tr\/index.php\/wp-json\/wp\/v2\/product_tag?post=693844"}],"curies":[{"name":"wp","href":"https:\/\/api.w.org\/{rel}","templated":true}]}}