{"id":693842,"date":"2025-08-27T14:17:22","date_gmt":"2025-08-27T11:17:22","guid":{"rendered":"https:\/\/roveyayinevi.com.tr\/index.php\/urun\/catalhoyuk-leoparin-oykusu-turkiyenin-antik-kasabasinin-gizemleri-gunisigina-cikiyor\/"},"modified":"2026-04-13T02:04:47","modified_gmt":"2026-04-12T23:04:47","slug":"catalhoyuk-leoparin-oykusu-turkiyenin-antik-kasabasinin-gizemleri-gunisigina-cikiyor","status":"publish","type":"product","link":"https:\/\/roveyayinevi.com.tr\/index.php\/urun\/catalhoyuk-leoparin-oykusu-turkiyenin-antik-kasabasinin-gizemleri-gunisigina-cikiyor\/","title":{"rendered":"\u00c7atalh\u00f6y\u00fck  Leopar\u0131n \u00d6yk\u00fcs\u00fc  T\u00fcrkiye\u2019nin Antik &#8220;Kasaba&#8221;s\u0131n\u0131n Gizemleri G\u00fcn\u0131\u015f\u0131\u011f\u0131na \u00c7\u0131k\u0131yor"},"content":{"rendered":"<p>James Mellaart&#8217;\u0131n 1961&#8217;de ba\u015flatt\u0131\u011f\u0131 kaz\u0131lardan neredeyse 30 y\u0131l sonra, 1993&#8217;te \u00c7atalh\u00f6y\u00fck&#8217;te \u00e7al\u0131\u015fmaya ba\u015flayan \u00f6\u011frencisi \u0130an Hodder, yepyeni bulgular\u0131n \u0131\u015f\u0131\u011f\u0131nda \u00c7atalh\u00f6y\u00fck&#8217;\u00fc g\u00fcndeme ta\u015f\u0131yor. \u00c7atalh\u00f6y\u00fck-Leopar\u0131n \u00d6yk\u00fcs\u00fc, Hodder ve ekibinin Anadolu&#8217;nun kalbine a\u00e7\u0131lan yolculuklar\u0131n\u0131n ilgin\u00e7 bulgular\u0131n\u0131 ortaya koyuyor. Hodder&#8217;in anlat\u0131m\u0131na, 150&#8217;ye yak\u0131n foto\u011fraf, \u00e7izim ve ill\u00fcstrasyon e\u015flik ediyor..<\/p>\n","protected":false},"excerpt":{"rendered":"<p>James Mellaart&#8217;\u0131n 1961&#8217;de ba\u015flatt\u0131\u011f\u0131 kaz\u0131lardan neredeyse 30 y\u0131l sonra, 1993&#8217;te \u00c7atalh\u00f6y\u00fck&#8217;te \u00e7al\u0131\u015fmaya ba\u015flayan \u00f6\u011frencisi \u0130an Hodder, yepyeni bulgular\u0131n \u0131\u015f\u0131\u011f\u0131nda \u00c7atalh\u00f6y\u00fck&#8217;\u00fc g\u00fcndeme ta\u015f\u0131yor. \u00c7atalh\u00f6y\u00fck-Leopar\u0131n \u00d6yk\u00fcs\u00fc, Hodder ve<span class=\"excerpt-hellip\"> [\u2026]<\/span><\/p>\n","protected":false},"featured_media":0,"template":"","meta":{"_monsterinsights_skip_tracking":false,"_monsterinsights_sitenote_active":false,"_monsterinsights_sitenote_note":"","_monsterinsights_sitenote_category":0},"product_brand":[],"product_cat":[12312,12304],"product_tag":[],"class_list":{"0":"post-693842","1":"product","2":"type-product","3":"status-publish","5":"product_cat-diger","6":"product_cat-tarih","7":"pa_cilt-ciltsiz","8":"pa_tur-kitap","9":"pa_yayinevi-yapi-kredi-yayinlari","10":"pa_yazar-ian-hodder","12":"first","13":"instock","14":"sale","15":"shipping-taxable","16":"purchasable","17":"product-type-simple"},"_links":{"self":[{"href":"https:\/\/roveyayinevi.com.tr\/index.php\/wp-json\/wp\/v2\/product\/693842","targetHints":{"allow":["GET"]}}],"collection":[{"href":"https:\/\/roveyayinevi.com.tr\/index.php\/wp-json\/wp\/v2\/product"}],"about":[{"href":"https:\/\/roveyayinevi.com.tr\/index.php\/wp-json\/wp\/v2\/types\/product"}],"wp:attachment":[{"href":"https:\/\/roveyayinevi.com.tr\/index.php\/wp-json\/wp\/v2\/media?parent=693842"}],"wp:term":[{"taxonomy":"product_brand","embeddable":true,"href":"https:\/\/roveyayinevi.com.tr\/index.php\/wp-json\/wp\/v2\/product_brand?post=693842"},{"taxonomy":"product_cat","embeddable":true,"href":"https:\/\/roveyayinevi.com.tr\/index.php\/wp-json\/wp\/v2\/product_cat?post=693842"},{"taxonomy":"product_tag","embeddable":true,"href":"https:\/\/roveyayinevi.com.tr\/index.php\/wp-json\/wp\/v2\/product_tag?post=693842"}],"curies":[{"name":"wp","href":"https:\/\/api.w.org\/{rel}","templated":true}]}}