{"id":693818,"date":"2025-08-27T14:16:38","date_gmt":"2025-08-27T11:16:38","guid":{"rendered":"https:\/\/roveyayinevi.com.tr\/index.php\/urun\/bu-bir-pipo-degildir\/"},"modified":"2026-04-16T02:03:47","modified_gmt":"2026-04-15T23:03:47","slug":"bu-bir-pipo-degildir","status":"publish","type":"product","link":"https:\/\/roveyayinevi.com.tr\/index.php\/urun\/bu-bir-pipo-degildir\/","title":{"rendered":"Bu Bir Pipo De\u011fildir"},"content":{"rendered":"<p>Michel Foucault, Magritte&#8217;in tedirgin edici resimlerinden birka\u00e7\u0131n\u0131 akl\u0131na takm\u0131\u015ft\u0131. Hem bu resimlerle, hem de ressamla uzun uzun s\u00f6yle\u015fti, uzun uzun d\u00fc\u015f\u00fcnd\u00fc ve k\u0131saca, ama s\u0131k\u0131\u015ft\u0131r\u0131lm\u0131\u015f barut gibi, okurun zihnini patlatmaya aday bir kitapla \u00e7\u0131kageldi. G\u00f6rd\u00fc\u011f\u00fcm\u00fcz, g\u00f6rd\u00fc\u011f\u00fcm\u00fcz m\u00fcd\u00fcr? Bu bir pipodur. Mudur?<\/p>\n","protected":false},"excerpt":{"rendered":"<p>Michel Foucault, Magritte&#8217;in tedirgin edici resimlerinden birka\u00e7\u0131n\u0131 akl\u0131na takm\u0131\u015ft\u0131. Hem bu resimlerle, hem de ressamla uzun uzun s\u00f6yle\u015fti, uzun uzun d\u00fc\u015f\u00fcnd\u00fc ve k\u0131saca, ama s\u0131k\u0131\u015ft\u0131r\u0131lm\u0131\u015f barut<span class=\"excerpt-hellip\"> [\u2026]<\/span><\/p>\n","protected":false},"featured_media":0,"template":"","meta":{"_monsterinsights_skip_tracking":false,"_monsterinsights_sitenote_active":false,"_monsterinsights_sitenote_note":"","_monsterinsights_sitenote_category":0},"product_brand":[],"product_cat":[22741,12388],"product_tag":[],"class_list":{"0":"post-693818","1":"product","2":"type-product","3":"status-publish","5":"product_cat-estetik","6":"product_cat-felsefe","7":"pa_cilt-ciltsiz","8":"pa_tur-kitap","9":"pa_yayinevi-yapi-kredi-yayinlari","10":"pa_yazar-michel-foucault","12":"first","13":"instock","14":"sale","15":"shipping-taxable","16":"purchasable","17":"product-type-simple"},"_links":{"self":[{"href":"https:\/\/roveyayinevi.com.tr\/index.php\/wp-json\/wp\/v2\/product\/693818","targetHints":{"allow":["GET"]}}],"collection":[{"href":"https:\/\/roveyayinevi.com.tr\/index.php\/wp-json\/wp\/v2\/product"}],"about":[{"href":"https:\/\/roveyayinevi.com.tr\/index.php\/wp-json\/wp\/v2\/types\/product"}],"wp:attachment":[{"href":"https:\/\/roveyayinevi.com.tr\/index.php\/wp-json\/wp\/v2\/media?parent=693818"}],"wp:term":[{"taxonomy":"product_brand","embeddable":true,"href":"https:\/\/roveyayinevi.com.tr\/index.php\/wp-json\/wp\/v2\/product_brand?post=693818"},{"taxonomy":"product_cat","embeddable":true,"href":"https:\/\/roveyayinevi.com.tr\/index.php\/wp-json\/wp\/v2\/product_cat?post=693818"},{"taxonomy":"product_tag","embeddable":true,"href":"https:\/\/roveyayinevi.com.tr\/index.php\/wp-json\/wp\/v2\/product_tag?post=693818"}],"curies":[{"name":"wp","href":"https:\/\/api.w.org\/{rel}","templated":true}]}}