{"id":693817,"date":"2025-08-27T14:16:38","date_gmt":"2025-08-27T11:16:38","guid":{"rendered":"https:\/\/roveyayinevi.com.tr\/index.php\/urun\/bruninin-avlusu\/"},"modified":"2026-04-08T02:04:52","modified_gmt":"2026-04-07T23:04:52","slug":"bruninin-avlusu","status":"publish","type":"product","link":"https:\/\/roveyayinevi.com.tr\/index.php\/urun\/bruninin-avlusu\/","title":{"rendered":"Bruni\u2019nin Avlusu"},"content":{"rendered":"<p>Yaz tatilini yeni bilgisayar\u0131 ba\u015f\u0131nda ge\u00e7irece\u011fini d\u00fc\u015f\u00fcnen Su Ay&#8217;\u0131n hayat\u0131 k\u00fc\u00e7\u00fck bir bisiklet kazas\u0131yla umulmad\u0131k bir bi\u00e7imde de\u011fi\u015fir. B\u00fct\u00fcn yaz hummal\u0131 bir \u00e7al\u0131\u015fmayla ge\u00e7er, \u00e7\u00fcnk\u00fc onu tiyatro cad\u0131s\u0131 \u00f6pm\u00fc\u015f, Su Ay art\u0131k bir tiyatro oyuncusu olmu\u015ftur&#8230; \ufffcTan\u0131t\u0131m Metni<\/p>\n","protected":false},"excerpt":{"rendered":"<p>Yaz tatilini yeni bilgisayar\u0131 ba\u015f\u0131nda ge\u00e7irece\u011fini d\u00fc\u015f\u00fcnen Su Ay&#8217;\u0131n hayat\u0131 k\u00fc\u00e7\u00fck bir bisiklet kazas\u0131yla umulmad\u0131k bir bi\u00e7imde de\u011fi\u015fir. B\u00fct\u00fcn yaz hummal\u0131 bir \u00e7al\u0131\u015fmayla ge\u00e7er, \u00e7\u00fcnk\u00fc onu<span class=\"excerpt-hellip\"> [\u2026]<\/span><\/p>\n","protected":false},"featured_media":0,"template":"","meta":{"_monsterinsights_skip_tracking":false,"_monsterinsights_sitenote_active":false,"_monsterinsights_sitenote_note":"","_monsterinsights_sitenote_category":0},"product_brand":[],"product_cat":[12274,12284],"product_tag":[],"class_list":{"0":"post-693817","1":"product","2":"type-product","3":"status-publish","5":"product_cat-cocuk-ve-genclik-kitaplari","6":"product_cat-hikayeler","7":"pa_cilt-ciltsiz","8":"pa_tur-kitap","9":"pa_yayinevi-yapi-kredi-yayinlari","10":"pa_yazar-arslan-sayman","12":"first","13":"instock","14":"sale","15":"shipping-taxable","16":"purchasable","17":"product-type-simple"},"_links":{"self":[{"href":"https:\/\/roveyayinevi.com.tr\/index.php\/wp-json\/wp\/v2\/product\/693817","targetHints":{"allow":["GET"]}}],"collection":[{"href":"https:\/\/roveyayinevi.com.tr\/index.php\/wp-json\/wp\/v2\/product"}],"about":[{"href":"https:\/\/roveyayinevi.com.tr\/index.php\/wp-json\/wp\/v2\/types\/product"}],"wp:attachment":[{"href":"https:\/\/roveyayinevi.com.tr\/index.php\/wp-json\/wp\/v2\/media?parent=693817"}],"wp:term":[{"taxonomy":"product_brand","embeddable":true,"href":"https:\/\/roveyayinevi.com.tr\/index.php\/wp-json\/wp\/v2\/product_brand?post=693817"},{"taxonomy":"product_cat","embeddable":true,"href":"https:\/\/roveyayinevi.com.tr\/index.php\/wp-json\/wp\/v2\/product_cat?post=693817"},{"taxonomy":"product_tag","embeddable":true,"href":"https:\/\/roveyayinevi.com.tr\/index.php\/wp-json\/wp\/v2\/product_tag?post=693817"}],"curies":[{"name":"wp","href":"https:\/\/api.w.org\/{rel}","templated":true}]}}