{"id":693816,"date":"2025-08-27T14:16:37","date_gmt":"2025-08-27T11:16:37","guid":{"rendered":"https:\/\/roveyayinevi.com.tr\/index.php\/urun\/bize-gore-ve-bir-seyahatin-notlari\/"},"modified":"2026-04-16T02:03:47","modified_gmt":"2026-04-15T23:03:47","slug":"bize-gore-ve-bir-seyahatin-notlari","status":"publish","type":"product","link":"https:\/\/roveyayinevi.com.tr\/index.php\/urun\/bize-gore-ve-bir-seyahatin-notlari\/","title":{"rendered":"Bize G\u00f6re ve Bir Seyahatin Notlar\u0131"},"content":{"rendered":"<p>Ahmet H\u00e2\u015fim\u2019in edebiyat\u0131m\u0131zda estirdi\u011fi 80 y\u0131ll\u0131k f\u0131rt\u0131na, her ku\u015faktan okurun ilgisiyle YKY\u2019de devam ediyor&#8230;Frankfurt Seyahatn\u00e2mesi\u2019ndan sonra Bize G\u00f6re ve Bir Seyahatin Notlar\u0131 Ahmet H\u00e2\u015fim dizisindeki yerini ald\u0131. Kitaplar yay\u0131ma haz\u0131rlan\u0131rken metin ve notlar d\u0131\u015f\u0131nda tan\u0131t\u0131c\u0131 ve \u00e7\u00f6z\u00fcmleyici birer sunu\u015f yaz\u0131s\u0131, k\u00fc\u00e7\u00fck s\u00f6zl\u00fck ve dizin de eklendi. T\u00fcrk\u00e7e\u2019nin dil zenginli\u011fini g\u00f6rmek isteyenlere&#8230; <\/p>\n","protected":false},"excerpt":{"rendered":"<p>Ahmet H\u00e2\u015fim\u2019in edebiyat\u0131m\u0131zda estirdi\u011fi 80 y\u0131ll\u0131k f\u0131rt\u0131na, her ku\u015faktan okurun ilgisiyle YKY\u2019de devam ediyor&#8230;Frankfurt Seyahatn\u00e2mesi\u2019ndan sonra Bize G\u00f6re ve Bir Seyahatin Notlar\u0131 Ahmet H\u00e2\u015fim dizisindeki yerini<span class=\"excerpt-hellip\"> [\u2026]<\/span><\/p>\n","protected":false},"featured_media":0,"template":"","meta":{"_monsterinsights_skip_tracking":false,"_monsterinsights_sitenote_active":false,"_monsterinsights_sitenote_note":"","_monsterinsights_sitenote_category":0},"product_brand":[],"product_cat":[12782,12291],"product_tag":[],"class_list":{"0":"post-693816","1":"product","2":"type-product","3":"status-publish","5":"product_cat-alman-edebiyati","6":"product_cat-edebiyat","7":"pa_cilt-ciltsiz","8":"pa_tur-kitap","9":"pa_yayinevi-yapi-kredi-yayinlari","10":"pa_yazar-ahmet-hasim","12":"first","13":"instock","14":"sale","15":"shipping-taxable","16":"purchasable","17":"product-type-simple"},"_links":{"self":[{"href":"https:\/\/roveyayinevi.com.tr\/index.php\/wp-json\/wp\/v2\/product\/693816","targetHints":{"allow":["GET"]}}],"collection":[{"href":"https:\/\/roveyayinevi.com.tr\/index.php\/wp-json\/wp\/v2\/product"}],"about":[{"href":"https:\/\/roveyayinevi.com.tr\/index.php\/wp-json\/wp\/v2\/types\/product"}],"wp:attachment":[{"href":"https:\/\/roveyayinevi.com.tr\/index.php\/wp-json\/wp\/v2\/media?parent=693816"}],"wp:term":[{"taxonomy":"product_brand","embeddable":true,"href":"https:\/\/roveyayinevi.com.tr\/index.php\/wp-json\/wp\/v2\/product_brand?post=693816"},{"taxonomy":"product_cat","embeddable":true,"href":"https:\/\/roveyayinevi.com.tr\/index.php\/wp-json\/wp\/v2\/product_cat?post=693816"},{"taxonomy":"product_tag","embeddable":true,"href":"https:\/\/roveyayinevi.com.tr\/index.php\/wp-json\/wp\/v2\/product_tag?post=693816"}],"curies":[{"name":"wp","href":"https:\/\/api.w.org\/{rel}","templated":true}]}}