{"id":693814,"date":"2025-08-27T14:16:37","date_gmt":"2025-08-27T11:16:37","guid":{"rendered":"https:\/\/roveyayinevi.com.tr\/index.php\/urun\/bogazicinde-bir-gezinti\/"},"modified":"2026-04-16T02:03:47","modified_gmt":"2026-04-15T23:03:47","slug":"bogazicinde-bir-gezinti","status":"publish","type":"product","link":"https:\/\/roveyayinevi.com.tr\/index.php\/urun\/bogazicinde-bir-gezinti\/","title":{"rendered":"Bo\u011fazi\u00e7i\u2019nde Bir Gezinti"},"content":{"rendered":"<p>Byzantionlu Dionysios hakk\u0131nda neredeyse hi\u00e7 bir bilgi yoktur. Eserden, MS 1. ve\/ya 2. y\u00fczy\u0131lda ya\u015fad\u0131\u011f\u0131 anla\u015f\u0131lmaktad\u0131r. MS 10. y\u00fczy\u0131lda kaleme al\u0131nan Suda isimli Bizans ansiklopedisinin kaydetti\u011fine g\u00f6re Dionysios, Anaplous Bosporou&#8217;dan (Bo\u011fazi\u00e7i&#8217;nde bir Gezinti) ba\u015fka Peri threnon (A\u011f\u0131tlar \u00fczerine) adl\u0131 bir eser kaleme alm\u0131\u015ft\u0131r. Ad\u0131 ge\u00e7en di\u011fer eser g\u00fcn\u00fcm\u00fcze ula\u015fmam\u0131\u015ft\u0131r. \ufffcTan\u0131t\u0131m Metni<\/p>\n","protected":false},"excerpt":{"rendered":"<p>Byzantionlu Dionysios hakk\u0131nda neredeyse hi\u00e7 bir bilgi yoktur. Eserden, MS 1. ve\/ya 2. y\u00fczy\u0131lda ya\u015fad\u0131\u011f\u0131 anla\u015f\u0131lmaktad\u0131r. MS 10. y\u00fczy\u0131lda kaleme al\u0131nan Suda isimli Bizans ansiklopedisinin kaydetti\u011fine<span class=\"excerpt-hellip\"> [\u2026]<\/span><\/p>\n","protected":false},"featured_media":0,"template":"","meta":{"_monsterinsights_skip_tracking":false,"_monsterinsights_sitenote_active":false,"_monsterinsights_sitenote_note":"","_monsterinsights_sitenote_category":0},"product_brand":[],"product_cat":[13054,20153],"product_tag":[],"class_list":{"0":"post-693814","1":"product","2":"type-product","3":"status-publish","5":"product_cat-gezi-ve-rehber-kitaplari","6":"product_cat-istanbul-rehberi","7":"pa_cilt-ciltsiz","8":"pa_tur-kitap","9":"pa_yayinevi-yapi-kredi-yayinlari","10":"pa_yazar-dionysisos-byzantios","12":"first","13":"instock","14":"sale","15":"shipping-taxable","16":"purchasable","17":"product-type-simple"},"_links":{"self":[{"href":"https:\/\/roveyayinevi.com.tr\/index.php\/wp-json\/wp\/v2\/product\/693814","targetHints":{"allow":["GET"]}}],"collection":[{"href":"https:\/\/roveyayinevi.com.tr\/index.php\/wp-json\/wp\/v2\/product"}],"about":[{"href":"https:\/\/roveyayinevi.com.tr\/index.php\/wp-json\/wp\/v2\/types\/product"}],"wp:attachment":[{"href":"https:\/\/roveyayinevi.com.tr\/index.php\/wp-json\/wp\/v2\/media?parent=693814"}],"wp:term":[{"taxonomy":"product_brand","embeddable":true,"href":"https:\/\/roveyayinevi.com.tr\/index.php\/wp-json\/wp\/v2\/product_brand?post=693814"},{"taxonomy":"product_cat","embeddable":true,"href":"https:\/\/roveyayinevi.com.tr\/index.php\/wp-json\/wp\/v2\/product_cat?post=693814"},{"taxonomy":"product_tag","embeddable":true,"href":"https:\/\/roveyayinevi.com.tr\/index.php\/wp-json\/wp\/v2\/product_tag?post=693814"}],"curies":[{"name":"wp","href":"https:\/\/api.w.org\/{rel}","templated":true}]}}