{"id":693812,"date":"2025-08-27T14:16:36","date_gmt":"2025-08-27T11:16:36","guid":{"rendered":"https:\/\/roveyayinevi.com.tr\/index.php\/urun\/buyuk-saat-butun-siirleri\/"},"modified":"2026-04-16T02:03:47","modified_gmt":"2026-04-15T23:03:47","slug":"buyuk-saat-butun-siirleri","status":"publish","type":"product","link":"https:\/\/roveyayinevi.com.tr\/index.php\/urun\/buyuk-saat-butun-siirleri\/","title":{"rendered":"B\u00fcy\u00fck Saat &#8211; B\u00fct\u00fcn \u015eiirleri"},"content":{"rendered":"<p>\u0130kinci Yeni hareketinin Edip Cansever ve Cemal S\u00fcreya ile birlikte \u00f6nde gelen \u015fairlerinden Turgut Uyar, \u00e7ok uzun bir aradan sonra ilk kez b\u00fct\u00fcn \u015fiirleri i\u00e7eren bir kitapla okurlar\u0131n\u0131n kar\u015f\u0131s\u0131nda. Arz-\u0131 Hal, T\u00fcrkiyem, D\u00fcnyan\u0131n En G\u00fczel Arabistan\u0131, T\u00fct\u00fcnler Islak, Her Pazartesi, Divan, Topland\u0131lar, Kayay\u0131 Delen \u0130ncir ve D\u00fcn Yok mu kitaplar\u0131n\u0131n yan\u0131 s\u0131ra dergilerde kalan son \u015fiirleri ve \u00f6nceki bask\u0131lardan unutulmalar\u0131 ya da \u015fair taraf\u0131ndan elenmeleri nedeniyle kitaplar\u0131na girmemi\u015f \u015fiirleriyle, ka\u00e7\u0131r\u0131lmayacak bir yap\u0131t<\/p>\n","protected":false},"excerpt":{"rendered":"<p>\u0130kinci Yeni hareketinin Edip Cansever ve Cemal S\u00fcreya ile birlikte \u00f6nde gelen \u015fairlerinden Turgut Uyar, \u00e7ok uzun bir aradan sonra ilk kez b\u00fct\u00fcn \u015fiirleri i\u00e7eren bir<span class=\"excerpt-hellip\"> [\u2026]<\/span><\/p>\n","protected":false},"featured_media":0,"template":"","meta":{"_monsterinsights_skip_tracking":false,"_monsterinsights_sitenote_active":false,"_monsterinsights_sitenote_note":"","_monsterinsights_sitenote_category":0},"product_brand":[],"product_cat":[12291,12292],"product_tag":[],"class_list":{"0":"post-693812","1":"product","2":"type-product","3":"status-publish","5":"product_cat-edebiyat","6":"product_cat-turk-edebiyati","7":"pa_cilt-ciltsiz","8":"pa_tur-kitap","9":"pa_yayinevi-yapi-kredi-yayinlari","10":"pa_yazar-turgut-uyar","12":"first","13":"instock","14":"sale","15":"shipping-taxable","16":"purchasable","17":"product-type-simple"},"_links":{"self":[{"href":"https:\/\/roveyayinevi.com.tr\/index.php\/wp-json\/wp\/v2\/product\/693812","targetHints":{"allow":["GET"]}}],"collection":[{"href":"https:\/\/roveyayinevi.com.tr\/index.php\/wp-json\/wp\/v2\/product"}],"about":[{"href":"https:\/\/roveyayinevi.com.tr\/index.php\/wp-json\/wp\/v2\/types\/product"}],"wp:attachment":[{"href":"https:\/\/roveyayinevi.com.tr\/index.php\/wp-json\/wp\/v2\/media?parent=693812"}],"wp:term":[{"taxonomy":"product_brand","embeddable":true,"href":"https:\/\/roveyayinevi.com.tr\/index.php\/wp-json\/wp\/v2\/product_brand?post=693812"},{"taxonomy":"product_cat","embeddable":true,"href":"https:\/\/roveyayinevi.com.tr\/index.php\/wp-json\/wp\/v2\/product_cat?post=693812"},{"taxonomy":"product_tag","embeddable":true,"href":"https:\/\/roveyayinevi.com.tr\/index.php\/wp-json\/wp\/v2\/product_tag?post=693812"}],"curies":[{"name":"wp","href":"https:\/\/api.w.org\/{rel}","templated":true}]}}