{"id":693811,"date":"2025-08-27T14:16:36","date_gmt":"2025-08-27T11:16:36","guid":{"rendered":"https:\/\/roveyayinevi.com.tr\/index.php\/urun\/butun-yort-savullar-1954-1997\/"},"modified":"2026-04-16T02:03:47","modified_gmt":"2026-04-15T23:03:47","slug":"butun-yort-savullar-1954-1997","status":"publish","type":"product","link":"https:\/\/roveyayinevi.com.tr\/index.php\/urun\/butun-yort-savullar-1954-1997\/","title":{"rendered":"B\u00fct\u00fcn Yort Savul\u2019lar! 1954 &#8211; 1997"},"content":{"rendered":"<p>Cumhuriyet \u015fiirinin &#8216;etik\u00e7i&#8217; ve &#8216;tarih\u00e7i&#8217;, kara\u015f\u0131n \u015fairi Ece Ayhan&#8217;dan K\u0131nar Han\u0131m\u0131n Denizleri&#8217;nden Son \u015eiirler&#8217;e dek t\u00fcm Yort Saavul&#8217;lar. Kitaplar\u0131na girmemi\u015f en eski ve en yeni \u015fiirleriyle birlikte. \ufffcTan\u0131t\u0131m Metni<\/p>\n","protected":false},"excerpt":{"rendered":"<p>Cumhuriyet \u015fiirinin &#8216;etik\u00e7i&#8217; ve &#8216;tarih\u00e7i&#8217;, kara\u015f\u0131n \u015fairi Ece Ayhan&#8217;dan K\u0131nar Han\u0131m\u0131n Denizleri&#8217;nden Son \u015eiirler&#8217;e dek t\u00fcm Yort Saavul&#8217;lar. Kitaplar\u0131na girmemi\u015f en eski ve en yeni \u015fiirleriyle<span class=\"excerpt-hellip\"> [\u2026]<\/span><\/p>\n","protected":false},"featured_media":0,"template":"","meta":{"_monsterinsights_skip_tracking":false,"_monsterinsights_sitenote_active":false,"_monsterinsights_sitenote_note":"","_monsterinsights_sitenote_category":0},"product_brand":[],"product_cat":[12291,12292],"product_tag":[],"class_list":{"0":"post-693811","1":"product","2":"type-product","3":"status-publish","5":"product_cat-edebiyat","6":"product_cat-turk-edebiyati","7":"pa_cilt-ciltsiz","8":"pa_tur-kitap","9":"pa_yayinevi-yapi-kredi-yayinlari","10":"pa_yazar-ece-ayhan","12":"first","13":"instock","14":"sale","15":"shipping-taxable","16":"purchasable","17":"product-type-simple"},"_links":{"self":[{"href":"https:\/\/roveyayinevi.com.tr\/index.php\/wp-json\/wp\/v2\/product\/693811","targetHints":{"allow":["GET"]}}],"collection":[{"href":"https:\/\/roveyayinevi.com.tr\/index.php\/wp-json\/wp\/v2\/product"}],"about":[{"href":"https:\/\/roveyayinevi.com.tr\/index.php\/wp-json\/wp\/v2\/types\/product"}],"wp:attachment":[{"href":"https:\/\/roveyayinevi.com.tr\/index.php\/wp-json\/wp\/v2\/media?parent=693811"}],"wp:term":[{"taxonomy":"product_brand","embeddable":true,"href":"https:\/\/roveyayinevi.com.tr\/index.php\/wp-json\/wp\/v2\/product_brand?post=693811"},{"taxonomy":"product_cat","embeddable":true,"href":"https:\/\/roveyayinevi.com.tr\/index.php\/wp-json\/wp\/v2\/product_cat?post=693811"},{"taxonomy":"product_tag","embeddable":true,"href":"https:\/\/roveyayinevi.com.tr\/index.php\/wp-json\/wp\/v2\/product_tag?post=693811"}],"curies":[{"name":"wp","href":"https:\/\/api.w.org\/{rel}","templated":true}]}}