{"id":693802,"date":"2025-08-27T14:16:34","date_gmt":"2025-08-27T11:16:34","guid":{"rendered":"https:\/\/roveyayinevi.com.tr\/index.php\/urun\/pastoral-senfoni\/"},"modified":"2026-04-16T02:03:47","modified_gmt":"2026-04-15T23:03:47","slug":"pastoral-senfoni","status":"publish","type":"product","link":"https:\/\/roveyayinevi.com.tr\/index.php\/urun\/pastoral-senfoni\/","title":{"rendered":"Pastoral Senfoni"},"content":{"rendered":"<p>Nobel \u00d6d\u00fcll\u00fc Andr\u00e9 Gide\u2019in \u00dcnl\u00fc Roman\u0131: Pastoral Senfoni!Pastoral Senfoni, Andr\u00e9 Gide\u2019in otobiyografik bir roman\u0131 olmas\u0131 sebebiyle de ayr\u0131ca dikkat \u00e7eker. Eserde bir papaz\u0131n hayat\u0131na giren k\u00fc\u00e7\u00fck k\u00f6r bir k\u0131z\u0131n ailede b\u0131rakt\u0131\u011f\u0131 derin izler etraf\u0131nda geli\u015fen trajik bir hik\u00e2ye konu edilir.Yazar\u0131n, ismiyle Beethoven\u2019\u0131n \u00fcnl\u00fc eseri Pastoral Senfoni\u2019ye g\u00f6ndermede bulundu\u011fu bu romanda, g\u00f6r\u00fclen ve g\u00f6r\u00fclmek istenilen d\u00fcnya aras\u0131ndaki yak\u0131nl\u0131k veya uzakl\u0131klar okurun zihninde yeni anlamlar kazanmay\u0131 bekliyor.<\/p>\n","protected":false},"excerpt":{"rendered":"<p>Nobel \u00d6d\u00fcll\u00fc Andr\u00e9 Gide\u2019in \u00dcnl\u00fc Roman\u0131: Pastoral Senfoni!Pastoral Senfoni, Andr\u00e9 Gide\u2019in otobiyografik bir roman\u0131 olmas\u0131 sebebiyle de ayr\u0131ca dikkat \u00e7eker. Eserde bir papaz\u0131n hayat\u0131na giren k\u00fc\u00e7\u00fck<span class=\"excerpt-hellip\"> [\u2026]<\/span><\/p>\n","protected":false},"featured_media":0,"template":"","meta":{"_monsterinsights_skip_tracking":false,"_monsterinsights_sitenote_active":false,"_monsterinsights_sitenote_note":"","_monsterinsights_sitenote_category":0},"product_brand":[],"product_cat":[12291,13376],"product_tag":[],"class_list":{"0":"post-693802","1":"product","2":"type-product","3":"status-publish","5":"product_cat-edebiyat","6":"product_cat-fransiz-edebiyati","7":"pa_cilt-ciltsiz","8":"pa_tur-kitap","9":"pa_yayinevi-timas-yayinlari","10":"pa_yazar-andre-gide","12":"first","13":"instock","14":"sale","15":"shipping-taxable","16":"purchasable","17":"product-type-simple"},"_links":{"self":[{"href":"https:\/\/roveyayinevi.com.tr\/index.php\/wp-json\/wp\/v2\/product\/693802","targetHints":{"allow":["GET"]}}],"collection":[{"href":"https:\/\/roveyayinevi.com.tr\/index.php\/wp-json\/wp\/v2\/product"}],"about":[{"href":"https:\/\/roveyayinevi.com.tr\/index.php\/wp-json\/wp\/v2\/types\/product"}],"wp:attachment":[{"href":"https:\/\/roveyayinevi.com.tr\/index.php\/wp-json\/wp\/v2\/media?parent=693802"}],"wp:term":[{"taxonomy":"product_brand","embeddable":true,"href":"https:\/\/roveyayinevi.com.tr\/index.php\/wp-json\/wp\/v2\/product_brand?post=693802"},{"taxonomy":"product_cat","embeddable":true,"href":"https:\/\/roveyayinevi.com.tr\/index.php\/wp-json\/wp\/v2\/product_cat?post=693802"},{"taxonomy":"product_tag","embeddable":true,"href":"https:\/\/roveyayinevi.com.tr\/index.php\/wp-json\/wp\/v2\/product_tag?post=693802"}],"curies":[{"name":"wp","href":"https:\/\/api.w.org\/{rel}","templated":true}]}}