{"id":693797,"date":"2025-08-27T14:16:33","date_gmt":"2025-08-27T11:16:33","guid":{"rendered":"https:\/\/roveyayinevi.com.tr\/index.php\/urun\/satranc-ogren-de-gel\/"},"modified":"2026-04-16T02:03:47","modified_gmt":"2026-04-15T23:03:47","slug":"satranc-ogren-de-gel","status":"publish","type":"product","link":"https:\/\/roveyayinevi.com.tr\/index.php\/urun\/satranc-ogren-de-gel\/","title":{"rendered":"Satran\u00e7 \u00d6\u011fren De Gel"},"content":{"rendered":"<p>Mektupla yap\u0131lan satran\u00e7 ma\u00e7lar\u0131n\u0131, ta\u015flar\u0131 yiyen bir satran\u00e7 oyuncusunu, Yavuz Sultan Selim\u2019in mat etti\u011fi \u015fah\u0131, deve \u00fcst\u00fcnde ta\u015fs\u0131z tahtas\u0131z satran\u00e7 oynayan Araplar\u0131, bir turnuvada 10 kilo veren satran\u00e7 \u015fampiyonunu, 11. y\u00fczy\u0131lda Avrupa\u2019da \u015f\u00f6valye olma \u015fartlar\u0131n\u0131 ve satranca dair en kolay y\u00f6ntemleri bu kitapta bulacaks\u0131n\u0131z.Satran\u00e7 oynad\u0131k\u00e7a haf\u0131zan\u0131z\u0131n geli\u015fti\u011fini hissedecek, satran\u00e7 oynayan bilgisayarlar\u0131 duyunca kulaklar\u0131n\u0131za inanamayacaks\u0131n\u0131z.Bu kitapta; d\u00fcnya satran\u00e7 \u015fampiyonlar\u0131 ile tan\u0131\u015facak, gelece\u011fin satran\u00e7 \u015fampiyonu olma yolunda ilk ad\u0131m\u0131 atacaks\u0131n\u0131z&#8230;Satran\u00e7 \u00f6\u011frenmek hi\u00e7 bu kadar keyifli olmam\u0131\u015ft\u0131&#8230;<\/p>\n","protected":false},"excerpt":{"rendered":"<p>Mektupla yap\u0131lan satran\u00e7 ma\u00e7lar\u0131n\u0131, ta\u015flar\u0131 yiyen bir satran\u00e7 oyuncusunu, Yavuz Sultan Selim\u2019in mat etti\u011fi \u015fah\u0131, deve \u00fcst\u00fcnde ta\u015fs\u0131z tahtas\u0131z satran\u00e7 oynayan Araplar\u0131, bir turnuvada 10 kilo<span class=\"excerpt-hellip\"> [\u2026]<\/span><\/p>\n","protected":false},"featured_media":0,"template":"","meta":{"_monsterinsights_skip_tracking":false,"_monsterinsights_sitenote_active":false,"_monsterinsights_sitenote_note":"","_monsterinsights_sitenote_category":0},"product_brand":[],"product_cat":[12274,12649],"product_tag":[],"class_list":{"0":"post-693797","1":"product","2":"type-product","3":"status-publish","5":"product_cat-cocuk-ve-genclik-kitaplari","6":"product_cat-hobi-muzik","7":"pa_cilt-ciltsiz","8":"pa_tur-kitap","9":"pa_yayinevi-eglenceli-bilgi-yayinlari","10":"pa_yazar-metin-ozdamarlar","12":"first","13":"instock","14":"sale","15":"shipping-taxable","16":"purchasable","17":"product-type-simple"},"_links":{"self":[{"href":"https:\/\/roveyayinevi.com.tr\/index.php\/wp-json\/wp\/v2\/product\/693797","targetHints":{"allow":["GET"]}}],"collection":[{"href":"https:\/\/roveyayinevi.com.tr\/index.php\/wp-json\/wp\/v2\/product"}],"about":[{"href":"https:\/\/roveyayinevi.com.tr\/index.php\/wp-json\/wp\/v2\/types\/product"}],"wp:attachment":[{"href":"https:\/\/roveyayinevi.com.tr\/index.php\/wp-json\/wp\/v2\/media?parent=693797"}],"wp:term":[{"taxonomy":"product_brand","embeddable":true,"href":"https:\/\/roveyayinevi.com.tr\/index.php\/wp-json\/wp\/v2\/product_brand?post=693797"},{"taxonomy":"product_cat","embeddable":true,"href":"https:\/\/roveyayinevi.com.tr\/index.php\/wp-json\/wp\/v2\/product_cat?post=693797"},{"taxonomy":"product_tag","embeddable":true,"href":"https:\/\/roveyayinevi.com.tr\/index.php\/wp-json\/wp\/v2\/product_tag?post=693797"}],"curies":[{"name":"wp","href":"https:\/\/api.w.org\/{rel}","templated":true}]}}