{"id":693793,"date":"2025-08-27T14:16:32","date_gmt":"2025-08-27T11:16:32","guid":{"rendered":"https:\/\/roveyayinevi.com.tr\/index.php\/urun\/bir-yazarin-gunlugu-2-cilt-takim\/"},"modified":"2026-04-16T02:03:47","modified_gmt":"2026-04-15T23:03:47","slug":"bir-yazarin-gunlugu-2-cilt-takim","status":"publish","type":"product","link":"https:\/\/roveyayinevi.com.tr\/index.php\/urun\/bir-yazarin-gunlugu-2-cilt-takim\/","title":{"rendered":"Bir Yazar\u0131n G\u00fcnl\u00fc\u011f\u00fc (2 Cilt Tak\u0131m)"},"content":{"rendered":"<p>Dostoyevski Bir Yazar\u0131n G\u00fcnl\u00fc\u011f\u00fc ne 1873&#8217;te Grajdanin dergisinde ba\u015flad\u0131. \u00dc\u00e7 y\u0131l ara verdikten sonra, 1876&#8217;da, Bir Yazar\u0131n G\u00fcnl\u00fc\u011f\u00fc ad\u0131 alt\u0131nda kendi dergisini \u00e7\u0131kard\u0131. Ayl\u0131k yaz\u0131larla iki y\u0131l d\u00fczenli olarak s\u00fcrd\u00fcrd\u00fc\u011f\u00fc bu yay\u0131na sa\u011fl\u0131\u011f\u0131n\u0131n bozulmas\u0131 \u00fczerine ara verdi. 1880&#8217;de sadece bir say\u0131 \u00e7\u0131kard\u0131. 1881&#8217;de, G\u00fcnl\u00fc\u011f\u00fc yine her ay\u0131 kapsayacak bi\u00e7imde yay\u0131nlamaya karar veridi; ancak, ocak say\u0131s\u0131n\u0131 \u00e7\u0131kard\u0131ktan sonra hastaland\u0131, \u015fubat ba\u015f\u0131nda da \u00f6ld\u00fc. Dostoyevski&#8217;nin d\u00f6neminin toplumsal ve siyasal olaylar\u0131n\u0131 ele ald\u0131\u011f\u0131 bu yaz\u0131lar\u0131n\u0131n i\u00e7eri\u011fini, kimisi bug\u00fcn de g\u00fcncelil\u011fini koruyan konular olu\u015fturur: halk\u0131yla ba\u011f\u0131n\u0131 koparm\u0131\u015f Rus ayd\u0131n\u0131n\u0131n ele\u015ftirisi; Rus halk\u0131n\u0131n y\u00fcceltilmesi; Slavlar\u0131n birle\u015ftirilmesi \u00fclk\u00fcs\u00fc; bat\u0131l\u0131la\u015fma sorunu, Avrupa \u00f6zenticili\u011fi, k\u00fclt\u00fcr yozla\u015fmas\u0131; anadil sorunu; adalet sistemi; kad\u0131n sorunu; sava\u015f ve bar\u0131\u015f \u00fczerine d\u00fc\u015f\u00fcnceler; Do\u011fu Sorunu; Katolik kilisesinin ele\u015fitirisi; edebiyat yaz\u0131lar\u0131. G\u00fcnl\u00fckte zaman zaman fantastik duygu y\u00fckl\u00fc \u00f6yk\u00fcler de yer alm\u0131\u015ft\u0131r. Dostoyevski&#8217;ni G\u00fcnl\u00fc\u011f\u00fcnde \u00f6zellikle ulusal duygularla kaleme ald\u0131\u011f\u0131 yaz\u0131lar\u0131 ilgiyle kar\u015f\u0131land\u0131, onu hat\u0131r\u0131 say\u0131l\u0131r bir okur kitlesine ula\u015ft\u0131rd\u0131. Ulusal bir g\u00f6steriye d\u00f6n\u00fc\u015fen cenazesi bu eski siyasi s\u00fcrg\u00fcn\u00fcn kendini topluma kabul ettirdi\u011finin g\u00f6stergesi oldu. Bir romanc\u0131 olarak tan\u0131d\u0131\u011f\u0131m\u0131z Dostoyevski&#8217;yi bu kitap sayesinde toplumsal-siyasal bir ki\u015filik olarak tan\u0131ma olana\u011f\u0131 buluyoruz. <\/p>\n","protected":false},"excerpt":{"rendered":"<p>Dostoyevski Bir Yazar\u0131n G\u00fcnl\u00fc\u011f\u00fc ne 1873&#8217;te Grajdanin dergisinde ba\u015flad\u0131. \u00dc\u00e7 y\u0131l ara verdikten sonra, 1876&#8217;da, Bir Yazar\u0131n G\u00fcnl\u00fc\u011f\u00fc ad\u0131 alt\u0131nda kendi dergisini \u00e7\u0131kard\u0131. Ayl\u0131k yaz\u0131larla iki<span class=\"excerpt-hellip\"> [\u2026]<\/span><\/p>\n","protected":false},"featured_media":0,"template":"","meta":{"_monsterinsights_skip_tracking":false,"_monsterinsights_sitenote_active":false,"_monsterinsights_sitenote_note":"","_monsterinsights_sitenote_category":0},"product_brand":[],"product_cat":[12291,13570],"product_tag":[],"class_list":{"0":"post-693793","1":"product","2":"type-product","3":"status-publish","5":"product_cat-edebiyat","6":"product_cat-rus-edebiyati","7":"pa_cilt-ciltsiz","8":"pa_tur-kitap","9":"pa_yayinevi-yapi-kredi-yayinlari","10":"pa_yazar-fyodor-mihaylovic-dostoyevski","12":"first","13":"instock","14":"sale","15":"shipping-taxable","16":"purchasable","17":"product-type-simple"},"_links":{"self":[{"href":"https:\/\/roveyayinevi.com.tr\/index.php\/wp-json\/wp\/v2\/product\/693793","targetHints":{"allow":["GET"]}}],"collection":[{"href":"https:\/\/roveyayinevi.com.tr\/index.php\/wp-json\/wp\/v2\/product"}],"about":[{"href":"https:\/\/roveyayinevi.com.tr\/index.php\/wp-json\/wp\/v2\/types\/product"}],"wp:attachment":[{"href":"https:\/\/roveyayinevi.com.tr\/index.php\/wp-json\/wp\/v2\/media?parent=693793"}],"wp:term":[{"taxonomy":"product_brand","embeddable":true,"href":"https:\/\/roveyayinevi.com.tr\/index.php\/wp-json\/wp\/v2\/product_brand?post=693793"},{"taxonomy":"product_cat","embeddable":true,"href":"https:\/\/roveyayinevi.com.tr\/index.php\/wp-json\/wp\/v2\/product_cat?post=693793"},{"taxonomy":"product_tag","embeddable":true,"href":"https:\/\/roveyayinevi.com.tr\/index.php\/wp-json\/wp\/v2\/product_tag?post=693793"}],"curies":[{"name":"wp","href":"https:\/\/api.w.org\/{rel}","templated":true}]}}