{"id":693790,"date":"2025-08-27T14:16:32","date_gmt":"2025-08-27T11:16:32","guid":{"rendered":"https:\/\/roveyayinevi.com.tr\/index.php\/urun\/birlesmeyen-sentez\/"},"modified":"2026-04-16T02:03:46","modified_gmt":"2026-04-15T23:03:46","slug":"birlesmeyen-sentez","status":"publish","type":"product","link":"https:\/\/roveyayinevi.com.tr\/index.php\/urun\/birlesmeyen-sentez\/","title":{"rendered":"Birle\u015fmeyen Sentez"},"content":{"rendered":"<p>Sosyolog-k\u00fcrat\u00f6r Ali Akay&#8217;\u0131n aralr\u0131ndan Baudrillard, Didi-Hberman, Bourriad ve Damisch&#8217;in bulundu\u011fu \u00f6nemli d\u00fc\u015f\u00fcn\u00fcrlerle yapt\u0131\u011f\u0131 s\u00f6yle\u015filer Sanat Tarihi: S\u0131rad\u0131\u015f\u0131 Bir Disiplin ba\u015fl\u0131kl\u0131 kitapta yay\u0131mlanm\u0131\u015ft\u0131. YKY bu kez de Ali Akay ile yap\u0131lm\u0131\u015f s\u00f6yle\u015fileri biraraya getiriyor, bireyle\u015fme, g\u00f6rsel k\u00fclt\u00fcr, g\u00f6rsel sosyoloji, sanatsal yakla\u015f\u0131mlar, sergiler ve sanat\u00e7\u0131lar\u0131n i\u015fleri gibi felsefi, sanatsal ve sosyolojik kavramlar bu konu\u015fmalarda ifade buluyor. <\/p>\n","protected":false},"excerpt":{"rendered":"<p>Sosyolog-k\u00fcrat\u00f6r Ali Akay&#8217;\u0131n aralr\u0131ndan Baudrillard, Didi-Hberman, Bourriad ve Damisch&#8217;in bulundu\u011fu \u00f6nemli d\u00fc\u015f\u00fcn\u00fcrlerle yapt\u0131\u011f\u0131 s\u00f6yle\u015filer Sanat Tarihi: S\u0131rad\u0131\u015f\u0131 Bir Disiplin ba\u015fl\u0131kl\u0131 kitapta yay\u0131mlanm\u0131\u015ft\u0131. YKY bu kez de<span class=\"excerpt-hellip\"> [\u2026]<\/span><\/p>\n","protected":false},"featured_media":0,"template":"","meta":{"_monsterinsights_skip_tracking":false,"_monsterinsights_sitenote_active":false,"_monsterinsights_sitenote_note":"","_monsterinsights_sitenote_category":0},"product_brand":[],"product_cat":[12835,12324],"product_tag":[],"class_list":{"0":"post-693790","1":"product","2":"type-product","3":"status-publish","5":"product_cat-genel-sosyoloji","6":"product_cat-sosyoloji","7":"pa_cilt-ciltsiz","8":"pa_tur-kitap","9":"pa_yayinevi-yapi-kredi-yayinlari","10":"pa_yazar-ali-akay","12":"first","13":"instock","14":"sale","15":"shipping-taxable","16":"purchasable","17":"product-type-simple"},"_links":{"self":[{"href":"https:\/\/roveyayinevi.com.tr\/index.php\/wp-json\/wp\/v2\/product\/693790","targetHints":{"allow":["GET"]}}],"collection":[{"href":"https:\/\/roveyayinevi.com.tr\/index.php\/wp-json\/wp\/v2\/product"}],"about":[{"href":"https:\/\/roveyayinevi.com.tr\/index.php\/wp-json\/wp\/v2\/types\/product"}],"wp:attachment":[{"href":"https:\/\/roveyayinevi.com.tr\/index.php\/wp-json\/wp\/v2\/media?parent=693790"}],"wp:term":[{"taxonomy":"product_brand","embeddable":true,"href":"https:\/\/roveyayinevi.com.tr\/index.php\/wp-json\/wp\/v2\/product_brand?post=693790"},{"taxonomy":"product_cat","embeddable":true,"href":"https:\/\/roveyayinevi.com.tr\/index.php\/wp-json\/wp\/v2\/product_cat?post=693790"},{"taxonomy":"product_tag","embeddable":true,"href":"https:\/\/roveyayinevi.com.tr\/index.php\/wp-json\/wp\/v2\/product_tag?post=693790"}],"curies":[{"name":"wp","href":"https:\/\/api.w.org\/{rel}","templated":true}]}}