{"id":693786,"date":"2025-08-27T14:16:31","date_gmt":"2025-08-27T11:16:31","guid":{"rendered":"https:\/\/roveyayinevi.com.tr\/index.php\/urun\/musab-b-umeyr\/"},"modified":"2026-04-16T02:03:46","modified_gmt":"2026-04-15T23:03:46","slug":"musab-b-umeyr","status":"publish","type":"product","link":"https:\/\/roveyayinevi.com.tr\/index.php\/urun\/musab-b-umeyr\/","title":{"rendered":"Mus\u2019ab b. Umeyr"},"content":{"rendered":"<p>\u0130slamiyet\u2019in ilk y\u0131llar\u0131nda, hen\u00fcz 25\u2019inde iken kat\u0131l\u0131r iman kervan\u0131na&#8230; En yak\u0131nlar\u0131ndan g\u00f6rd\u00fc\u011f\u00fc eza ve cefa kar\u015f\u0131s\u0131nda dik duru\u015funu muhafaza eder; zerre kadar geri ad\u0131m atmadan yoluna devam eder; ta ki Uhud\u2019da \u015fehid oluncaya kadar&#8230; Mus\u2019ab, Resulullah\u2019\u0131n \u015fanl\u0131 sahabelerindendir&#8230; 1500 y\u0131l \u00f6ncesinden bug\u00fcn\u00fcn modern insan\u0131na \u00e7ok \u015feyler s\u00f6yler&#8230; S\u00f6z\u00fcn \u00f6z\u00fc, ibret al\u0131nas\u0131 bir hayat, g\u0131pta edilesi bir \u015fehadettir Mus\u2019ab\u2019\u0131n&#8230; \u0130bret almak, istikamet kazanmak, model g\u00f6rmek isteyenler i\u00e7in&#8230; \u00d6mer D\u00f6ngelo\u011flu\u2019nun hayat\u0131 yorumlayan enfes kaleminden Mus\u2019ab b. Umeyr&#8230; <\/p>\n","protected":false},"excerpt":{"rendered":"<p>\u0130slamiyet\u2019in ilk y\u0131llar\u0131nda, hen\u00fcz 25\u2019inde iken kat\u0131l\u0131r iman kervan\u0131na&#8230; En yak\u0131nlar\u0131ndan g\u00f6rd\u00fc\u011f\u00fc eza ve cefa kar\u015f\u0131s\u0131nda dik duru\u015funu muhafaza eder; zerre kadar geri ad\u0131m atmadan yoluna<span class=\"excerpt-hellip\"> [\u2026]<\/span><\/p>\n","protected":false},"featured_media":0,"template":"","meta":{"_monsterinsights_skip_tracking":false,"_monsterinsights_sitenote_active":false,"_monsterinsights_sitenote_note":"","_monsterinsights_sitenote_category":0},"product_brand":[],"product_cat":[18094,12718,12719],"product_tag":[],"class_list":{"0":"post-693786","1":"product","2":"type-product","3":"status-publish","5":"product_cat-biyografi-otobiyografi-islam","6":"product_cat-din","7":"product_cat-islam","8":"pa_cilt-ciltsiz","9":"pa_tur-kitap","10":"pa_yayinevi-timas-yayinlari","11":"pa_yazar-omer-dongeloglu","13":"first","14":"instock","15":"sale","16":"shipping-taxable","17":"purchasable","18":"product-type-simple"},"_links":{"self":[{"href":"https:\/\/roveyayinevi.com.tr\/index.php\/wp-json\/wp\/v2\/product\/693786","targetHints":{"allow":["GET"]}}],"collection":[{"href":"https:\/\/roveyayinevi.com.tr\/index.php\/wp-json\/wp\/v2\/product"}],"about":[{"href":"https:\/\/roveyayinevi.com.tr\/index.php\/wp-json\/wp\/v2\/types\/product"}],"wp:attachment":[{"href":"https:\/\/roveyayinevi.com.tr\/index.php\/wp-json\/wp\/v2\/media?parent=693786"}],"wp:term":[{"taxonomy":"product_brand","embeddable":true,"href":"https:\/\/roveyayinevi.com.tr\/index.php\/wp-json\/wp\/v2\/product_brand?post=693786"},{"taxonomy":"product_cat","embeddable":true,"href":"https:\/\/roveyayinevi.com.tr\/index.php\/wp-json\/wp\/v2\/product_cat?post=693786"},{"taxonomy":"product_tag","embeddable":true,"href":"https:\/\/roveyayinevi.com.tr\/index.php\/wp-json\/wp\/v2\/product_tag?post=693786"}],"curies":[{"name":"wp","href":"https:\/\/api.w.org\/{rel}","templated":true}]}}