{"id":693783,"date":"2025-08-27T14:16:30","date_gmt":"2025-08-27T11:16:30","guid":{"rendered":"https:\/\/roveyayinevi.com.tr\/index.php\/urun\/osmanlidan-gunumuze-kimlik-ve-ideoloji\/"},"modified":"2026-04-16T02:03:46","modified_gmt":"2026-04-15T23:03:46","slug":"osmanlidan-gunumuze-kimlik-ve-ideoloji","status":"publish","type":"product","link":"https:\/\/roveyayinevi.com.tr\/index.php\/urun\/osmanlidan-gunumuze-kimlik-ve-ideoloji\/","title":{"rendered":"Osmanl\u0131\u2019dan G\u00fcn\u00fcm\u00fcze Kimlik ve \u0130deoloji"},"content":{"rendered":"<p>D\u00fcnya \u00e7ap\u0131nda tan\u0131nan \u00f6nemli tarih\u00e7imiz Kemal Karpat\u0131n Tima\u015f Yay\u0131nlar\u0131ndan \u00e7\u0131kan ikinci kitab\u0131 Kimlik ve \u0130deoloji, T\u00fcrkiyenin ideolojik ser\u00fcveniyle ilgili makaleleri bir araya getiriyor. \u00dclkenin demokratik bir d\u00fczen kurmak i\u00e7in ge\u00e7irdi\u011fi d\u00f6nemleri inceleyen kitab\u0131n ana konusunu iktidar ve muhalefet ili\u015fkileri olu\u015fturuyor. Kitapta Karpat, T\u00fcrkiyenin modernle\u015fme s\u00fcrecinde kimlik olu\u015fumlar\u0131n\u0131n izlerini Osmanl\u0131 tarihinde arayarak okura \u00e7ok boyutlu bir politika ve tarih okumas\u0131 sunuyor. Osmanl\u0131n\u0131n son y\u0131llar\u0131nda Romanyal\u0131lar, T\u00fcrkler, Yahudiler, Ermeniler, Ruslar ve Rumlar\u0131n bir arada ya\u015fad\u0131\u011f\u0131 ve her bir toplulu\u011fun kendi milliyetinin, kimli\u011finin ve inanc\u0131n\u0131n tamamen bilincinde oldu\u011fu Dobrucada do\u011fan Karpat, \u00e7ok kimlikle b\u00fcy\u00fcme tecr\u00fcbesini tarih\u00e7i yetkinli\u011fiyle birle\u015ftirerek T\u00fcrkiyede etnik, mill\u00ee ve din\u00ee kimliklerin k\u00f6kenini ara\u015ft\u0131r\u0131yor. Cumhuriyetin \u00e7\u00f6z\u00fclmemi\u015f sorunlar\u0131ndan biri olan T\u00fcrkl\u00fck tan\u0131m\u0131n\u0131n Osmanl\u0131daki ve T\u00fcrkiye Cumhuriyetindeki \u00e7a\u011fr\u0131\u015f\u0131mlar\u0131n\u0131 kar\u015f\u0131la\u015ft\u0131r\u0131yor. Karpata g\u00f6re, k\u00fcreselle\u015fme \u00e7a\u011f\u0131nda \u00f6zg\u00fcr bireylerden olu\u015fan etno-din\u00ee ve k\u00fclt\u00fcrel cemaatler kimli\u011fin y\u00f6r\u00fcngeleri olarak hayati bir rol oynayacak ve ahlaki ve manev\u00ee g\u00fcc\u00fcn kaynaklar\u0131 olacak. Bu anlamda Karpat, siyasall\u0131ktan ar\u0131nm\u0131\u015f din yeni k\u00fcresel d\u00fczenin ruhsal kalesidir diyor. AK Parti iktidar\u0131n\u0131 da bu y\u00fczden T\u00fcrk siyasetinde bir d\u00f6n\u00fcm noktas\u0131 ve ileriye d\u00f6n\u00fck yeni bir d\u00f6nemin ba\u015flang\u0131c\u0131 olarak g\u00f6r\u00fcyor. Ona g\u00f6re AKP T\u00fcrkiyenin \u00e7ok karma\u015f\u0131k ideolojik tarihinde ideolojinin sonunu temsil ediyor.Karpat, din, \u0131rk, devlet, ulus, modernle\u015fme ve gelenek gibi pek \u00e7ok kavrama Osmanl\u0131 ve T\u00fcrkiye ba\u011flam\u0131nda ilm\u00ee bir bak\u0131\u015f a\u00e7\u0131s\u0131yla \u0131\u015f\u0131k tutuyor. Kitap, g\u00fcn\u00fcm\u00fcz\u00fcn meselelerine sa\u011flam bir tarih bilinci ile yakla\u015fma ad\u0131na ilim d\u00fcnyam\u0131za bir katk\u0131 say\u0131lmal\u0131d\u0131r. T\u00fcrkiye Cumhuriyeti tarihinde ilk muhalefet, sa\u011flam temellere dayanarak ortaya \u00e7\u0131km\u0131\u015f fakat iktidar taraf\u0131ndan susturulmu\u015ftur. Her muhalefet dinci yobazlara mal edilerek, bunlara kar\u015f\u0131 her tedbir ileri medeniyet u\u011fruna m\u00fcbah say\u0131lm\u0131\u015ft\u0131r. Neticede devleti idare eden h\u00fck\u00fcmet vatanda\u015f\u0131n d\u00fc\u015f\u00fcncesini koruyan bir kurum olmaktan \u00e7\u0131karak ideolojileri y\u00fcr\u00fctme ve ger\u00e7ekle\u015ftirme arac\u0131 olmu\u015ftur. T\u00fcrkiyede hakim elit felsefesi, daima tepeden inme ve devleti ara\u00e7 haline getirerek idealize edilmi\u015f soyut bir medeniyet olu\u015fturmak istemektedir. Halbuki halk\u0131n medeniyet anlay\u0131\u015f\u0131 somuttur ve refah, adalet, g\u00fcvenlik gibi pratik ama\u00e7lar\u0131 \u00f6ng\u00f6r\u00fcr. Ben \u015fahsen halk\u0131m\u0131z\u0131n olgunlu\u011funa, dengeli hareket edce\u011fine, temelde demokrat ruhlu oldu\u011funa ve ger\u00e7ek demokrasinin T\u00fcrkiyede insanlara sonsuz maddi ve manevi ufuklar a\u00e7aca\u011f\u0131na inand\u0131\u011f\u0131m kadar bir\u00e7ok a\u015f\u0131r\u0131l\u0131klar\u0131n ve eski yaralar\u0131n demokratik bir hava i\u00e7inde tart\u0131\u015f\u0131larak \u00e7\u00f6z\u00fcmlenece\u011fine ve kimlik ve k\u00fclt\u00fcr bunal\u0131m\u0131na son verilece\u011fine de inanmaktay\u0131m. Kemal Karpat<\/p>\n","protected":false},"excerpt":{"rendered":"<p>D\u00fcnya \u00e7ap\u0131nda tan\u0131nan \u00f6nemli tarih\u00e7imiz Kemal Karpat\u0131n Tima\u015f Yay\u0131nlar\u0131ndan \u00e7\u0131kan ikinci kitab\u0131 Kimlik ve \u0130deoloji, T\u00fcrkiyenin ideolojik ser\u00fcveniyle ilgili makaleleri bir araya getiriyor. \u00dclkenin demokratik bir<span class=\"excerpt-hellip\"> [\u2026]<\/span><\/p>\n","protected":false},"featured_media":0,"template":"","meta":{"_monsterinsights_skip_tracking":false,"_monsterinsights_sitenote_active":false,"_monsterinsights_sitenote_note":"","_monsterinsights_sitenote_category":0},"product_brand":[],"product_cat":[13517,12304],"product_tag":[],"class_list":{"0":"post-693783","1":"product","2":"type-product","3":"status-publish","5":"product_cat-osmanli-tarihi","6":"product_cat-tarih","7":"pa_cilt-ciltsiz","8":"pa_tur-kitap","9":"pa_yayinevi-timas-yayinlari","10":"pa_yazar-kemal-h-karpat","12":"first","13":"instock","14":"sale","15":"shipping-taxable","16":"purchasable","17":"product-type-simple"},"_links":{"self":[{"href":"https:\/\/roveyayinevi.com.tr\/index.php\/wp-json\/wp\/v2\/product\/693783","targetHints":{"allow":["GET"]}}],"collection":[{"href":"https:\/\/roveyayinevi.com.tr\/index.php\/wp-json\/wp\/v2\/product"}],"about":[{"href":"https:\/\/roveyayinevi.com.tr\/index.php\/wp-json\/wp\/v2\/types\/product"}],"wp:attachment":[{"href":"https:\/\/roveyayinevi.com.tr\/index.php\/wp-json\/wp\/v2\/media?parent=693783"}],"wp:term":[{"taxonomy":"product_brand","embeddable":true,"href":"https:\/\/roveyayinevi.com.tr\/index.php\/wp-json\/wp\/v2\/product_brand?post=693783"},{"taxonomy":"product_cat","embeddable":true,"href":"https:\/\/roveyayinevi.com.tr\/index.php\/wp-json\/wp\/v2\/product_cat?post=693783"},{"taxonomy":"product_tag","embeddable":true,"href":"https:\/\/roveyayinevi.com.tr\/index.php\/wp-json\/wp\/v2\/product_tag?post=693783"}],"curies":[{"name":"wp","href":"https:\/\/api.w.org\/{rel}","templated":true}]}}