{"id":693770,"date":"2025-08-27T14:16:27","date_gmt":"2025-08-27T11:16:27","guid":{"rendered":"https:\/\/roveyayinevi.com.tr\/index.php\/urun\/bir-beyoglu-dusu-berlinde-sanri-kanallar\/"},"modified":"2026-04-16T02:03:46","modified_gmt":"2026-04-15T23:03:46","slug":"bir-beyoglu-dusu-berlinde-sanri-kanallar","status":"publish","type":"product","link":"https:\/\/roveyayinevi.com.tr\/index.php\/urun\/bir-beyoglu-dusu-berlinde-sanri-kanallar\/","title":{"rendered":"Bir Beyo\u011flu D\u00fc\u015f\u00fc &#8211; Berlin\u2019de Sanr\u0131 &#8211; Kanallar"},"content":{"rendered":"<p>\u00d6yk\u00fc ve romanlar\u0131yla tan\u0131d\u0131\u011f\u0131m\u0131z 1950 Ku\u015fa\u011f\u0131&#8217;n\u0131n \u00f6nde gelen yazarlar\u0131ndan Demir \u00d6zl\u00fc, 1980&#8217;lerde yazd\u0131\u011f\u0131 novellalarla kendi anlat\u0131 d\u00fcnyas\u0131n\u0131n yetkin \u00f6rneklerini vermi\u015fti. Gen\u00e7li\u011fin bunalt\u0131l\u0131 erotizmiyle dolu Beyo\u011flu, Kleist&#8217;\u0131n izinde Wannesee&#8217;de ya\u015fanan \u015fiddetli a\u015fk, Kierkegaard&#8217;a yasl\u0131 ya\u015fam-\u00f6l\u00fcm, a\u015fk-cinsellik sorunlar\u0131n\u0131n de\u015fildi\u011fi Amsterdam&#8230; \u00d6zl\u00fc, d\u00fc\u015flerin izini s\u00fcrd\u00fc\u011f\u00fc kentlerde bir yandan da melankoli desenliyor. Demir \u00d6zl\u00fc yirmi ya\u015flar\u0131ndan bug\u00fcne yaratt\u0131klar\u0131yla ger\u00e7ek bir klasik oldu\u011funu kan\u0131tlam\u0131\u015f olanlardan. (Oktay Akbal, Cumhuriyet, 29 Nisan 2004) Demir \u00d6zl\u00fc&#8217;n\u00fcn son yap\u0131tlar\u0131 da gene Post-modernist ba\u011flamda ele al\u0131nabilirler. Bu yap\u0131tlarda an\u0131 ile kurmaca aras\u0131nda ne bir se\u00e7im yap\u0131labilir ne de yap\u0131t b\u00f6yle bir ayr\u0131m \u00fczerinden de\u011ferlendirmeye sokulabilir. Anlat\u0131m\u0131n s\u00fcr\u00fckleyicili\u011fi, s\u00f6zsel anlam\u0131n \u00f6n\u00fcne ge\u00e7er. (G\u00fcven Turan, Yaz\u0131yla Ya\u015famak) \ufffcTan\u0131t\u0131m Metni<\/p>\n","protected":false},"excerpt":{"rendered":"<p>\u00d6yk\u00fc ve romanlar\u0131yla tan\u0131d\u0131\u011f\u0131m\u0131z 1950 Ku\u015fa\u011f\u0131&#8217;n\u0131n \u00f6nde gelen yazarlar\u0131ndan Demir \u00d6zl\u00fc, 1980&#8217;lerde yazd\u0131\u011f\u0131 novellalarla kendi anlat\u0131 d\u00fcnyas\u0131n\u0131n yetkin \u00f6rneklerini vermi\u015fti. Gen\u00e7li\u011fin bunalt\u0131l\u0131 erotizmiyle dolu Beyo\u011flu, Kleist&#8217;\u0131n<span class=\"excerpt-hellip\"> [\u2026]<\/span><\/p>\n","protected":false},"featured_media":0,"template":"","meta":{"_monsterinsights_skip_tracking":false,"_monsterinsights_sitenote_active":false,"_monsterinsights_sitenote_note":"","_monsterinsights_sitenote_category":0},"product_brand":[],"product_cat":[12291,12292],"product_tag":[],"class_list":{"0":"post-693770","1":"product","2":"type-product","3":"status-publish","5":"product_cat-edebiyat","6":"product_cat-turk-edebiyati","7":"pa_cilt-ciltsiz","8":"pa_tur-kitap","9":"pa_yayinevi-yapi-kredi-yayinlari","10":"pa_yazar-demir-ozlu","12":"first","13":"instock","14":"sale","15":"shipping-taxable","16":"purchasable","17":"product-type-simple"},"_links":{"self":[{"href":"https:\/\/roveyayinevi.com.tr\/index.php\/wp-json\/wp\/v2\/product\/693770","targetHints":{"allow":["GET"]}}],"collection":[{"href":"https:\/\/roveyayinevi.com.tr\/index.php\/wp-json\/wp\/v2\/product"}],"about":[{"href":"https:\/\/roveyayinevi.com.tr\/index.php\/wp-json\/wp\/v2\/types\/product"}],"wp:attachment":[{"href":"https:\/\/roveyayinevi.com.tr\/index.php\/wp-json\/wp\/v2\/media?parent=693770"}],"wp:term":[{"taxonomy":"product_brand","embeddable":true,"href":"https:\/\/roveyayinevi.com.tr\/index.php\/wp-json\/wp\/v2\/product_brand?post=693770"},{"taxonomy":"product_cat","embeddable":true,"href":"https:\/\/roveyayinevi.com.tr\/index.php\/wp-json\/wp\/v2\/product_cat?post=693770"},{"taxonomy":"product_tag","embeddable":true,"href":"https:\/\/roveyayinevi.com.tr\/index.php\/wp-json\/wp\/v2\/product_tag?post=693770"}],"curies":[{"name":"wp","href":"https:\/\/api.w.org\/{rel}","templated":true}]}}