{"id":693759,"date":"2025-08-27T14:16:25","date_gmt":"2025-08-27T11:16:25","guid":{"rendered":"https:\/\/roveyayinevi.com.tr\/index.php\/urun\/dort-koseli-ucgen\/"},"modified":"2026-04-16T02:03:46","modified_gmt":"2026-04-15T23:03:46","slug":"dort-koseli-ucgen","status":"publish","type":"product","link":"https:\/\/roveyayinevi.com.tr\/index.php\/urun\/dort-koseli-ucgen\/","title":{"rendered":"D\u00f6rt K\u00f6\u015feli \u00dc\u00e7gen"},"content":{"rendered":"<p>Edebiyat\u0131m\u0131z\u0131n \u00f6zg\u00fcn kalemlerinden Sal\u00e2h Birsel hiciv sanat\u0131n\u0131n en ba\u015far\u0131l\u0131 \u00f6rneklerinden birini sunuyor. D\u00f6rt K\u00f6\u015feli \u00dc\u00e7gen, mek\u00e2n\u0131n; birey alg\u0131s\u0131 bak\u0131m\u0131ndan k\u0131r\u0131larak yeniden yorumlan\u0131\u015f\u0131, belle\u011fin ritimlerine kar\u015f\u0131 \u00e7\u0131k\u0131\u015f, ahlak totaliterli\u011fine tepki olarak koyulan birka\u00e7 kar\u0131\u015fl\u0131k mesafe&#8230; <\/p>\n","protected":false},"excerpt":{"rendered":"<p>Edebiyat\u0131m\u0131z\u0131n \u00f6zg\u00fcn kalemlerinden Sal\u00e2h Birsel hiciv sanat\u0131n\u0131n en ba\u015far\u0131l\u0131 \u00f6rneklerinden birini sunuyor. D\u00f6rt K\u00f6\u015feli \u00dc\u00e7gen, mek\u00e2n\u0131n; birey alg\u0131s\u0131 bak\u0131m\u0131ndan k\u0131r\u0131larak yeniden yorumlan\u0131\u015f\u0131, belle\u011fin ritimlerine kar\u015f\u0131 \u00e7\u0131k\u0131\u015f,<span class=\"excerpt-hellip\"> [\u2026]<\/span><\/p>\n","protected":false},"featured_media":0,"template":"","meta":{"_monsterinsights_skip_tracking":false,"_monsterinsights_sitenote_active":false,"_monsterinsights_sitenote_note":"","_monsterinsights_sitenote_category":0},"product_brand":[],"product_cat":[12291,12292],"product_tag":[],"class_list":{"0":"post-693759","1":"product","2":"type-product","3":"status-publish","5":"product_cat-edebiyat","6":"product_cat-turk-edebiyati","7":"pa_cilt-ciltsiz","8":"pa_tur-kitap","9":"pa_yayinevi-sel-yayincilik","10":"pa_yazar-salah-birsel","12":"first","13":"instock","14":"sale","15":"shipping-taxable","16":"purchasable","17":"product-type-simple"},"_links":{"self":[{"href":"https:\/\/roveyayinevi.com.tr\/index.php\/wp-json\/wp\/v2\/product\/693759","targetHints":{"allow":["GET"]}}],"collection":[{"href":"https:\/\/roveyayinevi.com.tr\/index.php\/wp-json\/wp\/v2\/product"}],"about":[{"href":"https:\/\/roveyayinevi.com.tr\/index.php\/wp-json\/wp\/v2\/types\/product"}],"wp:attachment":[{"href":"https:\/\/roveyayinevi.com.tr\/index.php\/wp-json\/wp\/v2\/media?parent=693759"}],"wp:term":[{"taxonomy":"product_brand","embeddable":true,"href":"https:\/\/roveyayinevi.com.tr\/index.php\/wp-json\/wp\/v2\/product_brand?post=693759"},{"taxonomy":"product_cat","embeddable":true,"href":"https:\/\/roveyayinevi.com.tr\/index.php\/wp-json\/wp\/v2\/product_cat?post=693759"},{"taxonomy":"product_tag","embeddable":true,"href":"https:\/\/roveyayinevi.com.tr\/index.php\/wp-json\/wp\/v2\/product_tag?post=693759"}],"curies":[{"name":"wp","href":"https:\/\/api.w.org\/{rel}","templated":true}]}}