{"id":693750,"date":"2025-08-27T14:16:23","date_gmt":"2025-08-27T11:16:23","guid":{"rendered":"https:\/\/roveyayinevi.com.tr\/index.php\/urun\/rakam-oyunlari-sudoku\/"},"modified":"2026-04-16T02:03:45","modified_gmt":"2026-04-15T23:03:45","slug":"rakam-oyunlari-sudoku","status":"publish","type":"product","link":"https:\/\/roveyayinevi.com.tr\/index.php\/urun\/rakam-oyunlari-sudoku\/","title":{"rendered":"Rakam Oyunlar\u0131 &#8211; Sudoku"},"content":{"rendered":"<p>Sudoku bulmacalar\u0131 beynin din\u00e7 ve sa\u011fl\u0131kl\u0131 kalmas\u0131na yard\u0131mc\u0131 olmakta, \u00e7ok y\u00f6nl\u00fc d\u00fc\u015f\u00fcnme yetene\u011fini geli\u015ftirmekte ve g\u00fcn\u00fcn yorgunlu\u011funun at\u0131lmas\u0131na katk\u0131da bulunmaktad\u0131r. Sudoku \u00f6zellikle geli\u015fim \u00e7a\u011f\u0131ndaki \u00e7ocuklara uzmanlarca tavsiye edilmektedir. F\u0131rsat buldu\u011funuz her an ve her yerde Sudoku \u00e7\u00f6zebilirsiniz. \u0130htiyac\u0131n\u0131z olan sadece bir kalem, bir silgi ve bir bulmaca. \u015eimdi Sudoku zaman\u0131, hepinize iyi e\u011flenceler! \ufffcTan\u0131t\u0131m Metni<\/p>\n","protected":false},"excerpt":{"rendered":"<p>Sudoku bulmacalar\u0131 beynin din\u00e7 ve sa\u011fl\u0131kl\u0131 kalmas\u0131na yard\u0131mc\u0131 olmakta, \u00e7ok y\u00f6nl\u00fc d\u00fc\u015f\u00fcnme yetene\u011fini geli\u015ftirmekte ve g\u00fcn\u00fcn yorgunlu\u011funun at\u0131lmas\u0131na katk\u0131da bulunmaktad\u0131r. Sudoku \u00f6zellikle geli\u015fim \u00e7a\u011f\u0131ndaki \u00e7ocuklara uzmanlarca<span class=\"excerpt-hellip\"> [\u2026]<\/span><\/p>\n","protected":false},"featured_media":0,"template":"","meta":{"_monsterinsights_skip_tracking":false,"_monsterinsights_sitenote_active":false,"_monsterinsights_sitenote_note":"","_monsterinsights_sitenote_category":0},"product_brand":[],"product_cat":[12492,12274],"product_tag":[],"class_list":{"0":"post-693750","1":"product","2":"type-product","3":"status-publish","5":"product_cat-bilmece-bulmaca","6":"product_cat-cocuk-ve-genclik-kitaplari","7":"pa_cilt-ciltsiz","8":"pa_tur-kitap","9":"pa_yayinevi-ugurbocegi-yayinlari","10":"pa_yazar-ahmet-bilal-yaprakdal","12":"first","13":"instock","14":"sale","15":"shipping-taxable","16":"purchasable","17":"product-type-simple"},"_links":{"self":[{"href":"https:\/\/roveyayinevi.com.tr\/index.php\/wp-json\/wp\/v2\/product\/693750","targetHints":{"allow":["GET"]}}],"collection":[{"href":"https:\/\/roveyayinevi.com.tr\/index.php\/wp-json\/wp\/v2\/product"}],"about":[{"href":"https:\/\/roveyayinevi.com.tr\/index.php\/wp-json\/wp\/v2\/types\/product"}],"wp:attachment":[{"href":"https:\/\/roveyayinevi.com.tr\/index.php\/wp-json\/wp\/v2\/media?parent=693750"}],"wp:term":[{"taxonomy":"product_brand","embeddable":true,"href":"https:\/\/roveyayinevi.com.tr\/index.php\/wp-json\/wp\/v2\/product_brand?post=693750"},{"taxonomy":"product_cat","embeddable":true,"href":"https:\/\/roveyayinevi.com.tr\/index.php\/wp-json\/wp\/v2\/product_cat?post=693750"},{"taxonomy":"product_tag","embeddable":true,"href":"https:\/\/roveyayinevi.com.tr\/index.php\/wp-json\/wp\/v2\/product_tag?post=693750"}],"curies":[{"name":"wp","href":"https:\/\/api.w.org\/{rel}","templated":true}]}}