{"id":693749,"date":"2025-08-27T14:16:23","date_gmt":"2025-08-27T11:16:23","guid":{"rendered":"https:\/\/roveyayinevi.com.tr\/index.php\/urun\/peygamberin-kucuk-arkadaslari\/"},"modified":"2026-04-16T02:03:45","modified_gmt":"2026-04-15T23:03:45","slug":"peygamberin-kucuk-arkadaslari","status":"publish","type":"product","link":"https:\/\/roveyayinevi.com.tr\/index.php\/urun\/peygamberin-kucuk-arkadaslari\/","title":{"rendered":"Peygamberin K\u00fc\u00e7\u00fck Arkada\u015flar\u0131"},"content":{"rendered":"<p>Sevgili \u00c7ocuklar, sizler i\u00e7in bu kitab\u0131 haz\u0131rlarken, hacmi k\u00fc\u00e7\u00fcc\u00fck ama i\u00e7i hazinelerle dolu bir kitap olsun istedik. Sayfalar\u0131n\u0131 teker teker \u00e7evirirken, i\u00e7iniz Sevgili Peygamberimiz\u2019in sevgisi ile dolsun istedik&#8230; O\u2019nun k\u00fc\u00e7\u00fck arkada\u015flar\u0131 ile olan tatl\u0131 hat\u0131ralar\u0131n\u0131 okuduk\u00e7a, Peygamberimizin \u00e7ocuklar\u0131 ne kadar \u00e7ok sevdi\u011fini g\u00f6r\u00fcp, \u00f6\u011frenin istedik&#8230; Kendinizi, saadet asr\u0131n\u0131n o \u00e7ok ama \u00e7ok \u015fansl\u0131 \u00e7ocuklar\u0131 aras\u0131nda hayal edin.. Aran\u0131zdaki koca koca as\u0131rlar\u0131 bir kenara iterek, Medine\u2019nin darac\u0131k sokaklar\u0131nda, g\u00fcle oynaya ko\u015fturun ve Peygamberimiz\u2019in g\u00fcl kokusunu i\u00e7inize \u00e7ekin istedik&#8230; <\/p>\n","protected":false},"excerpt":{"rendered":"<p>Sevgili \u00c7ocuklar, sizler i\u00e7in bu kitab\u0131 haz\u0131rlarken, hacmi k\u00fc\u00e7\u00fcc\u00fck ama i\u00e7i hazinelerle dolu bir kitap olsun istedik. Sayfalar\u0131n\u0131 teker teker \u00e7evirirken, i\u00e7iniz Sevgili Peygamberimiz\u2019in sevgisi ile<span class=\"excerpt-hellip\"> [\u2026]<\/span><\/p>\n","protected":false},"featured_media":0,"template":"","meta":{"_monsterinsights_skip_tracking":false,"_monsterinsights_sitenote_active":false,"_monsterinsights_sitenote_note":"","_monsterinsights_sitenote_category":0},"product_brand":[],"product_cat":[12274,18802],"product_tag":[],"class_list":{"0":"post-693749","1":"product","2":"type-product","3":"status-publish","5":"product_cat-cocuk-ve-genclik-kitaplari","6":"product_cat-din-egitimi","7":"pa_tur-kitap","8":"pa_yayinevi-ugurbocegi-yayinlari","9":"pa_yazar-m-sinan-adali","11":"first","12":"instock","13":"sale","14":"shipping-taxable","15":"purchasable","16":"product-type-simple"},"_links":{"self":[{"href":"https:\/\/roveyayinevi.com.tr\/index.php\/wp-json\/wp\/v2\/product\/693749","targetHints":{"allow":["GET"]}}],"collection":[{"href":"https:\/\/roveyayinevi.com.tr\/index.php\/wp-json\/wp\/v2\/product"}],"about":[{"href":"https:\/\/roveyayinevi.com.tr\/index.php\/wp-json\/wp\/v2\/types\/product"}],"wp:attachment":[{"href":"https:\/\/roveyayinevi.com.tr\/index.php\/wp-json\/wp\/v2\/media?parent=693749"}],"wp:term":[{"taxonomy":"product_brand","embeddable":true,"href":"https:\/\/roveyayinevi.com.tr\/index.php\/wp-json\/wp\/v2\/product_brand?post=693749"},{"taxonomy":"product_cat","embeddable":true,"href":"https:\/\/roveyayinevi.com.tr\/index.php\/wp-json\/wp\/v2\/product_cat?post=693749"},{"taxonomy":"product_tag","embeddable":true,"href":"https:\/\/roveyayinevi.com.tr\/index.php\/wp-json\/wp\/v2\/product_tag?post=693749"}],"curies":[{"name":"wp","href":"https:\/\/api.w.org\/{rel}","templated":true}]}}