{"id":693728,"date":"2025-08-27T14:16:18","date_gmt":"2025-08-27T11:16:18","guid":{"rendered":"https:\/\/roveyayinevi.com.tr\/index.php\/urun\/mavi-lale\/"},"modified":"2026-04-16T02:03:45","modified_gmt":"2026-04-15T23:03:45","slug":"mavi-lale","status":"publish","type":"product","link":"https:\/\/roveyayinevi.com.tr\/index.php\/urun\/mavi-lale\/","title":{"rendered":"Mavi Lale"},"content":{"rendered":"<p>Ben \u015fimdilerde on alt\u0131nc\u0131 as\u0131rlardan kalma \u00e7ini bir pencere al\u0131nl\u0131\u011f\u0131nda, tam sa\u011f alt k\u00f6\u015feye imza d\u00fc\u015f\u00fcr\u00fclm\u00fc\u015f mavi bir Osman\u0131l lalesi neler d\u00fc\u015f\u00fcn\u00fcr, onu merak etmedeyim. Lale m\u00fch\u00fcrl\u00fc, kendi tarih\u00e7esinin fark\u0131nda m\u0131 her zaman merak edilebilir bir ka\u011f\u0131d\u0131n sath\u0131nda. Ben. Yani modern zamanlar\u0131n mavi laleleri kavramakta zorlanan bilinci \u00f6rselenmi\u015f, ben demekten ho\u015flanan \u00e7ocu\u011fu. Sa\u011f avcumun i\u00e7inde ters bir lale, kusursuzlu\u011fuyla kem nazarlar\u0131 \u00e7a\u011f\u0131ran Selimiye\u2018nin mazisinde ters huylu bir kad\u0131n olmasam da. Bir sahaf d\u00fckkan\u0131n\u0131n derinli\u011finde ilk sahifesi yitik bir Lale Risalesini okumaya bir t\u00fcrl\u00fc ba\u015flayam\u0131yorken ben, yine ben; bir laledana dald\u0131r\u0131lm\u0131\u015f tek sap lalenin uyand\u0131rd\u0131\u011f\u0131 a\u015final\u0131\u011f\u0131n s\u0131z\u0131s\u0131nda. <\/p>\n","protected":false},"excerpt":{"rendered":"<p>Ben \u015fimdilerde on alt\u0131nc\u0131 as\u0131rlardan kalma \u00e7ini bir pencere al\u0131nl\u0131\u011f\u0131nda, tam sa\u011f alt k\u00f6\u015feye imza d\u00fc\u015f\u00fcr\u00fclm\u00fc\u015f mavi bir Osman\u0131l lalesi neler d\u00fc\u015f\u00fcn\u00fcr, onu merak etmedeyim. Lale<span class=\"excerpt-hellip\"> [\u2026]<\/span><\/p>\n","protected":false},"featured_media":0,"template":"","meta":{"_monsterinsights_skip_tracking":false,"_monsterinsights_sitenote_active":false,"_monsterinsights_sitenote_note":"","_monsterinsights_sitenote_category":0},"product_brand":[],"product_cat":[12777,12291],"product_tag":[],"class_list":{"0":"post-693728","1":"product","2":"type-product","3":"status-publish","5":"product_cat-deneme","6":"product_cat-edebiyat","7":"pa_cilt-ciltsiz","8":"pa_tur-kitap","9":"pa_yayinevi-timas-yayinlari","10":"pa_yazar-nazan-bekiroglu","12":"first","13":"instock","14":"sale","15":"shipping-taxable","16":"purchasable","17":"product-type-simple"},"_links":{"self":[{"href":"https:\/\/roveyayinevi.com.tr\/index.php\/wp-json\/wp\/v2\/product\/693728","targetHints":{"allow":["GET"]}}],"collection":[{"href":"https:\/\/roveyayinevi.com.tr\/index.php\/wp-json\/wp\/v2\/product"}],"about":[{"href":"https:\/\/roveyayinevi.com.tr\/index.php\/wp-json\/wp\/v2\/types\/product"}],"wp:attachment":[{"href":"https:\/\/roveyayinevi.com.tr\/index.php\/wp-json\/wp\/v2\/media?parent=693728"}],"wp:term":[{"taxonomy":"product_brand","embeddable":true,"href":"https:\/\/roveyayinevi.com.tr\/index.php\/wp-json\/wp\/v2\/product_brand?post=693728"},{"taxonomy":"product_cat","embeddable":true,"href":"https:\/\/roveyayinevi.com.tr\/index.php\/wp-json\/wp\/v2\/product_cat?post=693728"},{"taxonomy":"product_tag","embeddable":true,"href":"https:\/\/roveyayinevi.com.tr\/index.php\/wp-json\/wp\/v2\/product_tag?post=693728"}],"curies":[{"name":"wp","href":"https:\/\/api.w.org\/{rel}","templated":true}]}}