{"id":693727,"date":"2025-08-27T14:16:18","date_gmt":"2025-08-27T11:16:18","guid":{"rendered":"https:\/\/roveyayinevi.com.tr\/index.php\/urun\/mesneviden-hikayeler\/"},"modified":"2026-04-16T02:03:45","modified_gmt":"2026-04-15T23:03:45","slug":"mesneviden-hikayeler","status":"publish","type":"product","link":"https:\/\/roveyayinevi.com.tr\/index.php\/urun\/mesneviden-hikayeler\/","title":{"rendered":"Mesnevi\u2019den Hikayeler"},"content":{"rendered":"<p>En me\u015fhur eseri Mesnevi\u2018den titizlikle se\u00e7ilen d\u00fc\u015f\u00fcnd\u00fcr\u00fcc\u00fc, yol g\u00f6sterici, e\u011fitici ve hikmet dolu bu hikayelerde Mevlana, bilge kimli\u011fiyle insan ruhunun derinliklerine inerek t\u00fcm y\u00f6nleriyle hayat\u0131 \u00f6\u011fretiyor. Okuyaca\u011f\u0131n\u0131z bu hikayerle Mesnevi\u2018nin s\u0131rlar\u0131n\u0131, inceliklerini ve hikmetlerini ke\u015ffederek yeni ufuklara yelken a\u00e7acaks\u0131n\u0131z&#8230;<\/p>\n","protected":false},"excerpt":{"rendered":"<p>En me\u015fhur eseri Mesnevi\u2018den titizlikle se\u00e7ilen d\u00fc\u015f\u00fcnd\u00fcr\u00fcc\u00fc, yol g\u00f6sterici, e\u011fitici ve hikmet dolu bu hikayelerde Mevlana, bilge kimli\u011fiyle insan ruhunun derinliklerine inerek t\u00fcm y\u00f6nleriyle hayat\u0131 \u00f6\u011fretiyor.<span class=\"excerpt-hellip\"> [\u2026]<\/span><\/p>\n","protected":false},"featured_media":0,"template":"","meta":{"_monsterinsights_skip_tracking":false,"_monsterinsights_sitenote_active":false,"_monsterinsights_sitenote_note":"","_monsterinsights_sitenote_category":0},"product_brand":[],"product_cat":[12718,12719,12720],"product_tag":[],"class_list":{"0":"post-693727","1":"product","2":"type-product","3":"status-publish","5":"product_cat-din","6":"product_cat-islam","7":"product_cat-tasavvuf-mezhepler-tarikatlar","8":"pa_cilt-ciltsiz","9":"pa_tur-kitap","10":"pa_yayinevi-timas-yayinlari","11":"pa_yazar-mevlana-celaleddin-rumi","13":"first","14":"instock","15":"sale","16":"shipping-taxable","17":"purchasable","18":"product-type-simple"},"_links":{"self":[{"href":"https:\/\/roveyayinevi.com.tr\/index.php\/wp-json\/wp\/v2\/product\/693727","targetHints":{"allow":["GET"]}}],"collection":[{"href":"https:\/\/roveyayinevi.com.tr\/index.php\/wp-json\/wp\/v2\/product"}],"about":[{"href":"https:\/\/roveyayinevi.com.tr\/index.php\/wp-json\/wp\/v2\/types\/product"}],"wp:attachment":[{"href":"https:\/\/roveyayinevi.com.tr\/index.php\/wp-json\/wp\/v2\/media?parent=693727"}],"wp:term":[{"taxonomy":"product_brand","embeddable":true,"href":"https:\/\/roveyayinevi.com.tr\/index.php\/wp-json\/wp\/v2\/product_brand?post=693727"},{"taxonomy":"product_cat","embeddable":true,"href":"https:\/\/roveyayinevi.com.tr\/index.php\/wp-json\/wp\/v2\/product_cat?post=693727"},{"taxonomy":"product_tag","embeddable":true,"href":"https:\/\/roveyayinevi.com.tr\/index.php\/wp-json\/wp\/v2\/product_tag?post=693727"}],"curies":[{"name":"wp","href":"https:\/\/api.w.org\/{rel}","templated":true}]}}