{"id":693715,"date":"2025-08-27T14:16:15","date_gmt":"2025-08-27T11:16:15","guid":{"rendered":"https:\/\/roveyayinevi.com.tr\/index.php\/urun\/duygusal-zeka\/"},"modified":"2026-04-16T02:03:45","modified_gmt":"2026-04-15T23:03:45","slug":"duygusal-zeka","status":"publish","type":"product","link":"https:\/\/roveyayinevi.com.tr\/index.php\/urun\/duygusal-zeka\/","title":{"rendered":"Duygusal Zeka"},"content":{"rendered":"<p>IQ ile \u00f6l\u00e7\u00fclen zeka, insanlar\u0131n okul ve i\u015f ya\u015fam\u0131ndaki ba\u015far\u0131s\u0131n\u0131 belirleyen de\u011fi\u015fmez bir etken midir? \u00d6yleyse, neden y\u00fcksek IQ\u2019lu \u00e7ocuklar, ortalama IQ\u2019ya sahip arkada\u015flar\u0131na g\u00f6re hayatta daha ba\u015far\u0131s\u0131z olabiliyor? Dr. Daniel Goleman, psikoloji alan\u0131nda \u00e7\u0131\u011f\u0131r a\u00e7an bu kitab\u0131nda, EQ nun IQ dan daha \u00f6nemli oldu\u011funu kan\u0131tl\u0131yor. Duygusal zeka y\u0131, \u00f6zbilin\u00e7, azim, d\u00fcrt\u00fclerini frenleme, ba\u015fkalar\u0131n\u0131n duygular\u0131n\u0131 payla\u015fabilme gibi \u00f6zellikleri i\u00e7eren bir zeka olarak tan\u0131ml\u0131yor. Ara\u015ft\u0131rma bulgular\u0131na g\u00f6re, duygusal zeka yoksunlu\u011fu, ki\u015finin aile ya\u015fam\u0131ndan mesleki ba\u015far\u0131s\u0131na, toplumsal ili\u015fkilerinden sa\u011fl\u0131k durumuna kadar bir\u00e7ok alanda \u00e7ok k\u00f6t\u00fc sonu\u00e7lar do\u011furabiliyor. Ancak, Dr. Goleman\u2019a g\u00f6re, duygusal zeka do\u011fu\u015ftan gelen bir \u00f6zellik de\u011fil. \u0130nsan beyninin yap\u0131s\u0131 dolay\u0131s\u0131yla, \u00e7ocuklukta al\u0131nan duygusal dersler, ya\u015fam boyunca davran\u0131\u015f tarz\u0131n\u0131 belirliyor. Ba\u015fta e\u011fitimciler ve ana-babalar olmak \u00fczere, herkesin ufkunu a\u00e7an bu kitab\u0131n \u00e7ok \u00f6nemli bir toplumsal mesaj\u0131 da var: Demokrasinin topluma ne \u00f6l\u00e7\u00fcde mal oldu\u011fu, bireylerin duygusal zeka d\u00fczeyiyle do\u011frudan ba\u011flant\u0131l\u0131. \ufffc<\/p>\n","protected":false},"excerpt":{"rendered":"<p>IQ ile \u00f6l\u00e7\u00fclen zeka, insanlar\u0131n okul ve i\u015f ya\u015fam\u0131ndaki ba\u015far\u0131s\u0131n\u0131 belirleyen de\u011fi\u015fmez bir etken midir? \u00d6yleyse, neden y\u00fcksek IQ\u2019lu \u00e7ocuklar, ortalama IQ\u2019ya sahip arkada\u015flar\u0131na g\u00f6re hayatta<span class=\"excerpt-hellip\"> [\u2026]<\/span><\/p>\n","protected":false},"featured_media":0,"template":"","meta":{"_monsterinsights_skip_tracking":false,"_monsterinsights_sitenote_active":false,"_monsterinsights_sitenote_note":"","_monsterinsights_sitenote_category":0},"product_brand":[],"product_cat":[12358,12357],"product_tag":[],"class_list":{"0":"post-693715","1":"product","2":"type-product","3":"status-publish","5":"product_cat-genel-psikoloji","6":"product_cat-psikoloji","7":"pa_cilt-ciltsiz","8":"pa_tur-kitap","9":"pa_yayinevi-varlik-yayinlari","10":"pa_yazar-daniel-goleman","12":"first","13":"instock","14":"sale","15":"shipping-taxable","16":"purchasable","17":"product-type-simple"},"_links":{"self":[{"href":"https:\/\/roveyayinevi.com.tr\/index.php\/wp-json\/wp\/v2\/product\/693715","targetHints":{"allow":["GET"]}}],"collection":[{"href":"https:\/\/roveyayinevi.com.tr\/index.php\/wp-json\/wp\/v2\/product"}],"about":[{"href":"https:\/\/roveyayinevi.com.tr\/index.php\/wp-json\/wp\/v2\/types\/product"}],"wp:attachment":[{"href":"https:\/\/roveyayinevi.com.tr\/index.php\/wp-json\/wp\/v2\/media?parent=693715"}],"wp:term":[{"taxonomy":"product_brand","embeddable":true,"href":"https:\/\/roveyayinevi.com.tr\/index.php\/wp-json\/wp\/v2\/product_brand?post=693715"},{"taxonomy":"product_cat","embeddable":true,"href":"https:\/\/roveyayinevi.com.tr\/index.php\/wp-json\/wp\/v2\/product_cat?post=693715"},{"taxonomy":"product_tag","embeddable":true,"href":"https:\/\/roveyayinevi.com.tr\/index.php\/wp-json\/wp\/v2\/product_tag?post=693715"}],"curies":[{"name":"wp","href":"https:\/\/api.w.org\/{rel}","templated":true}]}}