{"id":693711,"date":"2025-08-27T14:16:14","date_gmt":"2025-08-27T11:16:14","guid":{"rendered":"https:\/\/roveyayinevi.com.tr\/index.php\/urun\/aclik-2\/"},"modified":"2026-04-16T02:03:45","modified_gmt":"2026-04-15T23:03:45","slug":"aclik-2","status":"publish","type":"product","link":"https:\/\/roveyayinevi.com.tr\/index.php\/urun\/aclik-2\/","title":{"rendered":"A\u00e7l\u0131k"},"content":{"rendered":"<p>Norve\u00e7li b\u00fcy\u00fck romanc\u0131 Knut Hamsun&#8217;un ki\u015fili\u011fini ve \u00fcn\u00fcn\u00fc olu\u015fturan en b\u00fcy\u00fck roman\u0131 A\u00e7l\u0131k&#8217;t\u0131r. \u00dcnl\u00fc bir yazar olma sevdas\u0131yla yan\u0131p tutu\u015furken, bir yandan da a\u00e7l\u0131kla pen\u00e7ele\u015fen bir gencin, ger\u00e7ekten duyguland\u0131r\u0131c\u0131 \u00f6yk\u00fcs\u00fc olan bu kitap, d\u00fcnya edebiyat\u0131n\u0131n ba\u015fyap\u0131tlar\u0131 aras\u0131nda an\u0131lmaktad\u0131r. Beh\u00e7et Necatigil&#8217;in usta kalemineden, \u00f6rnek bir \u00e7eviri okuyacaks\u0131n\u0131z bu ciltte.<\/p>\n","protected":false},"excerpt":{"rendered":"<p>Norve\u00e7li b\u00fcy\u00fck romanc\u0131 Knut Hamsun&#8217;un ki\u015fili\u011fini ve \u00fcn\u00fcn\u00fc olu\u015fturan en b\u00fcy\u00fck roman\u0131 A\u00e7l\u0131k&#8217;t\u0131r. \u00dcnl\u00fc bir yazar olma sevdas\u0131yla yan\u0131p tutu\u015furken, bir yandan da a\u00e7l\u0131kla pen\u00e7ele\u015fen bir<span class=\"excerpt-hellip\"> [\u2026]<\/span><\/p>\n","protected":false},"featured_media":0,"template":"","meta":{"_monsterinsights_skip_tracking":false,"_monsterinsights_sitenote_active":false,"_monsterinsights_sitenote_note":"","_monsterinsights_sitenote_category":0},"product_brand":[],"product_cat":[13661,12291],"product_tag":[],"class_list":{"0":"post-693711","1":"product","2":"type-product","3":"status-publish","5":"product_cat-diger-ulke-edebiyatlari","6":"product_cat-edebiyat","7":"pa_cilt-ciltsiz","8":"pa_tur-kitap","9":"pa_yayinevi-varlik-yayinlari","10":"pa_yazar-knut-hamsun","12":"first","13":"instock","14":"sale","15":"shipping-taxable","16":"purchasable","17":"product-type-simple"},"_links":{"self":[{"href":"https:\/\/roveyayinevi.com.tr\/index.php\/wp-json\/wp\/v2\/product\/693711","targetHints":{"allow":["GET"]}}],"collection":[{"href":"https:\/\/roveyayinevi.com.tr\/index.php\/wp-json\/wp\/v2\/product"}],"about":[{"href":"https:\/\/roveyayinevi.com.tr\/index.php\/wp-json\/wp\/v2\/types\/product"}],"wp:attachment":[{"href":"https:\/\/roveyayinevi.com.tr\/index.php\/wp-json\/wp\/v2\/media?parent=693711"}],"wp:term":[{"taxonomy":"product_brand","embeddable":true,"href":"https:\/\/roveyayinevi.com.tr\/index.php\/wp-json\/wp\/v2\/product_brand?post=693711"},{"taxonomy":"product_cat","embeddable":true,"href":"https:\/\/roveyayinevi.com.tr\/index.php\/wp-json\/wp\/v2\/product_cat?post=693711"},{"taxonomy":"product_tag","embeddable":true,"href":"https:\/\/roveyayinevi.com.tr\/index.php\/wp-json\/wp\/v2\/product_tag?post=693711"}],"curies":[{"name":"wp","href":"https:\/\/api.w.org\/{rel}","templated":true}]}}