{"id":693698,"date":"2025-08-27T14:16:12","date_gmt":"2025-08-27T11:16:12","guid":{"rendered":"https:\/\/roveyayinevi.com.tr\/index.php\/urun\/rakam-oyunlari-kakuro\/"},"modified":"2026-04-16T02:03:44","modified_gmt":"2026-04-15T23:03:44","slug":"rakam-oyunlari-kakuro","status":"publish","type":"product","link":"https:\/\/roveyayinevi.com.tr\/index.php\/urun\/rakam-oyunlari-kakuro\/","title":{"rendered":"Rakam Oyunlar\u0131 &#8211; Kakuro"},"content":{"rendered":"<p>Kakuro bulmacalar\u0131 sadece toplama becerisini peki\u015ftirmekle kalmay\u0131p, ayn\u0131 zamanda olas\u0131l\u0131klar aras\u0131nda se\u00e7im yapabilme, \u00e7ok boyutlu d\u00fc\u015f\u00fcnebilme ve alternatif \u00e7\u00f6z\u00fcm \u00fcretebilme gibi bir\u00e7ok farkl\u0131 becerinin de geli\u015fimine katk\u0131 sa\u011flamaktad\u0131r. F\u0131rsat buldu\u011funuz her an ve her yerde Kakuro \u00e7\u00f6zebilirsiniz. \u0130htiyac\u0131n\u0131z olan sadece bir kalem, bir silgi ve bir bulmaca. \u015eimdi Kakuro zaman\u0131, hepinize iyi e\u011flenceler!<\/p>\n","protected":false},"excerpt":{"rendered":"<p>Kakuro bulmacalar\u0131 sadece toplama becerisini peki\u015ftirmekle kalmay\u0131p, ayn\u0131 zamanda olas\u0131l\u0131klar aras\u0131nda se\u00e7im yapabilme, \u00e7ok boyutlu d\u00fc\u015f\u00fcnebilme ve alternatif \u00e7\u00f6z\u00fcm \u00fcretebilme gibi bir\u00e7ok farkl\u0131 becerinin de geli\u015fimine<span class=\"excerpt-hellip\"> [\u2026]<\/span><\/p>\n","protected":false},"featured_media":0,"template":"","meta":{"_monsterinsights_skip_tracking":false,"_monsterinsights_sitenote_active":false,"_monsterinsights_sitenote_note":"","_monsterinsights_sitenote_category":0},"product_brand":[],"product_cat":[12492,12274],"product_tag":[],"class_list":{"0":"post-693698","1":"product","2":"type-product","3":"status-publish","5":"product_cat-bilmece-bulmaca","6":"product_cat-cocuk-ve-genclik-kitaplari","7":"pa_cilt-ciltsiz","8":"pa_tur-kitap","9":"pa_yayinevi-ugurbocegi-yayinlari","10":"pa_yazar-ahmet-bilal-yaprakdal","12":"first","13":"instock","14":"sale","15":"shipping-taxable","16":"purchasable","17":"product-type-simple"},"_links":{"self":[{"href":"https:\/\/roveyayinevi.com.tr\/index.php\/wp-json\/wp\/v2\/product\/693698","targetHints":{"allow":["GET"]}}],"collection":[{"href":"https:\/\/roveyayinevi.com.tr\/index.php\/wp-json\/wp\/v2\/product"}],"about":[{"href":"https:\/\/roveyayinevi.com.tr\/index.php\/wp-json\/wp\/v2\/types\/product"}],"wp:attachment":[{"href":"https:\/\/roveyayinevi.com.tr\/index.php\/wp-json\/wp\/v2\/media?parent=693698"}],"wp:term":[{"taxonomy":"product_brand","embeddable":true,"href":"https:\/\/roveyayinevi.com.tr\/index.php\/wp-json\/wp\/v2\/product_brand?post=693698"},{"taxonomy":"product_cat","embeddable":true,"href":"https:\/\/roveyayinevi.com.tr\/index.php\/wp-json\/wp\/v2\/product_cat?post=693698"},{"taxonomy":"product_tag","embeddable":true,"href":"https:\/\/roveyayinevi.com.tr\/index.php\/wp-json\/wp\/v2\/product_tag?post=693698"}],"curies":[{"name":"wp","href":"https:\/\/api.w.org\/{rel}","templated":true}]}}