{"id":693635,"date":"2025-08-27T14:15:17","date_gmt":"2025-08-27T11:15:17","guid":{"rendered":"https:\/\/roveyayinevi.com.tr\/index.php\/urun\/turk-demokrasi-tarihi\/"},"modified":"2026-04-16T02:03:12","modified_gmt":"2026-04-15T23:03:12","slug":"turk-demokrasi-tarihi","status":"publish","type":"product","link":"https:\/\/roveyayinevi.com.tr\/index.php\/urun\/turk-demokrasi-tarihi\/","title":{"rendered":"T\u00fcrk Demokrasi Tarihi"},"content":{"rendered":"<p>Tarih disiplininin duayeni Kemal H. Karpat\u2018tan T\u00fcrk demokrasisinin kurulu\u015f \u00f6yk\u00fcs\u00fc&#8230; Tek parti y\u00f6netiminden \u00e7ok partili sisteme ge\u00e7i\u015f denildi\u011finde, g\u00f6zler hemen takvimlerin 1945-46\u2018l\u0131 y\u0131llar\u0131na d\u00f6ner. Oysa bu ge\u00e7i\u015f; Osmanl\u0131 toprak sisteminin elverir \u00f6l\u00e7\u00fcde de\u011fi\u015fmesi ve ayanlar\u0131n ortaya \u00e7\u0131kmas\u0131ndan ba\u011f\u0131ms\u0131z ya da merkezin ve \u00e7evrenin temsil konusunda bug\u00fcn h\u00e2l\u00e2 ya\u015fad\u0131\u011f\u0131 \u00e7at\u0131\u015fmalardan uzak de\u011fildir. Kemal H. Karpat T\u00fcrk demokrasisinin temel meselelerini ve akt\u00f6rlerini inceledi\u011fi bu kitapta demokrasiye ge\u00e7i\u015fin tarihini kapsaml\u0131 bi\u00e7imde kaleme al\u0131yor. T\u00fcm taraflara \u00f6nyarg\u0131s\u0131z ve korkusuz bi\u00e7imde yakla\u015f\u0131yor; siyasal, sosyal ve tarihi bir sentezi ba\u015far\u0131yla yap\u0131yor. \u0130lk kez Princeton \u00dcniversitesi taraf\u0131ndan yay\u0131nlanan ve birinci bask\u0131s\u0131 k\u0131sa bir s\u00fcrede t\u00fckenen bu temel eser de\u011ferini daha y\u0131llarca koruyacak gibi g\u00f6r\u00fcn\u00fcyor. Osmanl\u0131 \u0130mparatorlu\u011fu\u2018nda reform hareketi, Osmanl\u0131 toplumsal s\u0131n\u0131flar\u0131 ve sava\u015f y\u0131llar\u0131, Cumhuriyet\u2018in kurulu\u015fu ve Cumhuriyet Halk F\u0131rkas\u0131, h\u00fcrriyetin ilk belirtileri ve muhalif partilerin kurulu\u015fu, Terakkiperver Cumhuriyet F\u0131rkas\u0131, Serbest Cumhuriyet F\u0131rkas\u0131, Demokrat Parti\u2018nin y\u00fckseli\u015fi, muhalefetin ya\u015famas\u0131n\u0131 sa\u011flamak i\u00e7in m\u00fccadele, iktidar ve muhalefet partileri i\u00e7indeki anla\u015fmazl\u0131klar, milliyet\u00e7ilik, laiklik, din ve politika, devrimcilik, Bat\u0131l\u0131la\u015fma ve davran\u0131\u015f de\u011fi\u015fimleri, kom\u00fcnizm ve etkileri&#8230; ve \u00f6tesi Kemal H. Karpat\u2018\u0131n kaleminden!<\/p>\n","protected":false},"excerpt":{"rendered":"<p>Tarih disiplininin duayeni Kemal H. Karpat\u2018tan T\u00fcrk demokrasisinin kurulu\u015f \u00f6yk\u00fcs\u00fc&#8230; Tek parti y\u00f6netiminden \u00e7ok partili sisteme ge\u00e7i\u015f denildi\u011finde, g\u00f6zler hemen takvimlerin 1945-46\u2018l\u0131 y\u0131llar\u0131na d\u00f6ner. Oysa bu<span class=\"excerpt-hellip\"> [\u2026]<\/span><\/p>\n","protected":false},"featured_media":0,"template":"","meta":{"_monsterinsights_skip_tracking":false,"_monsterinsights_sitenote_active":false,"_monsterinsights_sitenote_note":"","_monsterinsights_sitenote_category":0},"product_brand":[],"product_cat":[12338,12337],"product_tag":[],"class_list":{"0":"post-693635","1":"product","2":"type-product","3":"status-publish","5":"product_cat-dunya-siyaseti-ve-politikasi","6":"product_cat-politika-siyaset","7":"pa_cilt-ciltsiz","8":"pa_tur-kitap","9":"pa_yayinevi-timas-yayinlari","10":"pa_yazar-kemal-h-karpat","12":"first","13":"instock","14":"sale","15":"shipping-taxable","16":"purchasable","17":"product-type-simple"},"_links":{"self":[{"href":"https:\/\/roveyayinevi.com.tr\/index.php\/wp-json\/wp\/v2\/product\/693635","targetHints":{"allow":["GET"]}}],"collection":[{"href":"https:\/\/roveyayinevi.com.tr\/index.php\/wp-json\/wp\/v2\/product"}],"about":[{"href":"https:\/\/roveyayinevi.com.tr\/index.php\/wp-json\/wp\/v2\/types\/product"}],"wp:attachment":[{"href":"https:\/\/roveyayinevi.com.tr\/index.php\/wp-json\/wp\/v2\/media?parent=693635"}],"wp:term":[{"taxonomy":"product_brand","embeddable":true,"href":"https:\/\/roveyayinevi.com.tr\/index.php\/wp-json\/wp\/v2\/product_brand?post=693635"},{"taxonomy":"product_cat","embeddable":true,"href":"https:\/\/roveyayinevi.com.tr\/index.php\/wp-json\/wp\/v2\/product_cat?post=693635"},{"taxonomy":"product_tag","embeddable":true,"href":"https:\/\/roveyayinevi.com.tr\/index.php\/wp-json\/wp\/v2\/product_tag?post=693635"}],"curies":[{"name":"wp","href":"https:\/\/api.w.org\/{rel}","templated":true}]}}