{"id":693601,"date":"2025-08-27T14:15:10","date_gmt":"2025-08-27T11:15:10","guid":{"rendered":"https:\/\/roveyayinevi.com.tr\/index.php\/urun\/fantastik-gelecek-eglenceli-bilgi-54\/"},"modified":"2026-04-16T02:03:11","modified_gmt":"2026-04-15T23:03:11","slug":"fantastik-gelecek-eglenceli-bilgi-54","status":"publish","type":"product","link":"https:\/\/roveyayinevi.com.tr\/index.php\/urun\/fantastik-gelecek-eglenceli-bilgi-54\/","title":{"rendered":"Fantastik Gelecek &#8211; E\u011flenceli Bilgi 54"},"content":{"rendered":"<p>30 y\u0131l i\u00e7inde tatilimizi Ay\u2018da ge\u00e7irmeye ba\u015flayacak m\u0131y\u0131z? 100 y\u0131l i\u00e7inde her i\u015fe yarayan robotlar icat edilebilir mi? 1000 y\u0131l i\u00e7inde y\u0131ld\u0131zlarda bir \u00fclke kurulabilecek mi?Bu harika kitap ile gelece\u011fe muhte\u015fem bir yolculuk yapacak, bunlar gibi pek \u00e7ok sorunun cevab\u0131n\u0131 bulacaks\u0131n\u0131z.Bu yolculuk s\u0131ras\u0131nda, \u00e7ok b\u00fcy\u00fck g\u00f6kdelenlerin oldu\u011fu \u015fehirleri ziyaret edecek, robotlarla arkada\u015f olacak, uzak galaksilerde \u015fehirler kuracak ve evrenin en sonundaki y\u0131ld\u0131z\u0131 g\u00f6zlemleyeceksiniz.Ayr\u0131ca, &#8220;Yar\u0131n\u0131n Postas\u0131&#8221; gazetesinden haberler okuyacak ve \u00e7\u00f6l gibi bir gezegeni yemye\u015fil bitkilerle donatmak i\u00e7in neler yap\u0131laca\u011f\u0131n\u0131 \u00f6\u011freneceksiniz.Bilim hi\u00e7 bu kadar e\u011flenceli olmam\u0131\u015ft\u0131!<\/p>\n","protected":false},"excerpt":{"rendered":"<p>30 y\u0131l i\u00e7inde tatilimizi Ay\u2018da ge\u00e7irmeye ba\u015flayacak m\u0131y\u0131z? 100 y\u0131l i\u00e7inde her i\u015fe yarayan robotlar icat edilebilir mi? 1000 y\u0131l i\u00e7inde y\u0131ld\u0131zlarda bir \u00fclke kurulabilecek mi?Bu<span class=\"excerpt-hellip\"> [\u2026]<\/span><\/p>\n","protected":false},"featured_media":0,"template":"","meta":{"_monsterinsights_skip_tracking":false,"_monsterinsights_sitenote_active":false,"_monsterinsights_sitenote_note":"","_monsterinsights_sitenote_category":0},"product_brand":[],"product_cat":[12477,12364],"product_tag":[],"class_list":{"0":"post-693601","1":"product","2":"type-product","3":"status-publish","5":"product_cat-eglence-mizah","6":"product_cat-genel-konular","7":"pa_cilt-ciltsiz","8":"pa_tur-kitap","9":"pa_yayinevi-eglenceli-bilgi-yayinlari","10":"pa_yazar-mike-goldsmith","12":"first","13":"instock","14":"sale","15":"shipping-taxable","16":"purchasable","17":"product-type-simple"},"_links":{"self":[{"href":"https:\/\/roveyayinevi.com.tr\/index.php\/wp-json\/wp\/v2\/product\/693601","targetHints":{"allow":["GET"]}}],"collection":[{"href":"https:\/\/roveyayinevi.com.tr\/index.php\/wp-json\/wp\/v2\/product"}],"about":[{"href":"https:\/\/roveyayinevi.com.tr\/index.php\/wp-json\/wp\/v2\/types\/product"}],"wp:attachment":[{"href":"https:\/\/roveyayinevi.com.tr\/index.php\/wp-json\/wp\/v2\/media?parent=693601"}],"wp:term":[{"taxonomy":"product_brand","embeddable":true,"href":"https:\/\/roveyayinevi.com.tr\/index.php\/wp-json\/wp\/v2\/product_brand?post=693601"},{"taxonomy":"product_cat","embeddable":true,"href":"https:\/\/roveyayinevi.com.tr\/index.php\/wp-json\/wp\/v2\/product_cat?post=693601"},{"taxonomy":"product_tag","embeddable":true,"href":"https:\/\/roveyayinevi.com.tr\/index.php\/wp-json\/wp\/v2\/product_tag?post=693601"}],"curies":[{"name":"wp","href":"https:\/\/api.w.org\/{rel}","templated":true}]}}