{"id":693579,"date":"2025-08-27T14:15:05","date_gmt":"2025-08-27T11:15:05","guid":{"rendered":"https:\/\/roveyayinevi.com.tr\/index.php\/urun\/ji-ci-re-cawa-bawer-bikim\/"},"modified":"2026-04-16T02:03:11","modified_gmt":"2026-04-15T23:03:11","slug":"ji-ci-re-cawa-bawer-bikim","status":"publish","type":"product","link":"https:\/\/roveyayinevi.com.tr\/index.php\/urun\/ji-ci-re-cawa-bawer-bikim\/","title":{"rendered":"J\u0131 \u00c7\u0131 Re \u00c7awa Bawer Bikim"},"content":{"rendered":"<p>Ji nav civaka ku em t\u00eade dij\u00een li k\u00ee\/k\u00ea dipirs\u00ee dib\u00eaje   Ez Misilman im.   L\u00eabel\u00ea ji ber v\u00ea mijar\u00ea mirov geleki xemg\u00een dibe ku gelek mirov nizane bi Misilman b\u00fby\u00een\u00ea ketine bin k\u00eejan berpirsiyariyan. <\/p>\n","protected":false},"excerpt":{"rendered":"<p>Ji nav civaka ku em t\u00eade dij\u00een li k\u00ee\/k\u00ea dipirs\u00ee dib\u00eaje Ez Misilman im. L\u00eabel\u00ea ji ber v\u00ea mijar\u00ea mirov geleki xemg\u00een dibe ku gelek mirov<span class=\"excerpt-hellip\"> [\u2026]<\/span><\/p>\n","protected":false},"featured_media":0,"template":"","meta":{"_monsterinsights_skip_tracking":false,"_monsterinsights_sitenote_active":false,"_monsterinsights_sitenote_note":"","_monsterinsights_sitenote_category":0},"product_brand":[],"product_cat":[16789,12718,12719],"product_tag":[],"class_list":{"0":"post-693579","1":"product","2":"type-product","3":"status-publish","5":"product_cat-diger-islam","6":"product_cat-din","7":"product_cat-islam","8":"pa_tur-kitap","9":"pa_yayinevi-timas-yayinlari","10":"pa_yazar-hekimoglu-ismail","12":"first","13":"instock","14":"sale","15":"shipping-taxable","16":"purchasable","17":"product-type-simple"},"_links":{"self":[{"href":"https:\/\/roveyayinevi.com.tr\/index.php\/wp-json\/wp\/v2\/product\/693579","targetHints":{"allow":["GET"]}}],"collection":[{"href":"https:\/\/roveyayinevi.com.tr\/index.php\/wp-json\/wp\/v2\/product"}],"about":[{"href":"https:\/\/roveyayinevi.com.tr\/index.php\/wp-json\/wp\/v2\/types\/product"}],"wp:attachment":[{"href":"https:\/\/roveyayinevi.com.tr\/index.php\/wp-json\/wp\/v2\/media?parent=693579"}],"wp:term":[{"taxonomy":"product_brand","embeddable":true,"href":"https:\/\/roveyayinevi.com.tr\/index.php\/wp-json\/wp\/v2\/product_brand?post=693579"},{"taxonomy":"product_cat","embeddable":true,"href":"https:\/\/roveyayinevi.com.tr\/index.php\/wp-json\/wp\/v2\/product_cat?post=693579"},{"taxonomy":"product_tag","embeddable":true,"href":"https:\/\/roveyayinevi.com.tr\/index.php\/wp-json\/wp\/v2\/product_tag?post=693579"}],"curies":[{"name":"wp","href":"https:\/\/api.w.org\/{rel}","templated":true}]}}