{"id":693557,"date":"2025-08-27T14:15:01","date_gmt":"2025-08-27T11:15:01","guid":{"rendered":"https:\/\/roveyayinevi.com.tr\/index.php\/urun\/istanbul-dersaadet\/"},"modified":"2026-04-16T02:03:10","modified_gmt":"2026-04-15T23:03:10","slug":"istanbul-dersaadet","status":"publish","type":"product","link":"https:\/\/roveyayinevi.com.tr\/index.php\/urun\/istanbul-dersaadet\/","title":{"rendered":"\u0130stanbul Dersaadet"},"content":{"rendered":"<p>\u201c\u0130stanbul, musik\u00eesiyle, edebiyat\u0131yla, g\u00fczel, sanatlar\u0131yla, tasavvufu, g\u00fczel hayat\u0131, leziz yemekleri, zarif insanlar\u0131 ve n\u00fckteleri ile bitip t\u00fckenmez&#8230; Fakat biz t\u00fckendik, \u00fcz\u00fcnt\u00fcden, yeisten, \u00fcmitsizlikten t\u00fckendik&#8230; Zira \u2018y\u0131k\u0131ld\u0131, yand\u0131, a\u011fa\u00e7lar kesildi, bal\u0131k t\u00fckendi, \u00e7ay\u0131rlar kurudu\u2019 demekten yorulduk\u2026\u201dM\u00fcnevver Aya\u015fl\u0131, Dersaadet adl\u0131 eseriyle; bah\u00e7eleri, y\u00fcksek duvarlar\u0131, konak-yal\u0131 mimarisi, sahil-saraylar\u0131 ve hepsinden \u00f6te insanlar\u0131yla eski \u0130stanbul\u2019un \u015fimdi tarih sayfalar\u0131nda kalan siluetini zaman\u0131m\u0131za d\u00fc\u015f\u00fcr\u00fcyor. Devrald\u0131\u011f\u0131 Osmanl\u0131 k\u00fclt\u00fcr\u00fc ve esteti\u011fiyle birlikte, sadece \u0130stanbul masal\u0131n\u0131 de\u011fil, tarih ve felsefesini de anlat\u0131yor. <\/p>\n","protected":false},"excerpt":{"rendered":"<p>\u201c\u0130stanbul, musik\u00eesiyle, edebiyat\u0131yla, g\u00fczel, sanatlar\u0131yla, tasavvufu, g\u00fczel hayat\u0131, leziz yemekleri, zarif insanlar\u0131 ve n\u00fckteleri ile bitip t\u00fckenmez&#8230; Fakat biz t\u00fckendik, \u00fcz\u00fcnt\u00fcden, yeisten, \u00fcmitsizlikten t\u00fckendik&#8230; Zira \u2018y\u0131k\u0131ld\u0131,<span class=\"excerpt-hellip\"> [\u2026]<\/span><\/p>\n","protected":false},"featured_media":0,"template":"","meta":{"_monsterinsights_skip_tracking":false,"_monsterinsights_sitenote_active":false,"_monsterinsights_sitenote_note":"","_monsterinsights_sitenote_category":0},"product_brand":[],"product_cat":[13946,12304],"product_tag":[],"class_list":{"0":"post-693557","1":"product","2":"type-product","3":"status-publish","5":"product_cat-biyografi-otobiyografi","6":"product_cat-tarih","7":"pa_cilt-ciltsiz","8":"pa_tur-kitap","9":"pa_yayinevi-timas-yayinlari","10":"pa_yazar-munevver-ayasli","12":"first","13":"instock","14":"sale","15":"shipping-taxable","16":"purchasable","17":"product-type-simple"},"_links":{"self":[{"href":"https:\/\/roveyayinevi.com.tr\/index.php\/wp-json\/wp\/v2\/product\/693557","targetHints":{"allow":["GET"]}}],"collection":[{"href":"https:\/\/roveyayinevi.com.tr\/index.php\/wp-json\/wp\/v2\/product"}],"about":[{"href":"https:\/\/roveyayinevi.com.tr\/index.php\/wp-json\/wp\/v2\/types\/product"}],"wp:attachment":[{"href":"https:\/\/roveyayinevi.com.tr\/index.php\/wp-json\/wp\/v2\/media?parent=693557"}],"wp:term":[{"taxonomy":"product_brand","embeddable":true,"href":"https:\/\/roveyayinevi.com.tr\/index.php\/wp-json\/wp\/v2\/product_brand?post=693557"},{"taxonomy":"product_cat","embeddable":true,"href":"https:\/\/roveyayinevi.com.tr\/index.php\/wp-json\/wp\/v2\/product_cat?post=693557"},{"taxonomy":"product_tag","embeddable":true,"href":"https:\/\/roveyayinevi.com.tr\/index.php\/wp-json\/wp\/v2\/product_tag?post=693557"}],"curies":[{"name":"wp","href":"https:\/\/api.w.org\/{rel}","templated":true}]}}