{"id":693554,"date":"2025-08-27T14:15:00","date_gmt":"2025-08-27T11:15:00","guid":{"rendered":"https:\/\/roveyayinevi.com.tr\/index.php\/urun\/kanuni-dunyaya-hukmeden-sultan\/"},"modified":"2026-04-16T02:03:10","modified_gmt":"2026-04-15T23:03:10","slug":"kanuni-dunyaya-hukmeden-sultan","status":"publish","type":"product","link":"https:\/\/roveyayinevi.com.tr\/index.php\/urun\/kanuni-dunyaya-hukmeden-sultan\/","title":{"rendered":"Kanuni D\u00fcnyaya H\u00fckmeden Sultan"},"content":{"rendered":"<p>Kanuni Sultan S\u00fcleyman, s\u0131n\u0131rlar\u0131 \u00fc\u00e7 k\u0131taya yay\u0131lm\u0131\u015f Osmanl\u0131 \u0130mparatorlu\u011fu\u2019nu sadrazam\u0131, Sokullu Mehmet Pa\u015fa; kapudan-\u0131 deryas\u0131, Barbaros; mimar\u0131, Mimar Sinan; \u015feyh\u00fclislam\u0131, Ebussuud Efendi; \u015fairi, B\u00e2ki olan muhte\u015fem kadrosuyla, y\u0131llarca adaletle y\u00f6netti. Kimdi bu cihan sultan\u0131? Nerede, nas\u0131l ve kimler taraf\u0131ndan yeti\u015ftirilmi\u015fti? Bu yeti\u015fme s\u00fcrecinde nerelerde kalm\u0131\u015f ve hangi vazifeleri yerine getirmi\u015fti? Buralarda hayat\u0131n\u0131n ilerleyen safhalar\u0131n\u0131 etkileyen ne gibi geli\u015fmeler olmu\u015ftu? Saltanat y\u0131llar\u0131nda hangi seferlere \u00e7\u0131km\u0131\u015f, siyasi olarak nas\u0131l bir m\u00fccadele sergilemi\u015fti? Televizyon ve gezi programlar\u0131yla 7\u2019den 70\u2019e herkese tarihi sevdiren Talha U\u011furluel, \u015fimdi de Kanuni Sultan S\u00fcleyman\u2019\u0131 fethetti\u011fi beldeleri, b\u0131rakt\u0131\u011f\u0131 eserleri, yapt\u0131rd\u0131\u011f\u0131 kaleleri \u00e7ekti\u011fi foto\u011fraflar e\u015fli\u011finde anlat\u0131yor. U\u011furluel, Kanuni\u2019nin \u00e7evresindeki insanlar\u0131, ailesini ve o g\u00fcn\u00fcn d\u00fcnyas\u0131n\u0131 yak\u0131ndan tan\u0131tarak tarih anlat\u0131m\u0131na taze bir soluk getiriyor. &#8220;\u015eehzadelik ve saltanat y\u0131llar\u0131nda Avrupa\u2019da ve Asya\u2019da neler oluyordu? Kimler, hangi devletleri y\u00f6netiyordu? Bu devletlerin g\u00fcc\u00fc, amac\u0131, planlar\u0131 neydi?&#8221; sorular\u0131n\u0131n da cevab\u0131n\u0131 veriyor. Bu mukayeseli inceleme, Kanuni ve kadrosunun hangi durumlarda neye g\u00f6re nas\u0131l bir tav\u0131r sergiledi\u011fini, nereye hangi ama\u00e7la sefer yap\u0131ld\u0131\u011f\u0131n\u0131, al\u0131nan kararlar\u0131n gerek\u00e7elerini t\u00fcm a\u00e7\u0131kl\u0131\u011f\u0131yla anlaman\u0131z\u0131 sa\u011fl\u0131yor. Talha U\u011furluel, D\u00fcnyaya H\u00fckmeden Sultan Kanuni kitab\u0131yla sizleri Kanuni\u2019nin do\u011fdu\u011fu Trabzon\u2019dan \u015fehzadelik yapt\u0131\u011f\u0131 Manisa\u2019ya, padi\u015fah olarak geldi\u011fi \u0130stanbul\u2019dan fetihlere \u00e7\u0131kt\u0131\u011f\u0131 Avrupa\u2019ya g\u00f6t\u00fcrecek; H\u00fcrrem Sultan\u2019dan Pargal\u0131 \u0130brahim\u2019e, Mihrimah Sultan\u2019dan R\u00fcstem Pa\u015fa\u2019ya kadar bir\u00e7ok tarih\u00ee \u015fahsiyetin bilinmeyen y\u00f6nlerini anlatacak&#8230;<\/p>\n","protected":false},"excerpt":{"rendered":"<p>Kanuni Sultan S\u00fcleyman, s\u0131n\u0131rlar\u0131 \u00fc\u00e7 k\u0131taya yay\u0131lm\u0131\u015f Osmanl\u0131 \u0130mparatorlu\u011fu\u2019nu sadrazam\u0131, Sokullu Mehmet Pa\u015fa; kapudan-\u0131 deryas\u0131, Barbaros; mimar\u0131, Mimar Sinan; \u015feyh\u00fclislam\u0131, Ebussuud Efendi; \u015fairi, B\u00e2ki olan muhte\u015fem<span class=\"excerpt-hellip\"> [\u2026]<\/span><\/p>\n","protected":false},"featured_media":0,"template":"","meta":{"_monsterinsights_skip_tracking":false,"_monsterinsights_sitenote_active":false,"_monsterinsights_sitenote_note":"","_monsterinsights_sitenote_category":0},"product_brand":[],"product_cat":[13517,12304],"product_tag":[],"class_list":{"0":"post-693554","1":"product","2":"type-product","3":"status-publish","5":"product_cat-osmanli-tarihi","6":"product_cat-tarih","7":"pa_cilt-ciltsiz","8":"pa_tur-kitap","9":"pa_yayinevi-timas-yayinlari","10":"pa_yazar-talha-ugurluel","12":"first","13":"instock","14":"sale","15":"shipping-taxable","16":"purchasable","17":"product-type-simple"},"_links":{"self":[{"href":"https:\/\/roveyayinevi.com.tr\/index.php\/wp-json\/wp\/v2\/product\/693554","targetHints":{"allow":["GET"]}}],"collection":[{"href":"https:\/\/roveyayinevi.com.tr\/index.php\/wp-json\/wp\/v2\/product"}],"about":[{"href":"https:\/\/roveyayinevi.com.tr\/index.php\/wp-json\/wp\/v2\/types\/product"}],"wp:attachment":[{"href":"https:\/\/roveyayinevi.com.tr\/index.php\/wp-json\/wp\/v2\/media?parent=693554"}],"wp:term":[{"taxonomy":"product_brand","embeddable":true,"href":"https:\/\/roveyayinevi.com.tr\/index.php\/wp-json\/wp\/v2\/product_brand?post=693554"},{"taxonomy":"product_cat","embeddable":true,"href":"https:\/\/roveyayinevi.com.tr\/index.php\/wp-json\/wp\/v2\/product_cat?post=693554"},{"taxonomy":"product_tag","embeddable":true,"href":"https:\/\/roveyayinevi.com.tr\/index.php\/wp-json\/wp\/v2\/product_tag?post=693554"}],"curies":[{"name":"wp","href":"https:\/\/api.w.org\/{rel}","templated":true}]}}