{"id":693553,"date":"2025-08-27T14:15:00","date_gmt":"2025-08-27T11:15:00","guid":{"rendered":"https:\/\/roveyayinevi.com.tr\/index.php\/urun\/dunya-savas-tarihi-cilt-1-ortacag-500-1500\/"},"modified":"2026-04-16T02:03:10","modified_gmt":"2026-04-15T23:03:10","slug":"dunya-savas-tarihi-cilt-1-ortacag-500-1500","status":"publish","type":"product","link":"https:\/\/roveyayinevi.com.tr\/index.php\/urun\/dunya-savas-tarihi-cilt-1-ortacag-500-1500\/","title":{"rendered":"D\u00fcnya Sava\u015f Tarihi Cilt 1: Orta\u00e7a\u011f 500-1500"},"content":{"rendered":"<p>&#8220;Ola\u011fan\u00fcst\u00fc\u2026 M\u00fckemmel yap\u0131lm\u0131\u015f bir tarih ara\u015ft\u0131rmas\u0131 ve en \u00f6nemli sava\u015flar\u0131n ustal\u0131kla haz\u0131rlanm\u0131\u015f g\u00f6rselleri bir arada.&#8221; New York TimesD\u00fcnya Sava\u015f Tarihi 1: Orta\u00e7a\u011f (500-1500), ate\u015fli silahlar\u0131n sava\u015f meydanlar\u0131n\u0131 ele ge\u00e7irmesine de\u011fin Avrupa ve Ortado\u011fu&#8217;da h\u00e2kim muharebe y\u00f6ntemlerini anlat\u0131yor. Kitap, eldeki k\u0131s\u0131tl\u0131 teknolojik imk\u00e2nlarla sava\u015f kazanabilmek i\u00e7in gerek duyulan e\u015fsiz taktikleri inceleyip, sava\u015f sanat\u0131nda, bir bak\u0131ma ne kadar az \u015feyin de\u011fi\u015fti\u011fini g\u00f6zler \u00f6n\u00fcne seriyorAlan\u0131nda uzmanlar taraf\u0131ndan haz\u0131rlanan bu kitapta bulacaklar\u0131n\u0131z\u2026o Aslany\u00fcrekli Richard, Cengiz Han, Selahaddin Eyyubi, Fatih Sultan Mehmed gibi askeri dehalar\u2026o Hunlar, Persler, Romal\u0131lar, Mo\u011follar, Osmanl\u0131lar gibi tarihte b\u00fcy\u00fck rol alm\u0131\u015f devletler\u2026o M\u0131zrak, arbalet, demir ok, ate\u015fli silahlar, y\u00fcr\u00fcyen kuleler gibi tarihi de\u011fi\u015ftiren bir\u00e7ok te\u00e7hizat\u0131n ve Yeni\u00e7eriler gibi \u00f6zel birliklerin \u00f6yk\u00fcs\u00fc\u2026o Arsuf, Ni\u011fbolu, Latin \u0130stilas\u0131, Paris Ku\u015fatmas\u0131 gibi Orta\u00e7a\u011f&#8217;dan \u00f6zenle se\u00e7ilmi\u015f 20 sava\u015fa dair renkli haritalar, canland\u0131rmalar\u2026.o Taktikler, sava\u015f teknikleri ve Orta\u00e7a\u011f&#8217;\u0131n kaderini de\u011fi\u015ftiren askeri gere\u00e7lerin \u00f6zel \u00e7izimleri ve hikayeleri\u2026<\/p>\n","protected":false},"excerpt":{"rendered":"<p>&#8220;Ola\u011fan\u00fcst\u00fc\u2026 M\u00fckemmel yap\u0131lm\u0131\u015f bir tarih ara\u015ft\u0131rmas\u0131 ve en \u00f6nemli sava\u015flar\u0131n ustal\u0131kla haz\u0131rlanm\u0131\u015f g\u00f6rselleri bir arada.&#8221; New York TimesD\u00fcnya Sava\u015f Tarihi 1: Orta\u00e7a\u011f (500-1500), ate\u015fli silahlar\u0131n sava\u015f<span class=\"excerpt-hellip\"> [\u2026]<\/span><\/p>\n","protected":false},"featured_media":0,"template":"","meta":{"_monsterinsights_skip_tracking":false,"_monsterinsights_sitenote_active":false,"_monsterinsights_sitenote_note":"","_monsterinsights_sitenote_category":0},"product_brand":[],"product_cat":[12370,12304],"product_tag":[],"class_list":{"0":"post-693553","1":"product","2":"type-product","3":"status-publish","5":"product_cat-arastirma-inceleme","6":"product_cat-tarih","7":"pa_cilt-ciltli","8":"pa_tur-kitap","9":"pa_yayinevi-timas-yayinlari","10":"pa_yazar-matthew-bennett","12":"first","13":"instock","14":"sale","15":"shipping-taxable","16":"purchasable","17":"product-type-simple"},"_links":{"self":[{"href":"https:\/\/roveyayinevi.com.tr\/index.php\/wp-json\/wp\/v2\/product\/693553","targetHints":{"allow":["GET"]}}],"collection":[{"href":"https:\/\/roveyayinevi.com.tr\/index.php\/wp-json\/wp\/v2\/product"}],"about":[{"href":"https:\/\/roveyayinevi.com.tr\/index.php\/wp-json\/wp\/v2\/types\/product"}],"wp:attachment":[{"href":"https:\/\/roveyayinevi.com.tr\/index.php\/wp-json\/wp\/v2\/media?parent=693553"}],"wp:term":[{"taxonomy":"product_brand","embeddable":true,"href":"https:\/\/roveyayinevi.com.tr\/index.php\/wp-json\/wp\/v2\/product_brand?post=693553"},{"taxonomy":"product_cat","embeddable":true,"href":"https:\/\/roveyayinevi.com.tr\/index.php\/wp-json\/wp\/v2\/product_cat?post=693553"},{"taxonomy":"product_tag","embeddable":true,"href":"https:\/\/roveyayinevi.com.tr\/index.php\/wp-json\/wp\/v2\/product_tag?post=693553"}],"curies":[{"name":"wp","href":"https:\/\/api.w.org\/{rel}","templated":true}]}}