{"id":693535,"date":"2025-08-27T14:14:56","date_gmt":"2025-08-27T11:14:56","guid":{"rendered":"https:\/\/roveyayinevi.com.tr\/index.php\/urun\/hac-hacilarin-el-kitabi\/"},"modified":"2026-04-16T02:03:10","modified_gmt":"2026-04-15T23:03:10","slug":"hac-hacilarin-el-kitabi","status":"publish","type":"product","link":"https:\/\/roveyayinevi.com.tr\/index.php\/urun\/hac-hacilarin-el-kitabi\/","title":{"rendered":"Hac &#8211; Hac\u0131lar\u0131n El Kitab\u0131"},"content":{"rendered":"<p>Bu eser, Rabb\u2019inin ilahi ikramlar\u0131na Hacc\u2019\u0131n manevi derinli\u011fi ve K\u00e2be\u2019nin y\u00fcceli\u011fi ile ula\u015fan bir Hac a\u015f\u0131\u011f\u0131 taraf\u0131ndan kaleme al\u0131nd\u0131. Ali \u00d6zdemir\u2019in Hacc\u2019a dair birikim ve t\u00fcrbelerinin sat\u0131rlar\u0131na d\u00f6k\u00fclmesiyle ortaya \u00e7\u0131kan kitap, Hacc\u2019\u0131n ruhunu anlamak isteyenler i\u00e7in bir klavuz. Bu eser, hac\u0131lara ihmihal bilgileri sunmas\u0131n\u0131n yan\u0131nda, yazar\u0131n hac hat\u0131ralar\u0131na da yeter vererek okuyanlarda Hacc\u2019\u0131 ya\u015fama arzusu uyand\u0131r\u0131yor. <\/p>\n","protected":false},"excerpt":{"rendered":"<p>Bu eser, Rabb\u2019inin ilahi ikramlar\u0131na Hacc\u2019\u0131n manevi derinli\u011fi ve K\u00e2be\u2019nin y\u00fcceli\u011fi ile ula\u015fan bir Hac a\u015f\u0131\u011f\u0131 taraf\u0131ndan kaleme al\u0131nd\u0131. Ali \u00d6zdemir\u2019in Hacc\u2019a dair birikim ve t\u00fcrbelerinin<span class=\"excerpt-hellip\"> [\u2026]<\/span><\/p>\n","protected":false},"featured_media":0,"template":"","meta":{"_monsterinsights_skip_tracking":false,"_monsterinsights_sitenote_active":false,"_monsterinsights_sitenote_note":"","_monsterinsights_sitenote_category":0},"product_brand":[],"product_cat":[16789,12718,12719],"product_tag":[],"class_list":{"0":"post-693535","1":"product","2":"type-product","3":"status-publish","5":"product_cat-diger-islam","6":"product_cat-din","7":"product_cat-islam","8":"pa_tur-kitap","9":"pa_yayinevi-timas-yayinlari","10":"pa_yazar-ali-ozdemir","12":"first","13":"instock","14":"sale","15":"shipping-taxable","16":"purchasable","17":"product-type-simple"},"_links":{"self":[{"href":"https:\/\/roveyayinevi.com.tr\/index.php\/wp-json\/wp\/v2\/product\/693535","targetHints":{"allow":["GET"]}}],"collection":[{"href":"https:\/\/roveyayinevi.com.tr\/index.php\/wp-json\/wp\/v2\/product"}],"about":[{"href":"https:\/\/roveyayinevi.com.tr\/index.php\/wp-json\/wp\/v2\/types\/product"}],"wp:attachment":[{"href":"https:\/\/roveyayinevi.com.tr\/index.php\/wp-json\/wp\/v2\/media?parent=693535"}],"wp:term":[{"taxonomy":"product_brand","embeddable":true,"href":"https:\/\/roveyayinevi.com.tr\/index.php\/wp-json\/wp\/v2\/product_brand?post=693535"},{"taxonomy":"product_cat","embeddable":true,"href":"https:\/\/roveyayinevi.com.tr\/index.php\/wp-json\/wp\/v2\/product_cat?post=693535"},{"taxonomy":"product_tag","embeddable":true,"href":"https:\/\/roveyayinevi.com.tr\/index.php\/wp-json\/wp\/v2\/product_tag?post=693535"}],"curies":[{"name":"wp","href":"https:\/\/api.w.org\/{rel}","templated":true}]}}