{"id":693526,"date":"2025-08-27T14:14:54","date_gmt":"2025-08-27T11:14:54","guid":{"rendered":"https:\/\/roveyayinevi.com.tr\/index.php\/urun\/gecmis-ayrintida-saklidir\/"},"modified":"2026-04-16T02:03:10","modified_gmt":"2026-04-15T23:03:10","slug":"gecmis-ayrintida-saklidir","status":"publish","type":"product","link":"https:\/\/roveyayinevi.com.tr\/index.php\/urun\/gecmis-ayrintida-saklidir\/","title":{"rendered":"Ge\u00e7mi\u015f Ayr\u0131nt\u0131da Sakl\u0131d\u0131r"},"content":{"rendered":"<p>Yak\u0131n tarih denildi\u011finde ad\u0131 ilk akla gelen t\u00e2rih\u00e7ilerden Cemil Ko\u00e7ak,   Ge\u00e7mi\u015f Ayr\u0131nt\u0131da Sakl\u0131d\u0131r  da literat\u00fcrde pek rastlanmayan, ama birbirinden de\u011ferli bilgiler i\u00e7eren   eskimi\u015f   an\u0131lar\u0131, g\u00fcnl\u00fckleri ve kitaplar\u0131 yeniden hayata d\u00f6nd\u00fcr\u00fcyor. Eskimi\u015f, solmu\u015f, unutulmu\u015f, k\u00f6\u015fede kalm\u0131\u015f, zam\u00e2n\u0131nda dahi g\u00f6zden ka\u00e7m\u0131\u015f, bug\u00fcn ise hat\u0131rlanmas\u0131 bile m\u00fcmk\u00fcn olmayan, dahas\u0131 yay\u0131nland\u0131\u011f\u0131 s\u0131rada \u00f6nemli bulunmu\u015fsa da art\u0131k terk edilmi\u015f, b\u00e2z\u0131lar\u0131 tan\u0131nmam\u0131\u015f, b\u00e2z\u0131lar\u0131 zor hat\u0131rlanabilir kitaplar, g\u00fcnl\u00fckler, gazete tefrikas\u0131 olup orada kalm\u0131\u015f, dergi koleksiyonlar\u0131nda saklanm\u0131\u015f an\u0131lar, k\u0131saca kaybolmu\u015f seslerin yeniden duyulabilmesini sa\u011fl\u0131yor. T\u00fcm bunlar\u0131 b\u00fcy\u00fck bir titizlikle yaparken okurlar\u0131na ge\u00e7mi\u015fi ayr\u0131nt\u0131da aramay\u0131 hat\u0131rlat\u0131yor. Tarihseverlerin dikkatini \u00e7ekecek kitaptan baz\u0131 ba\u015fl\u0131klar: \u0130ttihat\u00e7\u0131lar\u0131n ve itil\u00e2f\u00e7\u0131lar\u0131n an\u0131lar\u0131, Balkan sava\u015flar\u0131n\u0131 ya\u015fayanlar\u0131n g\u00f6z\u00fcnden anlatan h\u00e2t\u0131ralar, T\u00fcrkiye\u2018de her ge\u00e7en g\u00fcn efsanele\u015fen \u00c7anakkale\u2018nin ger\u00e7ek tarihi \u00fczerine eserler, T\u00fcrkiye\u2018de ya\u015fam\u0131\u015f asker, diplomat ve bilimadam\u0131 Almanlar \u00fczerine ayr\u0131nt\u0131l\u0131 bilgiler, Milli \u015eef \u0130smet \u0130n\u00f6n\u00fc \u00fczerine yaz\u0131lan, ama yay\u0131nlanamayan bir biyografinin ilgin\u00e7 hik\u00e2yesi, Nazi kar\u015f\u0131tlar\u0131n\u0131n \u0130stanbul\u2018daki faaliyetleri. Son p\u00e2di\u015fah Vahdettin\u2018in torunu H\u00fcmeyr\u00e2 \u00d6zba\u015f ile ve T\u00fcrkiye\u2018de g\u00f6rev yapm\u0131\u015f Alman subaylar\u0131ndan Hans Rohde\u2018nin o\u011flu Dieter Rohde ile T\u00fcrk-Alman ili\u015fkilerinden Hitler Almanyas\u0131\u2018na kadar ayr\u0131nt\u0131l\u0131 bilgilerin bulundu\u011fu \u00e7arp\u0131c\u0131 r\u00f6portajlar. <\/p>\n","protected":false},"excerpt":{"rendered":"<p>Yak\u0131n tarih denildi\u011finde ad\u0131 ilk akla gelen t\u00e2rih\u00e7ilerden Cemil Ko\u00e7ak, Ge\u00e7mi\u015f Ayr\u0131nt\u0131da Sakl\u0131d\u0131r da literat\u00fcrde pek rastlanmayan, ama birbirinden de\u011ferli bilgiler i\u00e7eren eskimi\u015f an\u0131lar\u0131, g\u00fcnl\u00fckleri ve<span class=\"excerpt-hellip\"> [\u2026]<\/span><\/p>\n","protected":false},"featured_media":0,"template":"","meta":{"_monsterinsights_skip_tracking":false,"_monsterinsights_sitenote_active":false,"_monsterinsights_sitenote_note":"","_monsterinsights_sitenote_category":0},"product_brand":[],"product_cat":[12304,13493],"product_tag":[],"class_list":{"0":"post-693526","1":"product","2":"type-product","3":"status-publish","5":"product_cat-tarih","6":"product_cat-turkiye-ve-cumhuriyet-tarihi","7":"pa_cilt-ciltsiz","8":"pa_tur-kitap","9":"pa_yayinevi-timas-yayinlari","10":"pa_yazar-cemil-kocak","12":"first","13":"instock","14":"sale","15":"shipping-taxable","16":"purchasable","17":"product-type-simple"},"_links":{"self":[{"href":"https:\/\/roveyayinevi.com.tr\/index.php\/wp-json\/wp\/v2\/product\/693526","targetHints":{"allow":["GET"]}}],"collection":[{"href":"https:\/\/roveyayinevi.com.tr\/index.php\/wp-json\/wp\/v2\/product"}],"about":[{"href":"https:\/\/roveyayinevi.com.tr\/index.php\/wp-json\/wp\/v2\/types\/product"}],"wp:attachment":[{"href":"https:\/\/roveyayinevi.com.tr\/index.php\/wp-json\/wp\/v2\/media?parent=693526"}],"wp:term":[{"taxonomy":"product_brand","embeddable":true,"href":"https:\/\/roveyayinevi.com.tr\/index.php\/wp-json\/wp\/v2\/product_brand?post=693526"},{"taxonomy":"product_cat","embeddable":true,"href":"https:\/\/roveyayinevi.com.tr\/index.php\/wp-json\/wp\/v2\/product_cat?post=693526"},{"taxonomy":"product_tag","embeddable":true,"href":"https:\/\/roveyayinevi.com.tr\/index.php\/wp-json\/wp\/v2\/product_tag?post=693526"}],"curies":[{"name":"wp","href":"https:\/\/api.w.org\/{rel}","templated":true}]}}

Geçmiş Ayrıntıda Saklıdır

<p>Yakın tarih denildiğinde adı ilk akla gelen târihçilerden Cemil Koçak,   Geçmiş Ayrıntıda Saklıdır  da literatürde pek rastlanmayan, ama birbirinden değerli bilgiler içeren   eskimiş   anıları, günlükleri ve kitapları yeniden hayata döndürüyor. Eskimiş, solmuş, unutulmuş, köşede kalmış, zamânında dahi gözden kaçmış, bugün ise hatırlanması bile mümkün olmayan, dahası yayınlandığı sırada önemli bulunmuşsa da artık terk edilmiş, bâzıları tanınmamış, bâzıları zor hatırlanabilir kitaplar, günlükler, gazete tefrikası olup orada kalmış, dergi koleksiyonlarında saklanmış anılar, kısaca kaybolmuş seslerin yeniden duyulabilmesini sağlıyor. Tüm bunları büyük bir titizlikle yaparken okurlarına geçmişi ayrıntıda aramayı hatırlatıyor. Tarihseverlerin dikkatini çekecek kitaptan bazı başlıklar: İttihatçıların ve itilâfçıların anıları, Balkan savaşlarını yaşayanların gözünden anlatan hâtıralar, Türkiye‘de her geçen gün efsaneleşen Çanakkale‘nin gerçek tarihi üzerine eserler, Türkiye‘de yaşamış asker, diplomat ve bilimadamı Almanlar üzerine ayrıntılı bilgiler, Milli Şef İsmet İnönü üzerine yazılan, ama yayınlanamayan bir biyografinin ilginç hikâyesi, Nazi karşıtlarının İstanbul‘daki faaliyetleri. Son pâdişah Vahdettin‘in torunu Hümeyrâ Özbaş ile ve Türkiye‘de görev yapmış Alman subaylarından Hans Rohde‘nin oğlu Dieter Rohde ile Türk-Alman ilişkilerinden Hitler Almanyası‘na kadar ayrıntılı bilgilerin bulunduğu çarpıcı röportajlar. </p>

<p>Yakın tarih denildiğinde adı ilk akla gelen târihçilerden Cemil Koçak, Geçmiş Ayrıntıda Saklıdır da literatürde pek rastlanmayan, ama birbirinden değerli bilgiler içeren eskimiş anıları, günlükleri ve<span class="excerpt-hellip"> […]</span></p>
