{"id":693524,"date":"2025-08-27T14:14:53","date_gmt":"2025-08-27T11:14:53","guid":{"rendered":"https:\/\/roveyayinevi.com.tr\/index.php\/urun\/cam-u-elmas\/"},"modified":"2026-04-16T02:03:10","modified_gmt":"2026-04-15T23:03:10","slug":"cam-u-elmas","status":"publish","type":"product","link":"https:\/\/roveyayinevi.com.tr\/index.php\/urun\/cam-u-elmas\/","title":{"rendered":"Cam \u00fc Elmas"},"content":{"rendered":"<p>Sad\u0131k Yals\u0131zu\u00e7anlar Harakanl\u0131 bilge Ebu\u2019l-Hasan\u2019\u0131n ya\u015fam\u0131n\u0131 \u00e7arp\u0131c\u0131 bir dille anlatt\u0131\u011f\u0131 yeni kitab\u0131   Cam ve Elmas   ile yeniden okuyucusuyla bulu\u015fuyor. Kars\u2019taki Harakani derg\u00e2h\u0131nda ge\u00e7en olaylar, kente bir belgesel filmin \u00e7ekimleri i\u00e7in giden ekipteki kameraman\u0131n g\u00f6z\u00fcnden -daha do\u011frusu, kalbinden- anlat\u0131l\u0131yor. \u0130ki epigraf ile a\u00e7\u0131l\u0131yor   Cam ve Elmas  ; biri Ebu\u2019l-Hasan Harakani\u2019nin ta kendisinden:   Yery\u00fcz\u00fcnde yolculuk edenin aya\u011f\u0131; g\u00f6kte yolculuk yapan\u0131n ise kalbi su toplar.   Ayn\u0131 Harakanl\u0131\u2019n\u0131n kendi hayat\u0131 gibi. <\/p>\n","protected":false},"excerpt":{"rendered":"<p>Sad\u0131k Yals\u0131zu\u00e7anlar Harakanl\u0131 bilge Ebu\u2019l-Hasan\u2019\u0131n ya\u015fam\u0131n\u0131 \u00e7arp\u0131c\u0131 bir dille anlatt\u0131\u011f\u0131 yeni kitab\u0131 Cam ve Elmas ile yeniden okuyucusuyla bulu\u015fuyor. Kars\u2019taki Harakani derg\u00e2h\u0131nda ge\u00e7en olaylar, kente bir<span class=\"excerpt-hellip\"> [\u2026]<\/span><\/p>\n","protected":false},"featured_media":0,"template":"","meta":{"_monsterinsights_skip_tracking":false,"_monsterinsights_sitenote_active":false,"_monsterinsights_sitenote_note":"","_monsterinsights_sitenote_category":0},"product_brand":[],"product_cat":[12291,18576],"product_tag":[],"class_list":{"0":"post-693524","1":"product","2":"type-product","3":"status-publish","5":"product_cat-edebiyat","6":"product_cat-kurt-edebiyati","7":"pa_tur-kitap","8":"pa_yayinevi-timas-yayinlari","9":"pa_yazar-sadik-yalsizucanlar","11":"first","12":"instock","13":"sale","14":"shipping-taxable","15":"purchasable","16":"product-type-simple"},"_links":{"self":[{"href":"https:\/\/roveyayinevi.com.tr\/index.php\/wp-json\/wp\/v2\/product\/693524","targetHints":{"allow":["GET"]}}],"collection":[{"href":"https:\/\/roveyayinevi.com.tr\/index.php\/wp-json\/wp\/v2\/product"}],"about":[{"href":"https:\/\/roveyayinevi.com.tr\/index.php\/wp-json\/wp\/v2\/types\/product"}],"wp:attachment":[{"href":"https:\/\/roveyayinevi.com.tr\/index.php\/wp-json\/wp\/v2\/media?parent=693524"}],"wp:term":[{"taxonomy":"product_brand","embeddable":true,"href":"https:\/\/roveyayinevi.com.tr\/index.php\/wp-json\/wp\/v2\/product_brand?post=693524"},{"taxonomy":"product_cat","embeddable":true,"href":"https:\/\/roveyayinevi.com.tr\/index.php\/wp-json\/wp\/v2\/product_cat?post=693524"},{"taxonomy":"product_tag","embeddable":true,"href":"https:\/\/roveyayinevi.com.tr\/index.php\/wp-json\/wp\/v2\/product_tag?post=693524"}],"curies":[{"name":"wp","href":"https:\/\/api.w.org\/{rel}","templated":true}]}}