{"id":693489,"date":"2025-08-27T14:14:46","date_gmt":"2025-08-27T11:14:46","guid":{"rendered":"https:\/\/roveyayinevi.com.tr\/index.php\/urun\/bir-delinin-anilari\/"},"modified":"2026-04-16T02:03:09","modified_gmt":"2026-04-15T23:03:09","slug":"bir-delinin-anilari","status":"publish","type":"product","link":"https:\/\/roveyayinevi.com.tr\/index.php\/urun\/bir-delinin-anilari\/","title":{"rendered":"Bir Delinin An\u0131lar\u0131"},"content":{"rendered":"<p>Gustave Flaubert\u2019in 1838\u2019de kaleme ald\u0131\u011f\u0131 ilk roman\u0131 Bir Delinin An\u0131lar\u0131, yazar\u0131n kendisinin de dahil oldu\u011fu burjuva toplumuna, onun sahte ili\u015fkilerine ele\u015ftirel bir bak\u0131\u015f, kimi zaman alayc\u0131 bir yergi. \u0130mk\u00e2ns\u0131z fakat tutkulu platonik bir a\u015fk\u0131n t\u00fcm yaralar\u0131, ibadet haline gelmi\u015f bilin\u00e7li bir yaln\u0131zl\u0131\u011f\u0131n t\u00fcm buhranlar\u0131, hem fiziken hem de ruhen geli\u015fmenin t\u00fcm \u00e7alkant\u0131lar\u0131n\u0131n i\u00e7 i\u00e7e ge\u00e7ti\u011fi roman, otobiyografik \u00f6zellikler de ta\u015f\u0131yor. Klasik  edebiyat\u0131n  en  etkili  kalemlerinden  biri  olan  Flaubert\u2019in  T\u00fcrk\u00e7ede  ilk  kez yay\u0131mlanan bu ilkgen\u00e7lik eseri, hem Madam Bovary\u2019de zirve yapan yaz\u0131n\u0131n\u0131 hem de i\u00e7 d\u00fcnyas\u0131n\u0131 anlamak i\u00e7in mutlaka okunmas\u0131 gereken bir roman. \u201cA\u00e7 g\u00f6zlerini kibirli, aciz insan evlad\u0131, a\u00e7 g\u00f6zlerini toz zerresine t\u0131rmanmaya \u00e7al\u0131\u015fan zavall\u0131 kar\u0131nca!  \u00d6zg\u00fcr  olmakla,  ad\u0131n\u0131  iyi  koydu\u011funu,  k\u00f6t\u00fc  koydu\u011funu  yapabilmekle \u00f6v\u00fcn\u00fcyorsun. Biliyorsun ba\u015f\u0131na gelece\u011fi ve istiyorsun ki bir an evvel kesilsin cezan, zira iyiden sayd\u0131\u011f\u0131n neyi yapmas\u0131n\u0131 bilirsin ki sen? Talimat\u0131 kibirden almadan, \u00e7\u0131kar\u0131n\u0131 hesap etmeden tek bir hareket yapt\u0131n m\u0131 \u00f6mr\u00fcnde?\u201d <\/p>\n","protected":false},"excerpt":{"rendered":"<p>Gustave Flaubert\u2019in 1838\u2019de kaleme ald\u0131\u011f\u0131 ilk roman\u0131 Bir Delinin An\u0131lar\u0131, yazar\u0131n kendisinin de dahil oldu\u011fu burjuva toplumuna, onun sahte ili\u015fkilerine ele\u015ftirel bir bak\u0131\u015f, kimi zaman alayc\u0131<span class=\"excerpt-hellip\"> [\u2026]<\/span><\/p>\n","protected":false},"featured_media":0,"template":"","meta":{"_monsterinsights_skip_tracking":false,"_monsterinsights_sitenote_active":false,"_monsterinsights_sitenote_note":"","_monsterinsights_sitenote_category":0},"product_brand":[],"product_cat":[12291,13376],"product_tag":[],"class_list":{"0":"post-693489","1":"product","2":"type-product","3":"status-publish","5":"product_cat-edebiyat","6":"product_cat-fransiz-edebiyati","7":"pa_cilt-ciltsiz","8":"pa_tur-kitap","9":"pa_yayinevi-sel-yayincilik","10":"pa_yazar-gustave-flaubert","12":"first","13":"instock","14":"sale","15":"shipping-taxable","16":"purchasable","17":"product-type-simple"},"_links":{"self":[{"href":"https:\/\/roveyayinevi.com.tr\/index.php\/wp-json\/wp\/v2\/product\/693489","targetHints":{"allow":["GET"]}}],"collection":[{"href":"https:\/\/roveyayinevi.com.tr\/index.php\/wp-json\/wp\/v2\/product"}],"about":[{"href":"https:\/\/roveyayinevi.com.tr\/index.php\/wp-json\/wp\/v2\/types\/product"}],"wp:attachment":[{"href":"https:\/\/roveyayinevi.com.tr\/index.php\/wp-json\/wp\/v2\/media?parent=693489"}],"wp:term":[{"taxonomy":"product_brand","embeddable":true,"href":"https:\/\/roveyayinevi.com.tr\/index.php\/wp-json\/wp\/v2\/product_brand?post=693489"},{"taxonomy":"product_cat","embeddable":true,"href":"https:\/\/roveyayinevi.com.tr\/index.php\/wp-json\/wp\/v2\/product_cat?post=693489"},{"taxonomy":"product_tag","embeddable":true,"href":"https:\/\/roveyayinevi.com.tr\/index.php\/wp-json\/wp\/v2\/product_tag?post=693489"}],"curies":[{"name":"wp","href":"https:\/\/api.w.org\/{rel}","templated":true}]}}