{"id":693482,"date":"2025-08-27T14:14:45","date_gmt":"2025-08-27T11:14:45","guid":{"rendered":"https:\/\/roveyayinevi.com.tr\/index.php\/urun\/hickimsenin-cumhuriyeti\/"},"modified":"2026-01-29T02:05:56","modified_gmt":"2026-01-28T23:05:56","slug":"hickimsenin-cumhuriyeti","status":"publish","type":"product","link":"https:\/\/roveyayinevi.com.tr\/index.php\/urun\/hickimsenin-cumhuriyeti\/","title":{"rendered":"Hi\u00e7kimsenin Cumhuriyeti"},"content":{"rendered":"<p>&#8220;&#8230;Cumhuriyet, asker a\u011f\u0131rl\u0131kl\u0131 bir b\u00fcrokrasi taraf\u0131ndan kurulup bi\u00e7imlendirilmi\u015ftir. B\u00fcrokrasi, bir \u015feylere ra\u011fmen varolmu\u015f, devrimci bir saf veya s\u00fcre\u00e7ten gelmi\u015f de\u011fil, do\u011frudan do\u011fruya Osmanl\u0131&#8217;n\u0131n b\u00fcrokrasisidir. B\u00fcro&#8217;sunu da kratos&#8217;unu da Osmanl\u0131&#8217;dan, Osmanl\u0131 olarak alm\u0131\u015ft\u0131r. Cumhuriyet, s\u00f6z konusu b\u00fcrokrasinin kayna\u011f\u0131 de\u011fil, zaten mevcut olan bir g\u00fcc\u00fc me\u015frula\u015ft\u0131rman\u0131n yolu\/arac\u0131 durumundad\u0131r&#8230;&#8230;Bu arada &#8220;vatanda\u015f&#8217;\u0131n da, farkl\u0131 insanlar\u0131n farkl\u0131 kimliklerini e\u015fit haklarla donat\u0131p e\u015fit derecede g\u00fcvence alt\u0131na alan hukuksal bir stat\u00fc olmaktan \u00e7\u0131k\u0131p, bizatihi bir kimlik ve kendisine hayat hakk\u0131 tan\u0131nan yegane kimlik olarak tan\u0131mlanmas\u0131: insanlar\u0131n takacaklar\u0131 serpu\u015ftan dindarl\u0131k derecelerine, giyecekleri k\u0131yafet ve de giyinemeyecekleri renklerden atacaklar\u0131 gazelin diline, dinleyecekleri m\u00fczikten kimlerden olduklar\u0131n\u0131n bilincine vb&#8230;, b\u00fct\u00fcn \u00f6l\u00e7\u00fctleri devlet taraf\u0131ndan belirlenmi\u015f \u0131smarlama bir kavim, bir devlet kavmidir&#8221;&#8230;Elinizdeki kitapta Kadir Cang\u0131zbay, Osmanl\u0131-Cumhuriyet s\u00fcreklili\u011finin yan\u0131 s\u0131ra devlet-halk katlar\u0131 aras\u0131ndaki u\u00e7urumun derinli\u011fini ve Osmanl\u0131&#8217;dan devral\u0131nan \u00e7arp\u0131kl\u0131klar\u0131n, Cumhuriyet&#8217;le birlikte iyice derinle\u015fen devlet-hukuk\/vatanda\u015f\/din, zorlama modernle\u015fme, toplumu k\u00f6klerinden koparma vb&#8230; gibi g\u00fcn\u00fcm\u00fcz T\u00fcrkiye&#8217;si g\u00fcndeminde yo\u011fun olarak tart\u0131\u015f\u0131lan konularda &#8220;sosvolog&#8221;\u00e7a bir yakla\u015f\u0131mla derin tahlil \u00f6rneklerinin yan\u0131 s\u0131ra yol a\u00e7\u0131c\u0131-ses get irici bir \u00e7al\u0131\u015fmayla imza atm\u0131\u015f oluyor. <\/p>\n","protected":false},"excerpt":{"rendered":"<p>&#8220;&#8230;Cumhuriyet, asker a\u011f\u0131rl\u0131kl\u0131 bir b\u00fcrokrasi taraf\u0131ndan kurulup bi\u00e7imlendirilmi\u015ftir. B\u00fcrokrasi, bir \u015feylere ra\u011fmen varolmu\u015f, devrimci bir saf veya s\u00fcre\u00e7ten gelmi\u015f de\u011fil, do\u011frudan do\u011fruya Osmanl\u0131&#8217;n\u0131n b\u00fcrokrasisidir. B\u00fcro&#8217;sunu da<span class=\"excerpt-hellip\"> [\u2026]<\/span><\/p>\n","protected":false},"featured_media":0,"template":"","meta":{"_monsterinsights_skip_tracking":false,"_monsterinsights_sitenote_active":false,"_monsterinsights_sitenote_note":"","_monsterinsights_sitenote_category":0},"product_brand":[],"product_cat":[12304,13493],"product_tag":[],"class_list":{"0":"post-693482","1":"product","2":"type-product","3":"status-publish","5":"product_cat-tarih","6":"product_cat-turkiye-ve-cumhuriyet-tarihi","7":"pa_cilt-ciltsiz","8":"pa_tur-kitap","9":"pa_yayinevi-utopya-yayinevi","10":"pa_yazar-kadir-cangizbay","12":"first","13":"instock","14":"sale","15":"shipping-taxable","16":"purchasable","17":"product-type-simple"},"_links":{"self":[{"href":"https:\/\/roveyayinevi.com.tr\/index.php\/wp-json\/wp\/v2\/product\/693482","targetHints":{"allow":["GET"]}}],"collection":[{"href":"https:\/\/roveyayinevi.com.tr\/index.php\/wp-json\/wp\/v2\/product"}],"about":[{"href":"https:\/\/roveyayinevi.com.tr\/index.php\/wp-json\/wp\/v2\/types\/product"}],"wp:attachment":[{"href":"https:\/\/roveyayinevi.com.tr\/index.php\/wp-json\/wp\/v2\/media?parent=693482"}],"wp:term":[{"taxonomy":"product_brand","embeddable":true,"href":"https:\/\/roveyayinevi.com.tr\/index.php\/wp-json\/wp\/v2\/product_brand?post=693482"},{"taxonomy":"product_cat","embeddable":true,"href":"https:\/\/roveyayinevi.com.tr\/index.php\/wp-json\/wp\/v2\/product_cat?post=693482"},{"taxonomy":"product_tag","embeddable":true,"href":"https:\/\/roveyayinevi.com.tr\/index.php\/wp-json\/wp\/v2\/product_tag?post=693482"}],"curies":[{"name":"wp","href":"https:\/\/api.w.org\/{rel}","templated":true}]}}