{"id":693480,"date":"2025-08-27T14:14:44","date_gmt":"2025-08-27T11:14:44","guid":{"rendered":"https:\/\/roveyayinevi.com.tr\/index.php\/urun\/goc-ve-zor\/"},"modified":"2026-01-29T02:05:56","modified_gmt":"2026-01-28T23:05:56","slug":"goc-ve-zor","status":"publish","type":"product","link":"https:\/\/roveyayinevi.com.tr\/index.php\/urun\/goc-ve-zor\/","title":{"rendered":"G\u00f6\u00e7 ve Zor"},"content":{"rendered":"<p>Yayg\u0131n silahl\u0131 \u015fiddetin G\u00fcneydo\u011fu Anadolu B\u00f6lgesi&#8217;nin neredeyse tamam\u0131n\u0131, Do\u011fu Anadolu B\u00f6lgesi&#8217;nin ise \u00f6nemli bir b\u00f6l\u00fcm\u00fcn\u00fc etkisine ald\u0131\u011f\u0131 1990&#8217;l\u0131 y\u0131llarda ya\u015fanan en \u00f6nemli sosyal s\u00fcre\u00e7lerden birisi zorunlu g\u00f6\u00e7lerdir. G\u00f6\u00e7 ve Zor adl\u0131 bu \u00e7al\u0131\u015fmada ger\u00e7ekle\u015ftirilmeye \u00e7al\u0131\u015f\u0131lan da Diyarbak\u0131r \u00f6rne\u011finden hareketle, T\u00fcrkiye&#8217;nin G\u00fcneydo\u011fu Anadolu b\u00f6lgesinde 1990&#8217;larda kitleselle\u015fen zorunlu g\u00f6\u00e7\u00fc ve sonu\u00e7lar\u0131n\u0131 ya\u015fam alanlar\u0131ndan zor kullan\u0131larak g\u00f6\u00e7 ettirenlere odaklanarak ortaya koymakt\u0131r. <\/p>\n","protected":false},"excerpt":{"rendered":"<p>Yayg\u0131n silahl\u0131 \u015fiddetin G\u00fcneydo\u011fu Anadolu B\u00f6lgesi&#8217;nin neredeyse tamam\u0131n\u0131, Do\u011fu Anadolu B\u00f6lgesi&#8217;nin ise \u00f6nemli bir b\u00f6l\u00fcm\u00fcn\u00fc etkisine ald\u0131\u011f\u0131 1990&#8217;l\u0131 y\u0131llarda ya\u015fanan en \u00f6nemli sosyal s\u00fcre\u00e7lerden birisi zorunlu<span class=\"excerpt-hellip\"> [\u2026]<\/span><\/p>\n","protected":false},"featured_media":0,"template":"","meta":{"_monsterinsights_skip_tracking":false,"_monsterinsights_sitenote_active":false,"_monsterinsights_sitenote_note":"","_monsterinsights_sitenote_category":0},"product_brand":[],"product_cat":[13633,12324],"product_tag":[],"class_list":{"0":"post-693480","1":"product","2":"type-product","3":"status-publish","5":"product_cat-kultur-ve-bilim","6":"product_cat-sosyoloji","7":"pa_cilt-ciltsiz","8":"pa_tur-kitap","9":"pa_yayinevi-utopya-yayinevi","10":"pa_yazar-inan-keser","12":"first","13":"instock","14":"sale","15":"shipping-taxable","16":"purchasable","17":"product-type-simple"},"_links":{"self":[{"href":"https:\/\/roveyayinevi.com.tr\/index.php\/wp-json\/wp\/v2\/product\/693480","targetHints":{"allow":["GET"]}}],"collection":[{"href":"https:\/\/roveyayinevi.com.tr\/index.php\/wp-json\/wp\/v2\/product"}],"about":[{"href":"https:\/\/roveyayinevi.com.tr\/index.php\/wp-json\/wp\/v2\/types\/product"}],"wp:attachment":[{"href":"https:\/\/roveyayinevi.com.tr\/index.php\/wp-json\/wp\/v2\/media?parent=693480"}],"wp:term":[{"taxonomy":"product_brand","embeddable":true,"href":"https:\/\/roveyayinevi.com.tr\/index.php\/wp-json\/wp\/v2\/product_brand?post=693480"},{"taxonomy":"product_cat","embeddable":true,"href":"https:\/\/roveyayinevi.com.tr\/index.php\/wp-json\/wp\/v2\/product_cat?post=693480"},{"taxonomy":"product_tag","embeddable":true,"href":"https:\/\/roveyayinevi.com.tr\/index.php\/wp-json\/wp\/v2\/product_tag?post=693480"}],"curies":[{"name":"wp","href":"https:\/\/api.w.org\/{rel}","templated":true}]}}