{"id":693473,"date":"2025-08-27T14:14:43","date_gmt":"2025-08-27T11:14:43","guid":{"rendered":"https:\/\/roveyayinevi.com.tr\/index.php\/urun\/alparslan-2\/"},"modified":"2026-04-16T02:03:09","modified_gmt":"2026-04-15T23:03:09","slug":"alparslan-2","status":"publish","type":"product","link":"https:\/\/roveyayinevi.com.tr\/index.php\/urun\/alparslan-2\/","title":{"rendered":"Alparslan"},"content":{"rendered":"<p>Tarihi romanlar\u0131yla Osmanl\u0131 sultanlar\u0131n\u0131n birbirinden de\u011ferli hayat hikayelerini g\u00fcn\u00fcm\u00fcz okuruna aktaran Okay Tiryakio\u011flu bu defa Sel\u00e7uklu topraklar\u0131na uzanarak atalar\u0131m\u0131z\u0131n atas\u0131 Alparslan\u2019\u0131 konuk ediyor sayfalar\u0131na. Ve ser\u00fcven ba\u015fl\u0131yor! <\/p>\n","protected":false},"excerpt":{"rendered":"<p>Tarihi romanlar\u0131yla Osmanl\u0131 sultanlar\u0131n\u0131n birbirinden de\u011ferli hayat hikayelerini g\u00fcn\u00fcm\u00fcz okuruna aktaran Okay Tiryakio\u011flu bu defa Sel\u00e7uklu topraklar\u0131na uzanarak atalar\u0131m\u0131z\u0131n atas\u0131 Alparslan\u2019\u0131 konuk ediyor sayfalar\u0131na. Ve ser\u00fcven<span class=\"excerpt-hellip\"> [\u2026]<\/span><\/p>\n","protected":false},"featured_media":0,"template":"","meta":{"_monsterinsights_skip_tracking":false,"_monsterinsights_sitenote_active":false,"_monsterinsights_sitenote_note":"","_monsterinsights_sitenote_category":0},"product_brand":[],"product_cat":[12291,12745],"product_tag":[],"class_list":{"0":"post-693473","1":"product","2":"type-product","3":"status-publish","5":"product_cat-edebiyat","6":"product_cat-tarihi-roman","7":"pa_cilt-ciltsiz","8":"pa_tur-kitap","9":"pa_yayinevi-timas-yayinlari","10":"pa_yazar-okay-tiryakioglu","12":"first","13":"instock","14":"sale","15":"shipping-taxable","16":"purchasable","17":"product-type-simple"},"_links":{"self":[{"href":"https:\/\/roveyayinevi.com.tr\/index.php\/wp-json\/wp\/v2\/product\/693473","targetHints":{"allow":["GET"]}}],"collection":[{"href":"https:\/\/roveyayinevi.com.tr\/index.php\/wp-json\/wp\/v2\/product"}],"about":[{"href":"https:\/\/roveyayinevi.com.tr\/index.php\/wp-json\/wp\/v2\/types\/product"}],"wp:attachment":[{"href":"https:\/\/roveyayinevi.com.tr\/index.php\/wp-json\/wp\/v2\/media?parent=693473"}],"wp:term":[{"taxonomy":"product_brand","embeddable":true,"href":"https:\/\/roveyayinevi.com.tr\/index.php\/wp-json\/wp\/v2\/product_brand?post=693473"},{"taxonomy":"product_cat","embeddable":true,"href":"https:\/\/roveyayinevi.com.tr\/index.php\/wp-json\/wp\/v2\/product_cat?post=693473"},{"taxonomy":"product_tag","embeddable":true,"href":"https:\/\/roveyayinevi.com.tr\/index.php\/wp-json\/wp\/v2\/product_tag?post=693473"}],"curies":[{"name":"wp","href":"https:\/\/api.w.org\/{rel}","templated":true}]}}